{"id":9979,"date":"2024-08-10T11:55:50","date_gmt":"2024-08-10T11:55:50","guid":{"rendered":"https:\/\/astroshop.ma\/?post_type=product&#038;p=9979"},"modified":"2024-08-10T11:55:50","modified_gmt":"2024-08-10T11:55:50","slug":"celestron-skymaster-15x70","status":"publish","type":"product","link":"https:\/\/astroshop.ma\/?product=celestron-skymaster-15x70","title":{"rendered":"Celestron SkyMaster 15&#215;70"},"content":{"rendered":"<table border=\"1\" cellspacing=\"0\" cellpadding=\"4\">\n<tbody>\n<tr>\n<th>Sp\u00e9cifications<\/th>\n<th>D\u00e9tails<\/th>\n<\/tr>\n<tr>\n<td>Capacit\u00e9<\/td>\n<td>Grossissement 15<\/td>\n<\/tr>\n<tr>\n<td>Diam\u00e8tre de lentille frontale (mm)<\/td>\n<td>70<\/td>\n<\/tr>\n<tr>\n<td>Focale (mm)<\/td>\n<td>280<\/td>\n<\/tr>\n<tr>\n<td>Pupille de sortie (mm)<\/td>\n<td>4,7<\/td>\n<\/tr>\n<tr>\n<td>Type de construction<\/td>\n<td>Prismes de porro<\/td>\n<\/tr>\n<tr>\n<td>Mat\u00e9riau verre<\/td>\n<td>BaK-4<\/td>\n<\/tr>\n<tr>\n<td>Traitement lentille<\/td>\n<td>multiple<\/td>\n<\/tr>\n<tr>\n<td>D\u00e9gagement oculaire (mm)<\/td>\n<td>18,0<\/td>\n<\/tr>\n<tr>\n<td>Distance des pupilles (mm)<\/td>\n<td>56-72<\/td>\n<\/tr>\n<tr>\n<td>Syst\u00e8me de mise au point<\/td>\n<td>Mise au point centrale<\/td>\n<\/tr>\n<tr>\n<td>Bonnettes<\/td>\n<td>repliable<\/td>\n<\/tr>\n<tr>\n<td>Correction dioptrique (dpt)<\/td>\n<td>-4 &#8211; +8<\/td>\n<\/tr>\n<tr>\n<th>Particularit\u00e9s<\/th>\n<th><\/th>\n<\/tr>\n<tr>\n<td>Fonction zoom<\/td>\n<td>non<\/td>\n<\/tr>\n<tr>\n<td>Stabilisateur d&#8217;image<\/td>\n<td>non<\/td>\n<\/tr>\n<tr>\n<td>Boussole<\/td>\n<td>non<\/td>\n<\/tr>\n<tr>\n<td>T\u00e9l\u00e9m\u00e8tre<\/td>\n<td>non<\/td>\n<\/tr>\n<tr>\n<td>Oculaires pour des porteurs de lunettes<\/td>\n<td>oui<\/td>\n<\/tr>\n<tr>\n<td>Etanche aux projections d&#8217;eau<\/td>\n<td>oui<\/td>\n<\/tr>\n<tr>\n<td>Sac de protection<\/td>\n<td>oui<\/td>\n<\/tr>\n<tr>\n<td>Raccord filet\u00e9 tr\u00e9pied<\/td>\n<td>Adaptateur de tr\u00e9pied inclus<\/td>\n<\/tr>\n<tr>\n<td>\u00c9tanche<\/td>\n<td>non<\/td>\n<\/tr>\n<tr>\n<td>Bouchon d&#8217;objectif<\/td>\n<td>oui<\/td>\n<\/tr>\n<tr>\n<td>Protection d&#8217;oculaire<\/td>\n<td>oui<\/td>\n<\/tr>\n<tr>\n<td>Rempli \u00e0 l&#8217;azote<\/td>\n<td>non<\/td>\n<\/tr>\n<tr>\n<td>Verre ED<\/td>\n<td>non<\/td>\n<\/tr>\n<tr>\n<td>Attache sangle<\/td>\n<td>Boucle de connexion large<\/td>\n<\/tr>\n<tr>\n<th>Champ de vision<\/th>\n<th><\/th>\n<\/tr>\n<tr>\n<td>Champ de vision r\u00e9el (\u00b0)<\/td>\n<td>4,4<\/td>\n<\/tr>\n<tr>\n<td>Champ visuel en 1000m (m)<\/td>\n<td>77<\/td>\n<\/tr>\n<tr>\n<td>Limite de mise au point sur les objets rapproch\u00e9s (m)<\/td>\n<td>13<\/td>\n<\/tr>\n<tr>\n<td>Luminosit\u00e9<\/td>\n<td>22,1<\/td>\n<\/tr>\n<tr>\n<td>Facteur cr\u00e9pusculaire<\/td>\n<td>32,4<\/td>\n<\/tr>\n<tr>\n<th>Donn\u00e9es g\u00e9n\u00e9rales<\/th>\n<th><\/th>\n<\/tr>\n<tr>\n<td>S\u00e9rie<\/td>\n<td>SkyMaster<\/td>\n<\/tr>\n<tr>\n<td>Longueur (mm)<\/td>\n<td>280<\/td>\n<\/tr>\n<tr>\n<td>Largeur (mm)<\/td>\n<td>220<\/td>\n<\/tr>\n<tr>\n<td>Hauteur (mm)<\/td>\n<td>110<\/td>\n<\/tr>\n<tr>\n<td>Poids (g)<\/td>\n<td>1361<\/td>\n<\/tr>\n<tr>\n<td>Mat\u00e9riel de la surface<\/td>\n<td>Gainage en caoutchouc<\/td>\n<\/tr>\n<tr>\n<td>Couleur<\/td>\n<td>noir<\/td>\n<\/tr>\n<\/tbody>\n<\/table>\n","protected":false},"excerpt":{"rendered":"<p><img loading=\"lazy\" decoding=\"async\" class=\"alignnone size-full wp-image-9964\" src=\"https:\/\/astroshop.ma\/wp-content\/uploads\/2024\/08\/Celestron.jpg\" alt=\"\" width=\"300\" height=\"150\" srcset=\"https:\/\/astroshop.ma\/wp-content\/uploads\/2024\/08\/Celestron.jpg 300w, https:\/\/astroshop.ma\/wp-content\/uploads\/2024\/08\/Celestron-64x32.jpg 64w\" sizes=\"auto, (max-width: 300px) 100vw, 300px\" \/><\/p>\n<div class=\"display-flex fd-column\">\n<div id=\"description\" class=\"cnt-text-box\">\n<h2 class=\"hdl-01\">Description du produit<\/h2>\n<div class=\"text-justify\">\n<p>&nbsp;<\/p>\n<div>\n<p><b>Et maintenant, tous les regards se tournent vers le ciel!<\/b><br \/>\nAvec leur tr\u00e8s grande ouverture, les jumelles Celestron de la s\u00e9rie SkyMaster conviennent pour l\u2019observation \u00e0 grande distance, aussi bien astronomique que terrestre. Des jumelles id\u00e9ales de haute performance et un rapport qualit\u00e9\/prix sensationnel.<br \/>\nTous les mod\u00e8les SkyMaster disposent de prismes haute qualit\u00e9 BaK-4 trait\u00e9s multicouches pour un meilleur contraste. Les jumelles SkyMaster sont con\u00e7ues pour vous offrir, pendant de longues ann\u00e9es, une vue magnifique sur la vo\u00fbte c\u00e9leste et sur le monde qui nous entoure.<\/p>\n<p><b>Caract\u00e9ristiques de la s\u00e9rie SkyMaster Porro :<\/b><\/p>\n<ul>\n<li>Syst\u00e8me optique trait\u00e9 MC<\/li>\n<li>Prismes haute qualit\u00e9 BaK-4<\/li>\n<li>Objectif de grande ouverture; id\u00e9al en situation de luminosit\u00e9 r\u00e9duite et pour l&#8217;astronomie<\/li>\n<li>Grand tirage d\u2019anneau, id\u00e9al pour les porteurs de lunettes<\/li>\n<li>R\u00e9glage de dioptries pour compenser les diff\u00e9rences d&#8217;acuit\u00e9 visuelle<\/li>\n<li>Garantie \u00e0 vie sur d\u00e9fauts de fabrication<\/li>\n<\/ul>\n<p>&nbsp;<\/p>\n<p class=\"video-container\"><a name=\"video\"><\/a><iframe src=\"https:\/\/www.youtube-nocookie.com\/embed\/F79SPH04Aco?rel=0\" frameborder=\"0\" allowfullscreen=\"allowfullscreen\" data-mce-fragment=\"1\"><\/iframe><\/p>\n<p>&nbsp;<\/p>\n<\/div>\n<p>&nbsp;<\/p>\n<\/div>\n<\/div>\n<div class=\"gtc-container gtc-container-hidden\" data-action=\"gtc-container\">\n<div id=\"specifications\" class=\"page-container\">\n<div class=\"auto-col-container clearfix\">\n<div class=\"single-col\"><\/div>\n<\/div>\n<\/div>\n<\/div>\n<div class=\"gtc-container gtc-container-hidden\" data-action=\"gtc-container\">\n<div class=\"gtc-gradient gtc-gradient-hidden\" data-action=\"gtc-btn\">\n<div class=\"gtc-text classic-link\">\n<div data-action=\"gtc-text\" data-gtcid=\"accessories\"><\/div>\n<\/div>\n<\/div>\n<\/div>\n<\/div>\n<div class=\"display-flex fd-column hide-below-bp2\">\n<div class=\"cnt-text-box\">\n<div class=\"pad-16v\">\n<div class=\"cursor-zoomin\" data-type=\"btn-js\" data-action=\"opengallery-5\"><img decoding=\"async\" src=\"https:\/\/www.astroshop.de\/Produktbilder\/big\/7828_6.jpg\" alt=\"Jumelles Celestron SkyMaster 15x70\" \/><\/div>\n<div class=\"bgcl-01 pad-6\">Sac de transport<\/div>\n<\/div>\n<div class=\"pad-16v\">\n<div class=\"cursor-zoomin\" data-type=\"btn-js\" data-action=\"opengallery-6\"><img decoding=\"async\" src=\"https:\/\/www.astroshop.de\/Produktbilder\/big\/7828_7.jpg\" alt=\"Jumelles Celestron SkyMaster 15x70\" \/><\/div>\n<div class=\"bgcl-01 pad-6\">\n<p>Contenu de la livraison<\/p>\n<p>&nbsp;<\/p>\n<\/div>\n<\/div>\n<div class=\"pad-16v\">\n<div class=\"cursor-zoomin\" data-type=\"btn-js\" data-action=\"opengallery-7\"><img decoding=\"async\" src=\"https:\/\/www.astroshop.de\/Produktbilder\/big\/7828_8.jpg\" alt=\"Jumelles Celestron SkyMaster 15x70\" \/><\/div>\n<div class=\"bgcl-01 pad-6\">Adaptateur de tr\u00e9pied inclus<\/div>\n<\/div>\n<div class=\"pad-16v\">\n<div class=\"cursor-zoomin\" data-type=\"btn-js\" data-action=\"opengallery-8\"><img decoding=\"async\" src=\"https:\/\/www.astroshop.de\/Produktbilder\/big\/7828_9.jpg\" alt=\"Jumelles Celestron SkyMaster 15x70\" \/><\/div>\n<\/div>\n<\/div>\n<\/div>\n","protected":false},"featured_media":9980,"template":"","meta":{"_editorskit_title_hidden":false,"_editorskit_reading_time":0,"_editorskit_is_block_options_detached":false,"_editorskit_block_options_position":"{}","_coblocks_attr":"","_coblocks_dimensions":"","_coblocks_responsive_height":"","_coblocks_accordion_ie_support":"","_crdt_document":"","_monsterinsights_skip_tracking":false,"_monsterinsights_sitenote_active":false,"_monsterinsights_sitenote_note":"","_monsterinsights_sitenote_category":0},"product_brand":[],"product_cat":[24],"product_tag":[],"class_list":{"0":"post-9979","1":"product","2":"type-product","3":"status-publish","4":"has-post-thumbnail","6":"product_cat-binoculars","8":"first","9":"instock","10":"shipping-taxable","11":"purchasable","12":"product-type-simple"},"yoast_head":"<!-- This site is optimized with the Yoast SEO plugin v27.4 - https:\/\/yoast.com\/product\/yoast-seo-wordpress\/ -->\n<title>Celestron SkyMaster 15x70 - Astroshop Maroc<\/title>\n<meta name=\"robots\" content=\"index, follow, max-snippet:-1, max-image-preview:large, max-video-preview:-1\" \/>\n<link rel=\"canonical\" href=\"https:\/\/astroshop.ma\/?product=celestron-skymaster-15x70\" \/>\n<meta property=\"og:locale\" content=\"en_US\" \/>\n<meta property=\"og:type\" content=\"article\" \/>\n<meta property=\"og:title\" content=\"Celestron SkyMaster 15x70 - Astroshop Maroc\" \/>\n<meta property=\"og:description\" content=\"Description du produit   &nbsp;   Et maintenant, tous les regards se tournent vers le ciel! Avec leur tr\u00e8s grande ouverture, les jumelles Celestron de la s\u00e9rie SkyMaster conviennent pour l\u2019observation \u00e0 grande distance, aussi bien astronomique que terrestre. Des jumelles id\u00e9ales de haute performance et un rapport qualit\u00e9\/prix sensationnel. Tous les mod\u00e8les SkyMaster disposent de prismes haute qualit\u00e9 BaK-4 trait\u00e9s multicouches pour un meilleur contraste. Les jumelles SkyMaster sont con\u00e7ues pour vous offrir, pendant de longues ann\u00e9es, une vue magnifique sur la vo\u00fbte c\u00e9leste et sur le monde qui nous entoure.  Caract\u00e9ristiques de la s\u00e9rie SkyMaster Porro :   Syst\u00e8me optique trait\u00e9 MC  Prismes haute qualit\u00e9 BaK-4  Objectif de grande ouverture; id\u00e9al en situation de luminosit\u00e9 r\u00e9duite et pour l&#039;astronomie  Grand tirage d\u2019anneau, id\u00e9al pour les porteurs de lunettes  R\u00e9glage de dioptries pour compenser les diff\u00e9rences d&#039;acuit\u00e9 visuelle  Garantie \u00e0 vie sur d\u00e9fauts de fabrication  &nbsp;  &nbsp;   &nbsp;                       Sac de transport      Contenu de la livraison  &nbsp;      Adaptateur de tr\u00e9pied inclus\" \/>\n<meta property=\"og:url\" content=\"https:\/\/astroshop.ma\/?product=celestron-skymaster-15x70\" \/>\n<meta property=\"og:site_name\" content=\"Astroshop Maroc\" \/>\n<meta property=\"og:image\" content=\"https:\/\/astroshop.ma\/wp-content\/uploads\/2024\/08\/Jumelles-Celestron-SkyMaster-15x70-1.jpg\" \/>\n\t<meta property=\"og:image:width\" content=\"800\" \/>\n\t<meta property=\"og:image:height\" content=\"800\" \/>\n\t<meta property=\"og:image:type\" content=\"image\/jpeg\" \/>\n<meta name=\"twitter:card\" content=\"summary_large_image\" \/>\n<meta name=\"twitter:label1\" content=\"Est. reading time\" \/>\n\t<meta name=\"twitter:data1\" content=\"1 minute\" \/>\n<script type=\"application\/ld+json\" class=\"yoast-schema-graph\">{\"@context\":\"https:\\\/\\\/schema.org\",\"@graph\":[{\"@type\":\"WebPage\",\"@id\":\"https:\\\/\\\/astroshop.ma\\\/?product=celestron-skymaster-15x70\",\"url\":\"https:\\\/\\\/astroshop.ma\\\/?product=celestron-skymaster-15x70\",\"name\":\"Celestron SkyMaster 15x70 - Astroshop Maroc\",\"isPartOf\":{\"@id\":\"https:\\\/\\\/astroshop.ma\\\/#website\"},\"primaryImageOfPage\":{\"@id\":\"https:\\\/\\\/astroshop.ma\\\/?product=celestron-skymaster-15x70#primaryimage\"},\"image\":{\"@id\":\"https:\\\/\\\/astroshop.ma\\\/?product=celestron-skymaster-15x70#primaryimage\"},\"thumbnailUrl\":\"https:\\\/\\\/astroshop.ma\\\/wp-content\\\/uploads\\\/2024\\\/08\\\/Jumelles-Celestron-SkyMaster-15x70-1.jpg\",\"datePublished\":\"2024-08-10T11:55:50+00:00\",\"breadcrumb\":{\"@id\":\"https:\\\/\\\/astroshop.ma\\\/?product=celestron-skymaster-15x70#breadcrumb\"},\"inLanguage\":\"en-US\",\"potentialAction\":[{\"@type\":\"ReadAction\",\"target\":[\"https:\\\/\\\/astroshop.ma\\\/?product=celestron-skymaster-15x70\"]}]},{\"@type\":\"ImageObject\",\"inLanguage\":\"en-US\",\"@id\":\"https:\\\/\\\/astroshop.ma\\\/?product=celestron-skymaster-15x70#primaryimage\",\"url\":\"https:\\\/\\\/astroshop.ma\\\/wp-content\\\/uploads\\\/2024\\\/08\\\/Jumelles-Celestron-SkyMaster-15x70-1.jpg\",\"contentUrl\":\"https:\\\/\\\/astroshop.ma\\\/wp-content\\\/uploads\\\/2024\\\/08\\\/Jumelles-Celestron-SkyMaster-15x70-1.jpg\",\"width\":800,\"height\":800},{\"@type\":\"BreadcrumbList\",\"@id\":\"https:\\\/\\\/astroshop.ma\\\/?product=celestron-skymaster-15x70#breadcrumb\",\"itemListElement\":[{\"@type\":\"ListItem\",\"position\":1,\"name\":\"Home\",\"item\":\"https:\\\/\\\/astroshop.ma\\\/\"},{\"@type\":\"ListItem\",\"position\":2,\"name\":\"Shop\",\"item\":\"https:\\\/\\\/astroshop.ma\\\/?page_id=394\"},{\"@type\":\"ListItem\",\"position\":3,\"name\":\"Celestron SkyMaster 15&#215;70\"}]},{\"@type\":\"WebSite\",\"@id\":\"https:\\\/\\\/astroshop.ma\\\/#website\",\"url\":\"https:\\\/\\\/astroshop.ma\\\/\",\"name\":\"Astroshop Maroc\",\"description\":\"Des instruments astronomiques pour chaque astronome au Maroc\",\"publisher\":{\"@id\":\"https:\\\/\\\/astroshop.ma\\\/#organization\"},\"potentialAction\":[{\"@type\":\"SearchAction\",\"target\":{\"@type\":\"EntryPoint\",\"urlTemplate\":\"https:\\\/\\\/astroshop.ma\\\/?s={search_term_string}\"},\"query-input\":{\"@type\":\"PropertyValueSpecification\",\"valueRequired\":true,\"valueName\":\"search_term_string\"}}],\"inLanguage\":\"en-US\"},{\"@type\":\"Organization\",\"@id\":\"https:\\\/\\\/astroshop.ma\\\/#organization\",\"name\":\"Astroshop Maroc\",\"url\":\"https:\\\/\\\/astroshop.ma\\\/\",\"logo\":{\"@type\":\"ImageObject\",\"inLanguage\":\"en-US\",\"@id\":\"https:\\\/\\\/astroshop.ma\\\/#\\\/schema\\\/logo\\\/image\\\/\",\"url\":\"https:\\\/\\\/astroshop.ma\\\/wp-content\\\/uploads\\\/2025\\\/12\\\/M20_Logo_1.jpg\",\"contentUrl\":\"https:\\\/\\\/astroshop.ma\\\/wp-content\\\/uploads\\\/2025\\\/12\\\/M20_Logo_1.jpg\",\"width\":501,\"height\":334,\"caption\":\"Astroshop Maroc\"},\"image\":{\"@id\":\"https:\\\/\\\/astroshop.ma\\\/#\\\/schema\\\/logo\\\/image\\\/\"}}]}<\/script>\n<!-- \/ Yoast SEO plugin. -->","yoast_head_json":{"title":"Celestron SkyMaster 15x70 - Astroshop Maroc","robots":{"index":"index","follow":"follow","max-snippet":"max-snippet:-1","max-image-preview":"max-image-preview:large","max-video-preview":"max-video-preview:-1"},"canonical":"https:\/\/astroshop.ma\/?product=celestron-skymaster-15x70","og_locale":"en_US","og_type":"article","og_title":"Celestron SkyMaster 15x70 - Astroshop Maroc","og_description":"Description du produit   &nbsp;   Et maintenant, tous les regards se tournent vers le ciel! Avec leur tr\u00e8s grande ouverture, les jumelles Celestron de la s\u00e9rie SkyMaster conviennent pour l\u2019observation \u00e0 grande distance, aussi bien astronomique que terrestre. Des jumelles id\u00e9ales de haute performance et un rapport qualit\u00e9\/prix sensationnel. Tous les mod\u00e8les SkyMaster disposent de prismes haute qualit\u00e9 BaK-4 trait\u00e9s multicouches pour un meilleur contraste. Les jumelles SkyMaster sont con\u00e7ues pour vous offrir, pendant de longues ann\u00e9es, une vue magnifique sur la vo\u00fbte c\u00e9leste et sur le monde qui nous entoure.  Caract\u00e9ristiques de la s\u00e9rie SkyMaster Porro :   Syst\u00e8me optique trait\u00e9 MC  Prismes haute qualit\u00e9 BaK-4  Objectif de grande ouverture; id\u00e9al en situation de luminosit\u00e9 r\u00e9duite et pour l'astronomie  Grand tirage d\u2019anneau, id\u00e9al pour les porteurs de lunettes  R\u00e9glage de dioptries pour compenser les diff\u00e9rences d'acuit\u00e9 visuelle  Garantie \u00e0 vie sur d\u00e9fauts de fabrication  &nbsp;  &nbsp;   &nbsp;                       Sac de transport      Contenu de la livraison  &nbsp;      Adaptateur de tr\u00e9pied inclus","og_url":"https:\/\/astroshop.ma\/?product=celestron-skymaster-15x70","og_site_name":"Astroshop Maroc","og_image":[{"width":800,"height":800,"url":"https:\/\/astroshop.ma\/wp-content\/uploads\/2024\/08\/Jumelles-Celestron-SkyMaster-15x70-1.jpg","type":"image\/jpeg"}],"twitter_card":"summary_large_image","twitter_misc":{"Est. reading time":"1 minute"},"schema":{"@context":"https:\/\/schema.org","@graph":[{"@type":"WebPage","@id":"https:\/\/astroshop.ma\/?product=celestron-skymaster-15x70","url":"https:\/\/astroshop.ma\/?product=celestron-skymaster-15x70","name":"Celestron SkyMaster 15x70 - Astroshop Maroc","isPartOf":{"@id":"https:\/\/astroshop.ma\/#website"},"primaryImageOfPage":{"@id":"https:\/\/astroshop.ma\/?product=celestron-skymaster-15x70#primaryimage"},"image":{"@id":"https:\/\/astroshop.ma\/?product=celestron-skymaster-15x70#primaryimage"},"thumbnailUrl":"https:\/\/astroshop.ma\/wp-content\/uploads\/2024\/08\/Jumelles-Celestron-SkyMaster-15x70-1.jpg","datePublished":"2024-08-10T11:55:50+00:00","breadcrumb":{"@id":"https:\/\/astroshop.ma\/?product=celestron-skymaster-15x70#breadcrumb"},"inLanguage":"en-US","potentialAction":[{"@type":"ReadAction","target":["https:\/\/astroshop.ma\/?product=celestron-skymaster-15x70"]}]},{"@type":"ImageObject","inLanguage":"en-US","@id":"https:\/\/astroshop.ma\/?product=celestron-skymaster-15x70#primaryimage","url":"https:\/\/astroshop.ma\/wp-content\/uploads\/2024\/08\/Jumelles-Celestron-SkyMaster-15x70-1.jpg","contentUrl":"https:\/\/astroshop.ma\/wp-content\/uploads\/2024\/08\/Jumelles-Celestron-SkyMaster-15x70-1.jpg","width":800,"height":800},{"@type":"BreadcrumbList","@id":"https:\/\/astroshop.ma\/?product=celestron-skymaster-15x70#breadcrumb","itemListElement":[{"@type":"ListItem","position":1,"name":"Home","item":"https:\/\/astroshop.ma\/"},{"@type":"ListItem","position":2,"name":"Shop","item":"https:\/\/astroshop.ma\/?page_id=394"},{"@type":"ListItem","position":3,"name":"Celestron SkyMaster 15&#215;70"}]},{"@type":"WebSite","@id":"https:\/\/astroshop.ma\/#website","url":"https:\/\/astroshop.ma\/","name":"Astroshop Maroc","description":"Des instruments astronomiques pour chaque astronome au Maroc","publisher":{"@id":"https:\/\/astroshop.ma\/#organization"},"potentialAction":[{"@type":"SearchAction","target":{"@type":"EntryPoint","urlTemplate":"https:\/\/astroshop.ma\/?s={search_term_string}"},"query-input":{"@type":"PropertyValueSpecification","valueRequired":true,"valueName":"search_term_string"}}],"inLanguage":"en-US"},{"@type":"Organization","@id":"https:\/\/astroshop.ma\/#organization","name":"Astroshop Maroc","url":"https:\/\/astroshop.ma\/","logo":{"@type":"ImageObject","inLanguage":"en-US","@id":"https:\/\/astroshop.ma\/#\/schema\/logo\/image\/","url":"https:\/\/astroshop.ma\/wp-content\/uploads\/2025\/12\/M20_Logo_1.jpg","contentUrl":"https:\/\/astroshop.ma\/wp-content\/uploads\/2025\/12\/M20_Logo_1.jpg","width":501,"height":334,"caption":"Astroshop Maroc"},"image":{"@id":"https:\/\/astroshop.ma\/#\/schema\/logo\/image\/"}}]}},"_links":{"self":[{"href":"https:\/\/astroshop.ma\/index.php?rest_route=\/wp\/v2\/product\/9979","targetHints":{"allow":["GET"]}}],"collection":[{"href":"https:\/\/astroshop.ma\/index.php?rest_route=\/wp\/v2\/product"}],"about":[{"href":"https:\/\/astroshop.ma\/index.php?rest_route=\/wp\/v2\/types\/product"}],"wp:featuredmedia":[{"embeddable":true,"href":"https:\/\/astroshop.ma\/index.php?rest_route=\/wp\/v2\/media\/9980"}],"wp:attachment":[{"href":"https:\/\/astroshop.ma\/index.php?rest_route=%2Fwp%2Fv2%2Fmedia&parent=9979"}],"wp:term":[{"taxonomy":"product_brand","embeddable":true,"href":"https:\/\/astroshop.ma\/index.php?rest_route=%2Fwp%2Fv2%2Fproduct_brand&post=9979"},{"taxonomy":"product_cat","embeddable":true,"href":"https:\/\/astroshop.ma\/index.php?rest_route=%2Fwp%2Fv2%2Fproduct_cat&post=9979"},{"taxonomy":"product_tag","embeddable":true,"href":"https:\/\/astroshop.ma\/index.php?rest_route=%2Fwp%2Fv2%2Fproduct_tag&post=9979"}],"curies":[{"name":"wp","href":"https:\/\/api.w.org\/{rel}","templated":true}]}}