{"id":9920,"date":"2024-07-18T17:25:00","date_gmt":"2024-07-18T17:25:00","guid":{"rendered":"https:\/\/astroshop.ma\/?post_type=product&#038;p=9920"},"modified":"2025-12-17T16:29:08","modified_gmt":"2025-12-17T16:29:08","slug":"sky-watcher-lunette-70-700-sur-monture-azimutale-az2","status":"publish","type":"product","link":"https:\/\/astroshop.ma\/?product=sky-watcher-lunette-70-700-sur-monture-azimutale-az2","title":{"rendered":"Sky-Watcher Lunette 70\/700 sur monture azimutale AZ2"},"content":{"rendered":"<table>\n<thead>\n<tr>\n<th>Caract\u00e9ristiques<\/th>\n<th>Lunette Sky-Watcher 70\/700 sur monture AZ2<\/th>\n<\/tr>\n<\/thead>\n<tbody>\n<tr>\n<th>Diam\u00e8tre<\/th>\n<td>70mm<\/td>\n<\/tr>\n<tr>\n<th>Longueur focale<\/th>\n<td>700mm<\/td>\n<\/tr>\n<tr>\n<th>Rapport de focale F\/D<\/th>\n<td>10<\/td>\n<\/tr>\n<tr>\n<th>Tube optique<\/th>\n<td>M\u00e9tal &#8211; Objectif \u00e0 2 \u00e9l\u00e9ments type &#8220;air spaced&#8221;<\/td>\n<\/tr>\n<tr>\n<th>Pouvoir de r\u00e9solution<\/th>\n<td>1.7&#8243;<\/td>\n<\/tr>\n<tr>\n<th>Magnitude limite<\/th>\n<td>11.9<\/td>\n<\/tr>\n<tr>\n<th>Clart\u00e9<\/th>\n<td>136x<\/td>\n<\/tr>\n<tr>\n<th>Porte Oculaire<\/th>\n<td>Cr\u00e9mailli\u00e8re coulant 31,75mm<\/td>\n<\/tr>\n<tr>\n<th>Dimensions du tube (Diam\u00e8tre x Longueur)<\/th>\n<td>70x665mm<\/td>\n<\/tr>\n<tr>\n<th>Poids du tube optique<\/th>\n<td>1,45kg<\/td>\n<\/tr>\n<tr>\n<th>Monture<\/th>\n<td>Monture azimutale AZ2<\/td>\n<\/tr>\n<tr>\n<th>Tr\u00e9pied<\/th>\n<td>Tr\u00e9pied en aluminium r\u00e9glable en hauteur (71cm \u00e0 123cm)<\/td>\n<\/tr>\n<\/tbody>\n<\/table>\n","protected":false},"excerpt":{"rendered":"<h2>Tout savoir sur la lunette 70\/700 Sky-Watcher sur monture azimutale AZ2<\/h2>\n<p>Lunette achromatique de 70mm, ce mod\u00e8le est un grand classique pour l&#8217;initiation \u00e0 l&#8217;observation du ciel.<strong>\u00a0Disponible \u00e0 un prix tr\u00e8s attractif elle permet \u00e0 chacun de se lancer tout en b\u00e9n\u00e9ficiant d&#8217;un instrument de qualit\u00e9\u00a0<\/strong>(contrairement aux instruments vendus dans les magasins non-sp\u00e9cialis\u00e9s). L&#8217;objectif achromatique \u00e0 deux \u00e9l\u00e9ments \u00e0 air est trait\u00e9 multi-couches et fournit des images de qualit\u00e9 \u00e0 faibles et moyens grossissements des plan\u00e8tes. Le barillet est collimat\u00e9 en usine et ne n\u00e9cessite aucune maintenance au contraire des t\u00e9lescopes.<\/p>\n<p><strong>Avec 36% de lumi\u00e8re suppl\u00e9mentaire par rapport \u00e0 une lunette de 60mm, elle offre plus de possibilit\u00e9s.<\/strong><\/p>\n<p>Sa longueur focale de 700mm (rapport \u00e0 f\/10) est importante pour permettre de voir de fins d\u00e9tails sur la Lune (nombreux crat\u00e8res) et les surfaces plan\u00e9taires (Jupiter et Saturne). Le chercheur droit permet de localiser la cible avant le d\u00e9placement de la monture. C&#8217;est un mod\u00e8le AZ2 simple \u00e0 utiliser (mode altazimutale avec d\u00e9placements haut-bas \/ gauche-droite). Le positionnement de l&#8217;objet se fait par d\u00e9serrage de 2 vis. Le tr\u00e9pied comporte un plateau porte-accessoires (pour poser bouchons, oculaires ou filtres).<\/p>\n<figure><img decoding=\"async\" title=\"Lunette Sky-Watcher 70\/700 sur monture AZ2\" src=\"https:\/\/www.telescopes-et-accessoires.fr\/Files\/131989\/Img\/16\/SW0068-01.jpg\" alt=\"Lunette_Sky-Watcher_70mm_monture_AZ2.jpg\" \/><figcaption>Lunette Sky-Watcher 70\/700 sur monture AZ2<\/figcaption><\/figure>\n<p>&nbsp;<\/p>\n<p>&nbsp;<\/p>\n<p>&nbsp;<\/p>\n<p>&nbsp;<\/p>\n<h3><strong>El\u00e9ments Livr\u00e9s<\/strong><\/h3>\n<ul>\n<li>1 Lunette Sky-Watcher 70\/700<\/li>\n<li>1 Monture azimutale AZ2<\/li>\n<li>1 Tr\u00e9pied en aluminium r\u00e9glable en hauteur (71cm \u00e0 123cm)<\/li>\n<li>1 tablette porte-accessoires<\/li>\n<li>2 oculaires coulant 31,75mm : Super 10mm et Super 25mm<\/li>\n<li>1 lentille de Barlow 2x<\/li>\n<li>1 renvoi coud\u00e9 31,75mm<\/li>\n<li>1 chercheur 6&#215;24<\/li>\n<li>Manuel d&#8217;utilisation en fran\u00e7ais<\/li>\n<\/ul>\n","protected":false},"featured_media":9921,"template":"","meta":{"_editorskit_title_hidden":false,"_editorskit_reading_time":0,"_editorskit_is_block_options_detached":false,"_editorskit_block_options_position":"{}","_coblocks_attr":"","_coblocks_dimensions":"","_coblocks_responsive_height":"","_coblocks_accordion_ie_support":"","_crdt_document":"","_monsterinsights_skip_tracking":false,"_monsterinsights_sitenote_active":false,"_monsterinsights_sitenote_note":"","_monsterinsights_sitenote_category":0},"product_brand":[],"product_cat":[148,22,192],"product_tag":[],"class_list":{"0":"post-9920","1":"product","2":"type-product","3":"status-publish","4":"has-post-thumbnail","6":"product_cat-sky-watcher","7":"product_cat-telescopes","8":"product_cat-telescopes-complets","10":"first","11":"instock","12":"shipping-taxable","13":"purchasable","14":"product-type-simple"},"yoast_head":"<!-- This site is optimized with the Yoast SEO plugin v27.4 - https:\/\/yoast.com\/product\/yoast-seo-wordpress\/ -->\n<title>Sky-Watcher Lunette 70\/700 sur monture azimutale AZ2 - Astroshop Maroc<\/title>\n<meta name=\"robots\" content=\"index, follow, max-snippet:-1, max-image-preview:large, max-video-preview:-1\" \/>\n<link rel=\"canonical\" href=\"https:\/\/astroshop.ma\/?product=sky-watcher-lunette-70-700-sur-monture-azimutale-az2\" \/>\n<meta property=\"og:locale\" content=\"en_US\" \/>\n<meta property=\"og:type\" content=\"article\" \/>\n<meta property=\"og:title\" content=\"Sky-Watcher Lunette 70\/700 sur monture azimutale AZ2 - Astroshop Maroc\" \/>\n<meta property=\"og:description\" content=\"Tout savoir sur la lunette 70\/700 Sky-Watcher sur monture azimutale AZ2 Lunette achromatique de 70mm, ce mod\u00e8le est un grand classique pour l&#039;initiation \u00e0 l&#039;observation du ciel.\u00a0Disponible \u00e0 un prix tr\u00e8s attractif elle permet \u00e0 chacun de se lancer tout en b\u00e9n\u00e9ficiant d&#039;un instrument de qualit\u00e9\u00a0(contrairement aux instruments vendus dans les magasins non-sp\u00e9cialis\u00e9s). L&#039;objectif achromatique \u00e0 deux \u00e9l\u00e9ments \u00e0 air est trait\u00e9 multi-couches et fournit des images de qualit\u00e9 \u00e0 faibles et moyens grossissements des plan\u00e8tes. Le barillet est collimat\u00e9 en usine et ne n\u00e9cessite aucune maintenance au contraire des t\u00e9lescopes.  Avec 36% de lumi\u00e8re suppl\u00e9mentaire par rapport \u00e0 une lunette de 60mm, elle offre plus de possibilit\u00e9s.  Sa longueur focale de 700mm (rapport \u00e0 f\/10) est importante pour permettre de voir de fins d\u00e9tails sur la Lune (nombreux crat\u00e8res) et les surfaces plan\u00e9taires (Jupiter et Saturne). Le chercheur droit permet de localiser la cible avant le d\u00e9placement de la monture. C&#039;est un mod\u00e8le AZ2 simple \u00e0 utiliser (mode altazimutale avec d\u00e9placements haut-bas \/ gauche-droite). Le positionnement de l&#039;objet se fait par d\u00e9serrage de 2 vis. Le tr\u00e9pied comporte un plateau porte-accessoires (pour poser bouchons, oculaires ou filtres). Lunette Sky-Watcher 70\/700 sur monture AZ2 &nbsp;  &nbsp;  &nbsp;  &nbsp; El\u00e9ments Livr\u00e9s   1 Lunette Sky-Watcher 70\/700  1 Monture azimutale AZ2  1 Tr\u00e9pied en aluminium r\u00e9glable en hauteur (71cm \u00e0 123cm)  1 tablette porte-accessoires  2 oculaires coulant 31,75mm : Super 10mm et Super 25mm  1 lentille de Barlow 2x  1 renvoi coud\u00e9 31,75mm  1 chercheur 6x24  Manuel d&#039;utilisation en fran\u00e7ais\" \/>\n<meta property=\"og:url\" content=\"https:\/\/astroshop.ma\/?product=sky-watcher-lunette-70-700-sur-monture-azimutale-az2\" \/>\n<meta property=\"og:site_name\" content=\"Astroshop Maroc\" \/>\n<meta property=\"article:modified_time\" content=\"2025-12-17T16:29:08+00:00\" \/>\n<meta property=\"og:image\" content=\"https:\/\/astroshop.ma\/wp-content\/uploads\/2024\/07\/SW0068-1x1200-1.jpg\" \/>\n\t<meta property=\"og:image:width\" content=\"1200\" \/>\n\t<meta property=\"og:image:height\" content=\"1200\" \/>\n\t<meta property=\"og:image:type\" content=\"image\/jpeg\" \/>\n<meta name=\"twitter:card\" content=\"summary_large_image\" \/>\n<script type=\"application\/ld+json\" class=\"yoast-schema-graph\">{\"@context\":\"https:\\\/\\\/schema.org\",\"@graph\":[{\"@type\":\"WebPage\",\"@id\":\"https:\\\/\\\/astroshop.ma\\\/?product=sky-watcher-lunette-70-700-sur-monture-azimutale-az2\",\"url\":\"https:\\\/\\\/astroshop.ma\\\/?product=sky-watcher-lunette-70-700-sur-monture-azimutale-az2\",\"name\":\"Sky-Watcher Lunette 70\\\/700 sur monture azimutale AZ2 - Astroshop Maroc\",\"isPartOf\":{\"@id\":\"https:\\\/\\\/astroshop.ma\\\/#website\"},\"primaryImageOfPage\":{\"@id\":\"https:\\\/\\\/astroshop.ma\\\/?product=sky-watcher-lunette-70-700-sur-monture-azimutale-az2#primaryimage\"},\"image\":{\"@id\":\"https:\\\/\\\/astroshop.ma\\\/?product=sky-watcher-lunette-70-700-sur-monture-azimutale-az2#primaryimage\"},\"thumbnailUrl\":\"https:\\\/\\\/astroshop.ma\\\/wp-content\\\/uploads\\\/2024\\\/07\\\/SW0068-1x1200-1.jpg\",\"datePublished\":\"2024-07-18T17:25:00+00:00\",\"dateModified\":\"2025-12-17T16:29:08+00:00\",\"breadcrumb\":{\"@id\":\"https:\\\/\\\/astroshop.ma\\\/?product=sky-watcher-lunette-70-700-sur-monture-azimutale-az2#breadcrumb\"},\"inLanguage\":\"en-US\",\"potentialAction\":[{\"@type\":\"ReadAction\",\"target\":[\"https:\\\/\\\/astroshop.ma\\\/?product=sky-watcher-lunette-70-700-sur-monture-azimutale-az2\"]}]},{\"@type\":\"ImageObject\",\"inLanguage\":\"en-US\",\"@id\":\"https:\\\/\\\/astroshop.ma\\\/?product=sky-watcher-lunette-70-700-sur-monture-azimutale-az2#primaryimage\",\"url\":\"https:\\\/\\\/astroshop.ma\\\/wp-content\\\/uploads\\\/2024\\\/07\\\/SW0068-1x1200-1.jpg\",\"contentUrl\":\"https:\\\/\\\/astroshop.ma\\\/wp-content\\\/uploads\\\/2024\\\/07\\\/SW0068-1x1200-1.jpg\",\"width\":1200,\"height\":1200,\"caption\":\"charset=Unicode CREATOR: gd-jpeg v1.0 (using IJG JPEG v80), quality = 90\"},{\"@type\":\"BreadcrumbList\",\"@id\":\"https:\\\/\\\/astroshop.ma\\\/?product=sky-watcher-lunette-70-700-sur-monture-azimutale-az2#breadcrumb\",\"itemListElement\":[{\"@type\":\"ListItem\",\"position\":1,\"name\":\"Home\",\"item\":\"https:\\\/\\\/astroshop.ma\\\/\"},{\"@type\":\"ListItem\",\"position\":2,\"name\":\"Shop\",\"item\":\"https:\\\/\\\/astroshop.ma\\\/?page_id=394\"},{\"@type\":\"ListItem\",\"position\":3,\"name\":\"Sky-Watcher Lunette 70\\\/700 sur monture azimutale AZ2\"}]},{\"@type\":\"WebSite\",\"@id\":\"https:\\\/\\\/astroshop.ma\\\/#website\",\"url\":\"https:\\\/\\\/astroshop.ma\\\/\",\"name\":\"Astroshop Maroc\",\"description\":\"Des instruments astronomiques pour chaque astronome au Maroc\",\"publisher\":{\"@id\":\"https:\\\/\\\/astroshop.ma\\\/#organization\"},\"potentialAction\":[{\"@type\":\"SearchAction\",\"target\":{\"@type\":\"EntryPoint\",\"urlTemplate\":\"https:\\\/\\\/astroshop.ma\\\/?s={search_term_string}\"},\"query-input\":{\"@type\":\"PropertyValueSpecification\",\"valueRequired\":true,\"valueName\":\"search_term_string\"}}],\"inLanguage\":\"en-US\"},{\"@type\":\"Organization\",\"@id\":\"https:\\\/\\\/astroshop.ma\\\/#organization\",\"name\":\"Astroshop Maroc\",\"url\":\"https:\\\/\\\/astroshop.ma\\\/\",\"logo\":{\"@type\":\"ImageObject\",\"inLanguage\":\"en-US\",\"@id\":\"https:\\\/\\\/astroshop.ma\\\/#\\\/schema\\\/logo\\\/image\\\/\",\"url\":\"https:\\\/\\\/astroshop.ma\\\/wp-content\\\/uploads\\\/2025\\\/12\\\/M20_Logo_1.jpg\",\"contentUrl\":\"https:\\\/\\\/astroshop.ma\\\/wp-content\\\/uploads\\\/2025\\\/12\\\/M20_Logo_1.jpg\",\"width\":501,\"height\":334,\"caption\":\"Astroshop Maroc\"},\"image\":{\"@id\":\"https:\\\/\\\/astroshop.ma\\\/#\\\/schema\\\/logo\\\/image\\\/\"}}]}<\/script>\n<!-- \/ Yoast SEO plugin. -->","yoast_head_json":{"title":"Sky-Watcher Lunette 70\/700 sur monture azimutale AZ2 - Astroshop Maroc","robots":{"index":"index","follow":"follow","max-snippet":"max-snippet:-1","max-image-preview":"max-image-preview:large","max-video-preview":"max-video-preview:-1"},"canonical":"https:\/\/astroshop.ma\/?product=sky-watcher-lunette-70-700-sur-monture-azimutale-az2","og_locale":"en_US","og_type":"article","og_title":"Sky-Watcher Lunette 70\/700 sur monture azimutale AZ2 - Astroshop Maroc","og_description":"Tout savoir sur la lunette 70\/700 Sky-Watcher sur monture azimutale AZ2 Lunette achromatique de 70mm, ce mod\u00e8le est un grand classique pour l'initiation \u00e0 l'observation du ciel.\u00a0Disponible \u00e0 un prix tr\u00e8s attractif elle permet \u00e0 chacun de se lancer tout en b\u00e9n\u00e9ficiant d'un instrument de qualit\u00e9\u00a0(contrairement aux instruments vendus dans les magasins non-sp\u00e9cialis\u00e9s). L'objectif achromatique \u00e0 deux \u00e9l\u00e9ments \u00e0 air est trait\u00e9 multi-couches et fournit des images de qualit\u00e9 \u00e0 faibles et moyens grossissements des plan\u00e8tes. Le barillet est collimat\u00e9 en usine et ne n\u00e9cessite aucune maintenance au contraire des t\u00e9lescopes.  Avec 36% de lumi\u00e8re suppl\u00e9mentaire par rapport \u00e0 une lunette de 60mm, elle offre plus de possibilit\u00e9s.  Sa longueur focale de 700mm (rapport \u00e0 f\/10) est importante pour permettre de voir de fins d\u00e9tails sur la Lune (nombreux crat\u00e8res) et les surfaces plan\u00e9taires (Jupiter et Saturne). Le chercheur droit permet de localiser la cible avant le d\u00e9placement de la monture. C'est un mod\u00e8le AZ2 simple \u00e0 utiliser (mode altazimutale avec d\u00e9placements haut-bas \/ gauche-droite). Le positionnement de l'objet se fait par d\u00e9serrage de 2 vis. Le tr\u00e9pied comporte un plateau porte-accessoires (pour poser bouchons, oculaires ou filtres). Lunette Sky-Watcher 70\/700 sur monture AZ2 &nbsp;  &nbsp;  &nbsp;  &nbsp; El\u00e9ments Livr\u00e9s   1 Lunette Sky-Watcher 70\/700  1 Monture azimutale AZ2  1 Tr\u00e9pied en aluminium r\u00e9glable en hauteur (71cm \u00e0 123cm)  1 tablette porte-accessoires  2 oculaires coulant 31,75mm : Super 10mm et Super 25mm  1 lentille de Barlow 2x  1 renvoi coud\u00e9 31,75mm  1 chercheur 6x24  Manuel d'utilisation en fran\u00e7ais","og_url":"https:\/\/astroshop.ma\/?product=sky-watcher-lunette-70-700-sur-monture-azimutale-az2","og_site_name":"Astroshop Maroc","article_modified_time":"2025-12-17T16:29:08+00:00","og_image":[{"width":1200,"height":1200,"url":"https:\/\/astroshop.ma\/wp-content\/uploads\/2024\/07\/SW0068-1x1200-1.jpg","type":"image\/jpeg"}],"twitter_card":"summary_large_image","schema":{"@context":"https:\/\/schema.org","@graph":[{"@type":"WebPage","@id":"https:\/\/astroshop.ma\/?product=sky-watcher-lunette-70-700-sur-monture-azimutale-az2","url":"https:\/\/astroshop.ma\/?product=sky-watcher-lunette-70-700-sur-monture-azimutale-az2","name":"Sky-Watcher Lunette 70\/700 sur monture azimutale AZ2 - Astroshop Maroc","isPartOf":{"@id":"https:\/\/astroshop.ma\/#website"},"primaryImageOfPage":{"@id":"https:\/\/astroshop.ma\/?product=sky-watcher-lunette-70-700-sur-monture-azimutale-az2#primaryimage"},"image":{"@id":"https:\/\/astroshop.ma\/?product=sky-watcher-lunette-70-700-sur-monture-azimutale-az2#primaryimage"},"thumbnailUrl":"https:\/\/astroshop.ma\/wp-content\/uploads\/2024\/07\/SW0068-1x1200-1.jpg","datePublished":"2024-07-18T17:25:00+00:00","dateModified":"2025-12-17T16:29:08+00:00","breadcrumb":{"@id":"https:\/\/astroshop.ma\/?product=sky-watcher-lunette-70-700-sur-monture-azimutale-az2#breadcrumb"},"inLanguage":"en-US","potentialAction":[{"@type":"ReadAction","target":["https:\/\/astroshop.ma\/?product=sky-watcher-lunette-70-700-sur-monture-azimutale-az2"]}]},{"@type":"ImageObject","inLanguage":"en-US","@id":"https:\/\/astroshop.ma\/?product=sky-watcher-lunette-70-700-sur-monture-azimutale-az2#primaryimage","url":"https:\/\/astroshop.ma\/wp-content\/uploads\/2024\/07\/SW0068-1x1200-1.jpg","contentUrl":"https:\/\/astroshop.ma\/wp-content\/uploads\/2024\/07\/SW0068-1x1200-1.jpg","width":1200,"height":1200,"caption":"charset=Unicode CREATOR: gd-jpeg v1.0 (using IJG JPEG v80), quality = 90"},{"@type":"BreadcrumbList","@id":"https:\/\/astroshop.ma\/?product=sky-watcher-lunette-70-700-sur-monture-azimutale-az2#breadcrumb","itemListElement":[{"@type":"ListItem","position":1,"name":"Home","item":"https:\/\/astroshop.ma\/"},{"@type":"ListItem","position":2,"name":"Shop","item":"https:\/\/astroshop.ma\/?page_id=394"},{"@type":"ListItem","position":3,"name":"Sky-Watcher Lunette 70\/700 sur monture azimutale AZ2"}]},{"@type":"WebSite","@id":"https:\/\/astroshop.ma\/#website","url":"https:\/\/astroshop.ma\/","name":"Astroshop Maroc","description":"Des instruments astronomiques pour chaque astronome au Maroc","publisher":{"@id":"https:\/\/astroshop.ma\/#organization"},"potentialAction":[{"@type":"SearchAction","target":{"@type":"EntryPoint","urlTemplate":"https:\/\/astroshop.ma\/?s={search_term_string}"},"query-input":{"@type":"PropertyValueSpecification","valueRequired":true,"valueName":"search_term_string"}}],"inLanguage":"en-US"},{"@type":"Organization","@id":"https:\/\/astroshop.ma\/#organization","name":"Astroshop Maroc","url":"https:\/\/astroshop.ma\/","logo":{"@type":"ImageObject","inLanguage":"en-US","@id":"https:\/\/astroshop.ma\/#\/schema\/logo\/image\/","url":"https:\/\/astroshop.ma\/wp-content\/uploads\/2025\/12\/M20_Logo_1.jpg","contentUrl":"https:\/\/astroshop.ma\/wp-content\/uploads\/2025\/12\/M20_Logo_1.jpg","width":501,"height":334,"caption":"Astroshop Maroc"},"image":{"@id":"https:\/\/astroshop.ma\/#\/schema\/logo\/image\/"}}]}},"_links":{"self":[{"href":"https:\/\/astroshop.ma\/index.php?rest_route=\/wp\/v2\/product\/9920","targetHints":{"allow":["GET"]}}],"collection":[{"href":"https:\/\/astroshop.ma\/index.php?rest_route=\/wp\/v2\/product"}],"about":[{"href":"https:\/\/astroshop.ma\/index.php?rest_route=\/wp\/v2\/types\/product"}],"wp:featuredmedia":[{"embeddable":true,"href":"https:\/\/astroshop.ma\/index.php?rest_route=\/wp\/v2\/media\/9921"}],"wp:attachment":[{"href":"https:\/\/astroshop.ma\/index.php?rest_route=%2Fwp%2Fv2%2Fmedia&parent=9920"}],"wp:term":[{"taxonomy":"product_brand","embeddable":true,"href":"https:\/\/astroshop.ma\/index.php?rest_route=%2Fwp%2Fv2%2Fproduct_brand&post=9920"},{"taxonomy":"product_cat","embeddable":true,"href":"https:\/\/astroshop.ma\/index.php?rest_route=%2Fwp%2Fv2%2Fproduct_cat&post=9920"},{"taxonomy":"product_tag","embeddable":true,"href":"https:\/\/astroshop.ma\/index.php?rest_route=%2Fwp%2Fv2%2Fproduct_tag&post=9920"}],"curies":[{"name":"wp","href":"https:\/\/api.w.org\/{rel}","templated":true}]}}