{"id":11210,"date":"2026-02-21T11:34:29","date_gmt":"2026-02-21T11:34:29","guid":{"rendered":"https:\/\/astroshop.ma\/?post_type=product&#038;p=11210"},"modified":"2026-02-24T12:07:39","modified_gmt":"2026-02-24T12:07:39","slug":"sky-watcher-tube-optique-72ed-black-diamond-dual-speed","status":"publish","type":"product","link":"https:\/\/astroshop.ma\/?product=sky-watcher-tube-optique-72ed-black-diamond-dual-speed","title":{"rendered":"Sky-Watcher Tube optique  72ED Black Diamond dual speed"},"content":{"rendered":"<h4><img loading=\"lazy\" decoding=\"async\" class=\"alignnone size-full wp-image-10806\" src=\"https:\/\/astroshop.ma\/wp-content\/uploads\/2025\/10\/Skywatcher.jpg\" alt=\"\" width=\"300\" height=\"150\" srcset=\"https:\/\/astroshop.ma\/wp-content\/uploads\/2025\/10\/Skywatcher.jpg 300w, https:\/\/astroshop.ma\/wp-content\/uploads\/2025\/10\/Skywatcher-64x32.jpg 64w\" sizes=\"auto, (max-width: 300px) 100vw, 300px\" \/><\/h4>\n<h4>Tout savoir sur la lunette Sky-Watcher EvoStar 72ED<\/h4>\n<p>Sky-Watcher a r\u00e9cemment compl\u00e9t\u00e9 sa gamme de r\u00e9fracteurs apochromatiques avec l&#8217;EvoStar 72ED. C&#8217;est le plus petit diam\u00e8tre en r\u00e9fracteur ED de la marque qui s&#8217;adresse\u00a0<strong>aux amateurs recherchant un instrument le plus transportable et l\u00e9ger possible<\/strong>. L&#8217;EvoStar 72ED ne p\u00e8se en effet que 2kg (avec colliers et queue d&#8217;aronde) pour une longueur de 420mm, son pare-bu\u00e9e est m\u00eame amovible si besoin (mais non-r\u00e9tractable).\u00a0<strong>La haute qualit\u00e9 optique<\/strong>\u00a0de ce mod\u00e8le offre \u00e0 tous la possibilit\u00e9 d&#8217;acqu\u00e9rir un instrument performant \u00e0 un prix tr\u00e8s attractif\u00a0<strong>pour l&#8217;astrophotographie grand champ, l&#8217;observation plan\u00e9taire\/solaire ou l&#8217;autoguidage<\/strong>. L&#8217;EvoStar 72ED ravira plus d&#8217;un amateur ou d\u00e9butant gr\u00e2ce \u00e0\u00a0<strong>sa bonne correction du chromatisme<\/strong>.<\/p>\n<figure><img decoding=\"async\" title=\"Lunette Sky-Watcher EvoStar 72ED f\/5.8 Dual Speed\" src=\"https:\/\/www.telescopes-et-accessoires.fr\/img\/cms\/photos\/fiches\/SW-72ED-02-small.webp\" alt=\"lunette_skywatcher_evostar72ed_02.jpg\" \/><figcaption>Lunette Sky-Watcher EvoStar 72ED f\/5.8 Dual Speed<\/figcaption><\/figure>\n<p>Pour obtenir le pr\u00e9cieux qualificatif &#8220;APO&#8221;,\u00a0<strong>un r\u00e9fracteur doit corriger les aberrations chromatiques primaires et secondaires<\/strong>, inh\u00e9rentes \u00e0 tous les syst\u00e8mes dont les rayons lumineux traversent un \u00e9l\u00e9ment optique. Dans le cas de la Sky-Watcher EvoStar 72ED, un doublet compos\u00e9 d&#8217;un \u00e9l\u00e9ment en verre ED r\u00e9duit le chromatisme pour limiter consid\u00e9rablement l&#8217;apparition de lis\u00e9r\u00e9s color\u00e9s sur les plan\u00e8tes ou la Lune. Le verre ED choisit,\u00a0<strong>du FPL-53 (Schott)<\/strong>, est le plus \u00e0 m\u00eame de corriger ces d\u00e9fauts gr\u00e2ce \u00e0 une tr\u00e8s faible dispersion (NB : ce doublet est diff\u00e9rent des mod\u00e8les Black Diamond).<\/p>\n<figure><img decoding=\"async\" title=\"Syst\u00e8me achro et apo-chromatique\" src=\"https:\/\/www.telescopes-et-accessoires.fr\/img\/cms\/photos\/fiches\/apo-01.webp\" alt=\"newton_skywatcher_200f5_03.jpg\" \/><figcaption>Syst\u00e8me achro et apo-chromatique<\/figcaption><\/figure>\n<p>L&#8217;utilisation de traitements multi-couches sur toutes les surfaces limite consid\u00e9rablement les pertes dues \u00e0 la travers\u00e9e de l&#8217;objectif, ce qui rend\u00a0<strong>l&#8217;EvoStar 72ED lumineuse et plus contrast\u00e9e que des lunettes classiques moins bien corrig\u00e9es<\/strong>. Le traitement &#8220;Metallic High-Transmission&#8221; (MHC) est d\u00e9pos\u00e9 sur les surfaces air-verre assurant des r\u00e9sultats \u00e9poustouflants (<strong>transmission proche de 99.5%<\/strong>). Gr\u00e2ce \u00e0 son\u00a0<strong>rapport de focale tr\u00e8s court, f\/5.8<\/strong>, la lunette Sky-Watcher EvoStar 72ED est particuli\u00e8rement\u00a0<strong>int\u00e9ressante pour la photographie du ciel profond<\/strong>. En combinaison, par exemple, avec un appareil photo num\u00e9rique grand format (correcteur\/r\u00e9ducteur conseill\u00e9), pointez la lunette vers de larges n\u00e9buleuses telles Orion, la Lagune ou la fameuse galaxie d&#8217;Androm\u00e8de.<\/p>\n<p>&nbsp;<\/p>\n<h4>Porte-oculaire Dual Speed 10:1<\/h4>\n<p>La mise au point s&#8217;obtient par l&#8217;interm\u00e9diaire d&#8217;un\u00a0<strong>porte-oculaire Crayford 2&#8243; (en aluminium) offrant robustesse et pr\u00e9cision<\/strong>\u00a0lors de la focalisation. Une vis de serrage permet de maintenir la mise au point suivant l&#8217;orientation du tube optique. Pour \u00eatre coh\u00e9rent avec l&#8217;optique et fournir de bons r\u00e9sultats en astrophotographie (ou la mise au point a une place primordiale) le porte-oculaire de l&#8217;EvoStar 72ED dispose d&#8217;une\u00a0<strong>vis de d\u00e9multiplication fine \u00e0 10:1<\/strong>.<\/p>\n<p>Pour r\u00e9pondre aux exigences des astronomes amateurs, le tube optique est enti\u00e8rement r\u00e9alis\u00e9 en aluminium. Aucune pi\u00e8ce plastique n&#8217;est utilis\u00e9e! La solidit\u00e9 est donc au rendez-vous comme l&#8217;esth\u00e9tique particuli\u00e8rement r\u00e9ussi. L&#8217;int\u00e9rieur est noirci et baffl\u00e9 pour limiter l&#8217;intrusion de lumi\u00e8res parasites. Une vis au pas Kodak est positionn\u00e9e au-dessus de l&#8217;un des colliers pour adapter en parall\u00e8le un appareil photo.<\/p>\n<figure><img decoding=\"async\" title=\"Sch\u00e9ma de l'EvoStar 72ED et back-focus\" src=\"https:\/\/www.telescopes-et-accessoires.fr\/img\/cms\/photos\/fiches\/diagram-01.webp\" alt=\"diagram_skywatcher_evostar72ed_01.jpg\" \/><figcaption>Sch\u00e9ma de l&#8217;EvoStar 72ED et back-focus<\/figcaption><\/figure>\n<h4>Galerie d&#8217;astrophotographes<\/h4>\n<figure><a href=\"https:\/\/www.telescopes-et-accessoires.fr\/img\/cms\/Files\/131989\/Img\/25\/DoubleAmasPersee-Fournaise-02.jpg\" target=\"_blank\" rel=\"noopener\"><img decoding=\"async\" src=\"https:\/\/www.telescopes-et-accessoires.fr\/img\/cms\/photos\/fiches\/DoubleAmasPersee-Fournaise-02-small.webp\" alt=\"Le Double Amas de Pers\u00e9e\" \/><\/a><figcaption><strong>Le Double Amas de Pers\u00e9e<\/strong>\u00a0par\u00a0<a href=\"https:\/\/www.astrobin.com\/full\/0srukx\/0\/\" target=\"_blanck\">Vincent Fournaise<\/a>\u00a0(Ventoux, France)<br \/>\nPose de 1h30mm avec une lunette Sky-Watcher EvoStar 72ED f\/5,8 et une cam\u00e9ra<a href=\"https:\/\/www.telescopes-et-accessoires.fr\/cameras\/9346-camera-refroidie-couleurs-zwo-asi071mc-pro-0607467927750.html\" target=\"_blank\" rel=\"noopener\">\u00a0ZWO ASI071MC-Pro<\/a>.<br \/>\nMonture \u00e9quatoriale\u00a0<a href=\"https:\/\/www.telescopes-et-accessoires.fr\/montures-equatoriales\/9530-monture-sky-watcher-star-adventurer-blanche-package-complet-3664055003286.html\" target=\"_blank\" rel=\"noopener\">Sky-Watcher Star Adventurer<\/a>, cam\u00e9ra de guidage\u00a0<a href=\"https:\/\/www.telescopes-et-accessoires.fr\/cameras\/9349-camera-monochrome-zwo-asi290mm-mini-0607467927743.html\" target=\"_blank\" rel=\"noopener\">ZWO ASI290MM Mini<\/a>\u00a0et filtres\u00a0<a href=\"https:\/\/www.telescopes-et-accessoires.fr\/filtres-pour-l-imagerie\/6445-filtre-ir-block-astronomik-coulant-508mm-3948600003793.html\" target=\"_blank\" rel=\"noopener\">Astronomik IR-Block 50,8mm<\/a>.<br \/>\n(photo utilis\u00e9e avec autorisation de l&#8217;auteu<\/p>\n<h4>Lunette Sky-Watcher EvoStar 72ED f\/5.8 Dual Speed<\/h4>\n<ul>\n<li>1 tube optique Sky-Watcher EvoStar 72ED<\/li>\n<li>2 colliers de fixation<\/li>\n<li>1 queue d&#8217;aronde type Vixen<\/li>\n<li>1 support Piggyback pour appareil photo au pas Kodak sur le haut d&#8217;un des colliers de fixation<\/li>\n<li>Valise rigide avec mousse pr\u00e9d\u00e9coup\u00e9e<\/li>\n<\/ul>\n<\/figcaption><\/figure>\n","protected":false},"excerpt":{"rendered":"<table class=\"table-responsive\">\n<thead>\n<tr>\n<th>Caract\u00e9ristiques<\/th>\n<th>Lunette Sky-Watcher EvoStar 72ED f\/5.8 Dual Speed<\/th>\n<\/tr>\n<\/thead>\n<tbody>\n<tr>\n<th>Tube optique<\/th>\n<td>Aluminium<br \/>\nObjectif \u00e0 2 \u00e9l\u00e9ments trait\u00e9s multi-couches avec verre FPL-53 (Schott)<\/td>\n<\/tr>\n<tr>\n<th>Formule optique<\/th>\n<td>Lunette apochromatique<\/td>\n<\/tr>\n<tr>\n<th>Diam\u00e8tre utile<\/th>\n<td>72mm<\/td>\n<\/tr>\n<tr>\n<th>Longueur focale<\/th>\n<td>420mm<\/td>\n<\/tr>\n<tr>\n<th>Rapport de focale<\/th>\n<td>f\/5.83<\/td>\n<\/tr>\n<tr>\n<th>Porte-Oculaire<\/th>\n<td>Crayford 50.8mm Sky-Watcher Dual Speed (avec d\u00e9multiplication 1:10)<\/td>\n<\/tr>\n<tr>\n<th>Poids (avec colliers et queue d&#8217;aronde)<\/th>\n<td>2kg<\/td>\n<\/tr>\n<tr>\n<th>Dimensions du tube (longueur x largeur)<\/th>\n<td>420mm x 89mm<\/td>\n<\/tr>\n<\/tbody>\n<\/table>\n","protected":false},"featured_media":11211,"template":"","meta":{"_editorskit_title_hidden":false,"_editorskit_reading_time":0,"_editorskit_is_block_options_detached":false,"_editorskit_block_options_position":"{}","_coblocks_attr":"","_coblocks_dimensions":"","_coblocks_responsive_height":"","_coblocks_accordion_ie_support":"","_crdt_document":"","_monsterinsights_skip_tracking":false,"_monsterinsights_sitenote_active":false,"_monsterinsights_sitenote_note":"","_monsterinsights_sitenote_category":0},"product_brand":[209],"product_cat":[215,211,212,22],"product_tag":[],"class_list":{"0":"post-11210","1":"product","2":"type-product","3":"status-publish","4":"has-post-thumbnail","6":"product_brand-skywatcher","7":"product_cat-astrographs","8":"product_cat-lunette","9":"product_cat-lunette-telescopes","10":"product_cat-telescopes","12":"first","13":"instock","14":"shipping-taxable","15":"purchasable","16":"product-type-simple"},"yoast_head":"<!-- This site is optimized with the Yoast SEO plugin v27.3 - https:\/\/yoast.com\/product\/yoast-seo-wordpress\/ -->\n<title>Sky-Watcher Tube optique 72ED Black Diamond dual speed - Astroshop Maroc<\/title>\n<meta name=\"robots\" content=\"index, follow, max-snippet:-1, max-image-preview:large, max-video-preview:-1\" \/>\n<link rel=\"canonical\" href=\"https:\/\/astroshop.ma\/?product=sky-watcher-tube-optique-72ed-black-diamond-dual-speed\" \/>\n<meta property=\"og:locale\" content=\"en_US\" \/>\n<meta property=\"og:type\" content=\"article\" \/>\n<meta property=\"og:title\" content=\"Sky-Watcher Tube optique 72ED Black Diamond dual speed - Astroshop Maroc\" \/>\n<meta property=\"og:description\" content=\"Caract\u00e9ristiques Lunette Sky-Watcher EvoStar 72ED f\/5.8 Dual Speed     Tube optique Aluminium Objectif \u00e0 2 \u00e9l\u00e9ments trait\u00e9s multi-couches avec verre FPL-53 (Schott)   Formule optique Lunette apochromatique   Diam\u00e8tre utile 72mm   Longueur focale 420mm   Rapport de focale f\/5.83   Porte-Oculaire Crayford 50.8mm Sky-Watcher Dual Speed (avec d\u00e9multiplication 1:10)   Poids (avec colliers et queue d&#039;aronde) 2kg   Dimensions du tube (longueur x largeur) 420mm x 89mm\" \/>\n<meta property=\"og:url\" content=\"https:\/\/astroshop.ma\/?product=sky-watcher-tube-optique-72ed-black-diamond-dual-speed\" \/>\n<meta property=\"og:site_name\" content=\"Astroshop Maroc\" \/>\n<meta property=\"article:modified_time\" content=\"2026-02-24T12:07:39+00:00\" \/>\n<meta property=\"og:image\" content=\"https:\/\/astroshop.ma\/wp-content\/uploads\/2026\/02\/tube-optique-sky-watcher-72ed-black-diamond-dual-speed-72-420-1.jpg\" \/>\n\t<meta property=\"og:image:width\" content=\"800\" \/>\n\t<meta property=\"og:image:height\" content=\"800\" \/>\n\t<meta property=\"og:image:type\" content=\"image\/jpeg\" \/>\n<meta name=\"twitter:card\" content=\"summary_large_image\" \/>\n<meta name=\"twitter:label1\" content=\"Est. reading time\" \/>\n\t<meta name=\"twitter:data1\" content=\"4 minutes\" \/>\n<script type=\"application\/ld+json\" class=\"yoast-schema-graph\">{\"@context\":\"https:\\\/\\\/schema.org\",\"@graph\":[{\"@type\":\"WebPage\",\"@id\":\"https:\\\/\\\/astroshop.ma\\\/?product=sky-watcher-tube-optique-72ed-black-diamond-dual-speed\",\"url\":\"https:\\\/\\\/astroshop.ma\\\/?product=sky-watcher-tube-optique-72ed-black-diamond-dual-speed\",\"name\":\"Sky-Watcher Tube optique 72ED Black Diamond dual speed - Astroshop Maroc\",\"isPartOf\":{\"@id\":\"https:\\\/\\\/astroshop.ma\\\/#website\"},\"primaryImageOfPage\":{\"@id\":\"https:\\\/\\\/astroshop.ma\\\/?product=sky-watcher-tube-optique-72ed-black-diamond-dual-speed#primaryimage\"},\"image\":{\"@id\":\"https:\\\/\\\/astroshop.ma\\\/?product=sky-watcher-tube-optique-72ed-black-diamond-dual-speed#primaryimage\"},\"thumbnailUrl\":\"https:\\\/\\\/astroshop.ma\\\/wp-content\\\/uploads\\\/2026\\\/02\\\/tube-optique-sky-watcher-72ed-black-diamond-dual-speed-72-420-1.jpg\",\"datePublished\":\"2026-02-21T11:34:29+00:00\",\"dateModified\":\"2026-02-24T12:07:39+00:00\",\"breadcrumb\":{\"@id\":\"https:\\\/\\\/astroshop.ma\\\/?product=sky-watcher-tube-optique-72ed-black-diamond-dual-speed#breadcrumb\"},\"inLanguage\":\"en-US\",\"potentialAction\":[{\"@type\":\"ReadAction\",\"target\":[\"https:\\\/\\\/astroshop.ma\\\/?product=sky-watcher-tube-optique-72ed-black-diamond-dual-speed\"]}]},{\"@type\":\"ImageObject\",\"inLanguage\":\"en-US\",\"@id\":\"https:\\\/\\\/astroshop.ma\\\/?product=sky-watcher-tube-optique-72ed-black-diamond-dual-speed#primaryimage\",\"url\":\"https:\\\/\\\/astroshop.ma\\\/wp-content\\\/uploads\\\/2026\\\/02\\\/tube-optique-sky-watcher-72ed-black-diamond-dual-speed-72-420-1.jpg\",\"contentUrl\":\"https:\\\/\\\/astroshop.ma\\\/wp-content\\\/uploads\\\/2026\\\/02\\\/tube-optique-sky-watcher-72ed-black-diamond-dual-speed-72-420-1.jpg\",\"width\":800,\"height\":800},{\"@type\":\"BreadcrumbList\",\"@id\":\"https:\\\/\\\/astroshop.ma\\\/?product=sky-watcher-tube-optique-72ed-black-diamond-dual-speed#breadcrumb\",\"itemListElement\":[{\"@type\":\"ListItem\",\"position\":1,\"name\":\"Home\",\"item\":\"https:\\\/\\\/astroshop.ma\\\/\"},{\"@type\":\"ListItem\",\"position\":2,\"name\":\"Shop\",\"item\":\"https:\\\/\\\/astroshop.ma\\\/?page_id=394\"},{\"@type\":\"ListItem\",\"position\":3,\"name\":\"Sky-Watcher Tube optique 72ED Black Diamond dual speed\"}]},{\"@type\":\"WebSite\",\"@id\":\"https:\\\/\\\/astroshop.ma\\\/#website\",\"url\":\"https:\\\/\\\/astroshop.ma\\\/\",\"name\":\"Astroshop Maroc\",\"description\":\"Des instruments astronomiques pour chaque astronome au Maroc\",\"publisher\":{\"@id\":\"https:\\\/\\\/astroshop.ma\\\/#organization\"},\"potentialAction\":[{\"@type\":\"SearchAction\",\"target\":{\"@type\":\"EntryPoint\",\"urlTemplate\":\"https:\\\/\\\/astroshop.ma\\\/?s={search_term_string}\"},\"query-input\":{\"@type\":\"PropertyValueSpecification\",\"valueRequired\":true,\"valueName\":\"search_term_string\"}}],\"inLanguage\":\"en-US\"},{\"@type\":\"Organization\",\"@id\":\"https:\\\/\\\/astroshop.ma\\\/#organization\",\"name\":\"Astroshop Maroc\",\"url\":\"https:\\\/\\\/astroshop.ma\\\/\",\"logo\":{\"@type\":\"ImageObject\",\"inLanguage\":\"en-US\",\"@id\":\"https:\\\/\\\/astroshop.ma\\\/#\\\/schema\\\/logo\\\/image\\\/\",\"url\":\"https:\\\/\\\/astroshop.ma\\\/wp-content\\\/uploads\\\/2025\\\/12\\\/M20_Logo_1.jpg\",\"contentUrl\":\"https:\\\/\\\/astroshop.ma\\\/wp-content\\\/uploads\\\/2025\\\/12\\\/M20_Logo_1.jpg\",\"width\":501,\"height\":334,\"caption\":\"Astroshop Maroc\"},\"image\":{\"@id\":\"https:\\\/\\\/astroshop.ma\\\/#\\\/schema\\\/logo\\\/image\\\/\"}}]}<\/script>\n<!-- \/ Yoast SEO plugin. -->","yoast_head_json":{"title":"Sky-Watcher Tube optique 72ED Black Diamond dual speed - Astroshop Maroc","robots":{"index":"index","follow":"follow","max-snippet":"max-snippet:-1","max-image-preview":"max-image-preview:large","max-video-preview":"max-video-preview:-1"},"canonical":"https:\/\/astroshop.ma\/?product=sky-watcher-tube-optique-72ed-black-diamond-dual-speed","og_locale":"en_US","og_type":"article","og_title":"Sky-Watcher Tube optique 72ED Black Diamond dual speed - Astroshop Maroc","og_description":"Caract\u00e9ristiques Lunette Sky-Watcher EvoStar 72ED f\/5.8 Dual Speed     Tube optique Aluminium Objectif \u00e0 2 \u00e9l\u00e9ments trait\u00e9s multi-couches avec verre FPL-53 (Schott)   Formule optique Lunette apochromatique   Diam\u00e8tre utile 72mm   Longueur focale 420mm   Rapport de focale f\/5.83   Porte-Oculaire Crayford 50.8mm Sky-Watcher Dual Speed (avec d\u00e9multiplication 1:10)   Poids (avec colliers et queue d'aronde) 2kg   Dimensions du tube (longueur x largeur) 420mm x 89mm","og_url":"https:\/\/astroshop.ma\/?product=sky-watcher-tube-optique-72ed-black-diamond-dual-speed","og_site_name":"Astroshop Maroc","article_modified_time":"2026-02-24T12:07:39+00:00","og_image":[{"width":800,"height":800,"url":"https:\/\/astroshop.ma\/wp-content\/uploads\/2026\/02\/tube-optique-sky-watcher-72ed-black-diamond-dual-speed-72-420-1.jpg","type":"image\/jpeg"}],"twitter_card":"summary_large_image","twitter_misc":{"Est. reading time":"4 minutes"},"schema":{"@context":"https:\/\/schema.org","@graph":[{"@type":"WebPage","@id":"https:\/\/astroshop.ma\/?product=sky-watcher-tube-optique-72ed-black-diamond-dual-speed","url":"https:\/\/astroshop.ma\/?product=sky-watcher-tube-optique-72ed-black-diamond-dual-speed","name":"Sky-Watcher Tube optique 72ED Black Diamond dual speed - Astroshop Maroc","isPartOf":{"@id":"https:\/\/astroshop.ma\/#website"},"primaryImageOfPage":{"@id":"https:\/\/astroshop.ma\/?product=sky-watcher-tube-optique-72ed-black-diamond-dual-speed#primaryimage"},"image":{"@id":"https:\/\/astroshop.ma\/?product=sky-watcher-tube-optique-72ed-black-diamond-dual-speed#primaryimage"},"thumbnailUrl":"https:\/\/astroshop.ma\/wp-content\/uploads\/2026\/02\/tube-optique-sky-watcher-72ed-black-diamond-dual-speed-72-420-1.jpg","datePublished":"2026-02-21T11:34:29+00:00","dateModified":"2026-02-24T12:07:39+00:00","breadcrumb":{"@id":"https:\/\/astroshop.ma\/?product=sky-watcher-tube-optique-72ed-black-diamond-dual-speed#breadcrumb"},"inLanguage":"en-US","potentialAction":[{"@type":"ReadAction","target":["https:\/\/astroshop.ma\/?product=sky-watcher-tube-optique-72ed-black-diamond-dual-speed"]}]},{"@type":"ImageObject","inLanguage":"en-US","@id":"https:\/\/astroshop.ma\/?product=sky-watcher-tube-optique-72ed-black-diamond-dual-speed#primaryimage","url":"https:\/\/astroshop.ma\/wp-content\/uploads\/2026\/02\/tube-optique-sky-watcher-72ed-black-diamond-dual-speed-72-420-1.jpg","contentUrl":"https:\/\/astroshop.ma\/wp-content\/uploads\/2026\/02\/tube-optique-sky-watcher-72ed-black-diamond-dual-speed-72-420-1.jpg","width":800,"height":800},{"@type":"BreadcrumbList","@id":"https:\/\/astroshop.ma\/?product=sky-watcher-tube-optique-72ed-black-diamond-dual-speed#breadcrumb","itemListElement":[{"@type":"ListItem","position":1,"name":"Home","item":"https:\/\/astroshop.ma\/"},{"@type":"ListItem","position":2,"name":"Shop","item":"https:\/\/astroshop.ma\/?page_id=394"},{"@type":"ListItem","position":3,"name":"Sky-Watcher Tube optique 72ED Black Diamond dual speed"}]},{"@type":"WebSite","@id":"https:\/\/astroshop.ma\/#website","url":"https:\/\/astroshop.ma\/","name":"Astroshop Maroc","description":"Des instruments astronomiques pour chaque astronome au Maroc","publisher":{"@id":"https:\/\/astroshop.ma\/#organization"},"potentialAction":[{"@type":"SearchAction","target":{"@type":"EntryPoint","urlTemplate":"https:\/\/astroshop.ma\/?s={search_term_string}"},"query-input":{"@type":"PropertyValueSpecification","valueRequired":true,"valueName":"search_term_string"}}],"inLanguage":"en-US"},{"@type":"Organization","@id":"https:\/\/astroshop.ma\/#organization","name":"Astroshop Maroc","url":"https:\/\/astroshop.ma\/","logo":{"@type":"ImageObject","inLanguage":"en-US","@id":"https:\/\/astroshop.ma\/#\/schema\/logo\/image\/","url":"https:\/\/astroshop.ma\/wp-content\/uploads\/2025\/12\/M20_Logo_1.jpg","contentUrl":"https:\/\/astroshop.ma\/wp-content\/uploads\/2025\/12\/M20_Logo_1.jpg","width":501,"height":334,"caption":"Astroshop Maroc"},"image":{"@id":"https:\/\/astroshop.ma\/#\/schema\/logo\/image\/"}}]}},"_links":{"self":[{"href":"https:\/\/astroshop.ma\/index.php?rest_route=\/wp\/v2\/product\/11210","targetHints":{"allow":["GET"]}}],"collection":[{"href":"https:\/\/astroshop.ma\/index.php?rest_route=\/wp\/v2\/product"}],"about":[{"href":"https:\/\/astroshop.ma\/index.php?rest_route=\/wp\/v2\/types\/product"}],"wp:featuredmedia":[{"embeddable":true,"href":"https:\/\/astroshop.ma\/index.php?rest_route=\/wp\/v2\/media\/11211"}],"wp:attachment":[{"href":"https:\/\/astroshop.ma\/index.php?rest_route=%2Fwp%2Fv2%2Fmedia&parent=11210"}],"wp:term":[{"taxonomy":"product_brand","embeddable":true,"href":"https:\/\/astroshop.ma\/index.php?rest_route=%2Fwp%2Fv2%2Fproduct_brand&post=11210"},{"taxonomy":"product_cat","embeddable":true,"href":"https:\/\/astroshop.ma\/index.php?rest_route=%2Fwp%2Fv2%2Fproduct_cat&post=11210"},{"taxonomy":"product_tag","embeddable":true,"href":"https:\/\/astroshop.ma\/index.php?rest_route=%2Fwp%2Fv2%2Fproduct_tag&post=11210"}],"curies":[{"name":"wp","href":"https:\/\/api.w.org\/{rel}","templated":true}]}}