{"id":10776,"date":"2025-09-25T10:32:16","date_gmt":"2025-09-25T10:32:16","guid":{"rendered":"https:\/\/astroshop.ma\/?post_type=product&#038;p=10776"},"modified":"2025-09-25T10:44:31","modified_gmt":"2025-09-25T10:44:31","slug":"astrograph-tube-optique-hac125-dx-f-2-sky-watcher","status":"publish","type":"product","link":"https:\/\/astroshop.ma\/?product=astrograph-tube-optique-hac125-dx-f-2-sky-watcher","title":{"rendered":"Astrograph Tube optique HAC125 DX F\/2 Sky-Watcher"},"content":{"rendered":"<h2>out savoir sur le t\u00e9lescope Astrographe Sky-Watcher HAC125DX f\/2<\/h2>\n<p>Le d\u00e9veloppement de l&#8217;astrophotographie num\u00e9rique pousse\u00a0<strong>les fabricants de t\u00e9lescopes ou lunettes a toujours plus d&#8217;innovations<\/strong>. Des instruments les plus compacts possibles, avec un rapport de focale faible voir tr\u00e8s faible, et une correction optique maximale sur des capteurs toujours plus grands. C&#8217;est en ce sens que Sky-Watcher, n\u00b01 mondial des t\u00e9lescopes, travaille depuis plusieurs ann\u00e9es et ajoute \u00e0 son catalogue d&#8217;instruments un nouveau type d&#8217;optique :\u00a0<strong>le Honders Advanced Catadioptric (HAC)<\/strong>.<\/p>\n<figure><img decoding=\"async\" title=\"Skywatcher-HAC125DX_07_small.webp\" src=\"https:\/\/www.telescopes-et-accessoires.fr\/img\/cms\/photos\/fiches\/HAC125-DX_7_small.webp\" \/><figcaption>Vue avant du T\u00e9lescope Astrographe HAC125DX f\/2<\/figcaption><\/figure>\n<p>Pour ce nouvel instrument,\u00a0<strong>de 125mm de diam\u00e8tre<\/strong>, Sky-Watcher s&#8217;est concentr\u00e9 avant tout sur la compacit\u00e9 et le rapport de focal (seulement f\/2 !) et un cercle image de &#8220;seulement&#8221; 16mm de diam\u00e8tre. Le HAC125DX est ainsi compatible avec des cam\u00e9ras dot\u00e9es de capteurs type\u00a0<a href=\"https:\/\/www.telescopes-et-accessoires.fr\/cameras\/9601-camera-refroidie-couleurs-zwo-asi533mc-p-0607467928276.html\" target=\"_blank\" rel=\"noopener\">IMX533<\/a>\u00a0ou\u00a0<a href=\"https:\/\/www.telescopes-et-accessoires.fr\/cameras\/12122-camera-refroidie-couleurs-zwo-asi585mc-air-6977641322201.html\" target=\"_blank\" rel=\"noopener\">585<\/a>\u00a0de surfaces d\u00e9j\u00e0 appr\u00e9ciables. Son principe optique est d\u00e9riv\u00e9 de\u00a0<strong>la formule de l&#8217;opticien n\u00e9erlandais Klaas Honders<\/strong>\u00a0(initialement pour Newton), modifi\u00e9 ensuite par l&#8217;opticien italien Massimo Riccardi, pour le compte d&#8217;Astrophysics au d\u00e9but des ann\u00e9es 2010 et Officina Stellare \u00e0 travers le RH200 Veloce.<\/p>\n<h4>Conception optique originale<\/h4>\n<p>L&#8217;id\u00e9e majeure de cet instrument novateur est de proposer\u00a0<strong>un miroir primaire de type Mangin<\/strong>\u00a0qui consiste contrairement aux miroirs habituels des t\u00e9lescopes \u00e0 \u00eatre travers\u00e9 par la lumi\u00e8re avant de la r\u00e9fl\u00e9chir.\u00a0<strong>Le HAC125DX est donc un instrument de type catadioptrique<\/strong>\u00a0car la lumi\u00e8re y est \u00e0 la fois r\u00e9fract\u00e9e (comme pour les lentilles\/lunettes) et r\u00e9fl\u00e9chie (miroir). La travers\u00e9e du miroir s&#8217;effectue donc 2 fois et entre les 2, le fond du miroir r\u00e9fl\u00e9chit la lumi\u00e8re. Le principe d\u00e9velopp\u00e9 par Alphonse Mangin (opticien Fran\u00e7ais du XIX\u00e8me si\u00e8cle) en 1876 permet de r\u00e9aliser\u00a0<strong>un miroir sph\u00e9rique moins co\u00fbteux et complexe qu&#8217;un miroir parabolique<\/strong>.<\/p>\n<figure><img decoding=\"async\" title=\"Skywatcher-HAC125DX_01_small.webp\" src=\"https:\/\/www.telescopes-et-accessoires.fr\/img\/cms\/photos\/fiches\/HAC125DX_01_small.webp\" \/><figcaption>Dessin technique du Minigraph Sky-Watcher HAC125DX (avec une cam\u00e9ra au filetage M42)<\/figcaption><\/figure>\n<p>Avant le miroir,\u00a0<strong>une lentille frontale est plac\u00e9e \u00e0 l&#8217;avant de l&#8217;instrument pour corriger certaines aberrations<\/strong>, sa particularit\u00e9 est qu&#8217;elle n&#8217;a pas besoin d&#8217;\u00eatre dans un verre type FPL-53 \u00e0 forte correction chromatique. Un mat\u00e9riau &#8220;classique&#8221; type crown convient et r\u00e9duit les co\u00fbts.\u00a0<strong>L&#8217;instrument est ainsi propos\u00e9 \u00e0 un prix tr\u00e8s attractif<\/strong>\u00a0par rapport \u00e0 des lunettes apochromatiques ou des t\u00e9lescopes \u00e0 faible rapport de focale (type RASA).<\/p>\n<p>Afin d&#8217;offrir un maximum de compacit\u00e9,\u00a0<strong>le design est &#8220;repli\u00e9&#8221; de type Cassegrain<\/strong>, le faisceau lumineux retourne vers l&#8217;int\u00e9rieur de l&#8217;instrument o\u00f9 il rencontre\u00a0<strong>un correcteur \u00e0 2 lentilles<\/strong>\u00a0avant d&#8217;arriver sur le capteur. Il est important de pr\u00e9ciser que le HAC125DX est un astrographe,\u00a0<strong>un instrument impossible \u00e0 utiliser en visuel<\/strong>\u00a0(on ne peut y placer un oculaire). Il permet de s&#8217;initier \u00e0 l&#8217;astrophotographie gr\u00e2ce au visuel assist\u00e9 (technique de prise de vue facile et rapide avec traitement \u00e0 la vol\u00e9e).<\/p>\n<h4>Acc\u00e9dez facilement \u00e0 l&#8217;imagerie grand champ<\/h4>\n<p>Le gros avantage de cette configuration optique et de\u00a0<strong>permettre d&#8217;obtenir un rapport de focale tr\u00e8s court \u00e0 f\/2&#8230; avec un minimum d&#8217;aberration<\/strong>. Or la rapidit\u00e9 photographique indique que\u00a0<strong>la diff\u00e9rence entre 2 rapports f\/d \u00e9volue en fonction du carr\u00e9<\/strong>. A temps de pose \u00e9gale&#8230;\u00a0<strong>un t\u00e9lescope \u00e0 f\/2 va ainsi collecter 6.25x plus de lumi\u00e8re qu&#8217;un t\u00e9lescope \u00e0 f\/5 !<\/strong>\u00a0De plus la r\u00e9duction de la longueur focale entra\u00eene\u00a0<strong>une augmentation du champ photographique (+150%)<\/strong>; caract\u00e9ristique souvent recherch\u00e9e par les astrophotographes lors de la r\u00e9alisation de clich\u00e9s d&#8217;objets de grandes dimensions type n\u00e9buleuses ou galaxies proches.<\/p>\n<p>Avec une focale de seulement 250mm et un capteur comme celui de la cam\u00e9ra\u00a0<a href=\"https:\/\/www.telescopes-et-accessoires.fr\/cameras\/9601-camera-refroidie-couleurs-zwo-asi533mc-p-0607467928276.html\" target=\"_blank\" rel=\"noopener\">ZWO ASI533MC-P<\/a>\u00a0(11.3m x 11.3mm)\u00a0<strong>photographiez, sans mosa\u00efque, la gigantesque galaxie d&#8217;Androm\u00e8de<\/strong>\u00a0ou d&#8217;autres grands objets comme la n\u00e9buleuse d&#8217;Orion, les Pl\u00e9iades ou la n\u00e9buleuse Californie avec des temps de pose plus courts qu&#8217;habituellement (ou \u00e0 temps de pose \u00e9gal plus de signal si vous le souhaitez). De plus avec\u00a0<strong>moins de 40cm de longueur<\/strong>\u00a0(pare bu\u00e9e retir\u00e9) et\u00a0<strong>un poids de seulement 3.8kg<\/strong>\u00a0emmenez-le partout ! En vacances, en week-end, sous les meilleurs cieux pour faire du visuel assist\u00e9 rapidement et efficacement. C&#8217;est une excellente solution pour les astronomes nomades, \u00e0\u00a0<strong>un prix \u00e9tonnant<\/strong>, avec une monture l\u00e9g\u00e8re comme la\u00a0<a href=\"https:\/\/www.telescopes-et-accessoires.fr\/montures-harmoniques\/11578-monture-sky-watcher-wave-100i-3664055004085.html\" target=\"_blank\" rel=\"noopener\">Sky-Watcher Wave 100i Harmonic<\/a>.<\/p>\n<figure><img decoding=\"async\" title=\"Skywatcher-HAC125DX_1_small.webp\" src=\"https:\/\/www.telescopes-et-accessoires.fr\/img\/cms\/photos\/fiches\/HAC125-DX_1_small.webp\" \/><figcaption>Vue compl\u00e8te du t\u00e9lescope Sky-Watcher HAC125DX (le trou dans le pare-bu\u00e9e permet de laisser passer les c\u00e2bles d&#8217;alimentation)<\/figcaption><\/figure>\n<h4>Caract\u00e9ristiques m\u00e9caniques<\/h4>\n<p>Pour ce type configuration optique\u00a0<strong>la mise au point ne peut se faire qu&#8217;\u00e0 l&#8217;arri\u00e8re de l&#8217;instrument<\/strong>\u00a0au niveau du miroir primaire. Il n&#8217;y a pas de porte-oculaire comme sur la plupart des instruments mais\u00a0<strong>une tr\u00e8s large molette de mise au point<\/strong>. Elle permet d&#8217;obtenir la nettet\u00e9 de fa\u00e7on pr\u00e9cise en d\u00e9placant le miroir primaire de mani\u00e8re h\u00e9lico\u00efdale sur son support (course de 9mm). Comme le miroir n&#8217;est pas perc\u00e9 au centre, la molette n&#8217;est pas d\u00e9cal\u00e9 sur le c\u00f4t\u00e9 comme les Schmidt ou Maksutov-Cassegrain.\u00a0<strong>Etant au centre elle \u00e9vite donc le shifting<\/strong>\u00a0(d\u00e9calage de la collimation \u00e0 chaque mise au point).\u00a0<strong>Bien que collimat\u00e9 de mani\u00e8re pr\u00e9cise en usine et peu soumis aux changements de collimation<\/strong>, vous pourrez r\u00e9gler cette derni\u00e8re \u00e0 l&#8217;aide de 3 vis \u00e0 l&#8217;arri\u00e8re du miroir primaire (+ 3 vis de blocage). Il n&#8217; y a pas de miroir secondaire vue sa configuration.<\/p>\n<p>Comme le tube est totalement ferm\u00e9,\u00a0<strong>des a\u00e9rations sont pr\u00e9sentes \u00e0 l&#8217;arri\u00e8re du tube pour aider \u00e0 l&#8217;\u00e9vacuation de l&#8217;air pour obtenir plus rapidement l&#8217;\u00e9quilibre thermique<\/strong>. Comme le miroir n&#8217;est pas tr\u00e8s grand et \u00e9pais 30min suffissent \u00e0 le mettre en temp\u00e9rature. Niveau bu\u00e9e, la pr\u00e9sence d&#8217;une lentille frontale le soumet davantage aux d\u00e9p\u00f4ts de ros\u00e9e.\u00a0<strong>Une pare-bu\u00e9e amovible est inclus<\/strong>, un trou est pr\u00e9sent pour laisser passer les c\u00e2bles de votre cam\u00e9ra (alimentation\/transfert au PC).<\/p>\n<figure><img decoding=\"async\" title=\"Skywatcher-HAC125DX_03_small.webp\" src=\"https:\/\/www.telescopes-et-accessoires.fr\/img\/cms\/photos\/fiches\/HAC125DX_03_small.webp\" \/><figcaption>Sch\u00e9ma des diff\u00e9rents \u00e9l\u00e9ments pr\u00e9sents sur le tube optique HAC125DX<\/figcaption><\/figure>\n<p>Au niveau du mat\u00e9riau employ\u00e9 pour le miroir primaire, la lentille frontale et le correcteur,\u00a0<strong>Sky-Watcher utilise du verre en Borosilicate (type BK7)<\/strong>, ce qui a pour effet de r\u00e9duire les effets de la dilatation dus aux changements thermiques. En effet, le coefficient d&#8217;expansion thermique est plus faible que le verre standard ce qui r\u00e9duit son temps de mise en temp\u00e9rature et assure une meilleure qualit\u00e9 d&#8217;image. Le primaire est recouvert,\u00a0<strong>sur son fond r\u00e9fl\u00e9chissan<\/strong>t, d&#8217;un traitement multicouche haute r\u00e9flectivit\u00e9(94%) appel\u00e9 Radiant Aluminum Quartz (RAQ)\u2122 pour une protection durable et efficace. Le doublet correcteur est recouvert du traitement HTMC (High Transmission Multi-Coatings) pour un maximum de clart\u00e9 et contraste.<\/p>\n<p><strong>C\u00f4t\u00e9 accessoire :<\/strong>\u00a0une queue d&#8217;aronde type Vixen et 2 colliers de fixation sont inclus pour fixer le HAC125DX sur la plupart des montures. 2 bases de chercheurs sont incluses pour y fixer chercheur, bo\u00eetier de contr\u00f4le type ASIAIR, syst\u00e8me d&#8217;autoguidage&#8230; suivant vos besoins.<\/p>\n<h4>Conclusion<\/h4>\n<p>Le Sky-Watcher HAC125DX f\/2 est\u00a0<strong>un instrument innovant et particuli\u00e8rement attractif pour le visuel assist\u00e9 nomade<\/strong>. Compact, l\u00e9ger et dot\u00e9 d\u2019une optique catadioptrique originale, il associe un rapport de focale ultra-rapide \u00e0 f\/2 et un champ photographique large. Con\u00e7u pour l&#8217;imagerie grand champ,\u00a0<strong>il permet de capturer efficacement de vastes objets c\u00e9lestes avec des temps de pose r\u00e9duits<\/strong>, tout en restant accessible par son tarif et sa simplicit\u00e9 d\u2019utilisation. Un astrographe moderne et ing\u00e9nieux, pens\u00e9\u00a0<strong>pour offrir un compromis entre performances, mobilit\u00e9 et plaisir d\u2019imager le ciel profond<\/strong>.<\/p>\n<p><img decoding=\"async\" title=\"Skywatcher-HAC125DX_6_small.webp\" src=\"https:\/\/www.telescopes-et-accessoires.fr\/img\/cms\/photos\/fiches\/HAC125-DX_6_small.webp\" \/>Vue avant du T\u00e9lescope Minigraph HAC125DX f\/2 avec une cam\u00e9ra ZWO ASI224MC (non-incluse)<\/p>\n<p><strong>\u00c9l\u00e9ments Livr\u00e9s<\/strong><\/p>\n<p>&nbsp;<\/p>\n<ul>\n<li>1x Tube optique HAC125DX<\/li>\n<li>2x Colliers de fixation<\/li>\n<li>1x Queue d&#8217;aronde type Vixen<\/li>\n<li>1x Porte-oculaire 31.75mm femelle<\/li>\n<li>1x Adaptateur M42x0.75 m\u00e2le<\/li>\n<li>2x Bases de chercheur<\/li>\n<li>1x Pare-bu\u00e9e d\u00e9tachable<\/li>\n<\/ul>\n<p>&nbsp;<\/p>\n<p>&nbsp;<\/p>\n","protected":false},"excerpt":{"rendered":"<table class=\"table-responsive\">\n<thead>\n<tr>\n<th>Caract\u00e9ristiques<\/th>\n<td>T\u00e9lescope Astrographe Sky-Watcher HAC125DX f\/2<\/td>\n<\/tr>\n<\/thead>\n<tbody>\n<tr>\n<th>Formule optique<\/th>\n<td>Catadioptrique (formule Honders Avanc\u00e9e)<\/td>\n<\/tr>\n<tr>\n<th>Diam\u00e8tre utile<\/th>\n<td>125mm<\/td>\n<\/tr>\n<tr>\n<th>Longueur focale<\/th>\n<td>250mm<\/td>\n<\/tr>\n<tr>\n<th>Rapport F\/D<\/th>\n<td>2<\/td>\n<\/tr>\n<tr>\n<th>Miroir primaire<\/th>\n<td>Type Mangin<\/td>\n<\/tr>\n<tr>\n<th>Correcteur<\/th>\n<td>53mm<\/td>\n<\/tr>\n<tr>\n<th>Obstruction centrale<\/th>\n<td>42.54% (lin\u00e9aire) &#8211; 18% (surfacique)<\/td>\n<\/tr>\n<tr>\n<th>Cercle image corrig\u00e9e<\/th>\n<td>16mm (champ de 3.7\u00b0)<\/td>\n<\/tr>\n<tr>\n<th>Mat\u00e9riaux<\/th>\n<td>Borosilicate<\/td>\n<\/tr>\n<tr>\n<th>Traitements<\/th>\n<td>RAQ (94%) et HTMC (pour le correcteur)<\/td>\n<\/tr>\n<tr>\n<th>Limite de Dawes<\/th>\n<td>0.93<\/td>\n<\/tr>\n<tr>\n<th>Limite de Rayleight<\/th>\n<td>1.12<\/td>\n<\/tr>\n<tr>\n<th>Magnitude limite<\/th>\n<td>12.96<\/td>\n<\/tr>\n<tr>\n<th>Dispositif de mise au point<\/th>\n<td>Molette de mise au point (type h\u00e9lico\u00efdal) \u00e0 l&#8217;arri\u00e8re du tube optique<\/td>\n<\/tr>\n<tr>\n<th>Plage de mise au point<\/th>\n<td>Course de 9mm<\/td>\n<\/tr>\n<tr>\n<th>Sortie<\/th>\n<td>Connexion avec filetage T2 (M42x0.75) ou porte-oculaire femelle 31.75mm<\/td>\n<\/tr>\n<tr>\n<th>Back-focus<\/th>\n<td>12.5mm (distance entre le foyer optique et le filetage T2 m\u00e2le)<\/td>\n<\/tr>\n<tr>\n<th>Fixation<\/th>\n<td>Queue d&#8217;aronde m\u00e2le type Vixen + 2 colliers<\/td>\n<\/tr>\n<tr>\n<th>Supports pour chercheur<\/th>\n<td>2x inclus (base type Vixen\/Sky-Watcher)<\/td>\n<\/tr>\n<tr>\n<th>Collimation<\/th>\n<td>R\u00e9glage en usine &#8211; Possible par le primaire<\/td>\n<\/tr>\n<tr>\n<th>Diam\u00e8tre du tube optique<\/th>\n<td>160mm<\/td>\n<\/tr>\n<tr>\n<th>Longueur du tube optique<\/th>\n<td>399mm<\/td>\n<\/tr>\n<tr>\n<th>Poids du tube optique<\/th>\n<td>3.8kg<\/td>\n<\/tr>\n<\/tbody>\n<\/table>\n","protected":false},"featured_media":10780,"template":"","meta":{"_editorskit_title_hidden":false,"_editorskit_reading_time":0,"_editorskit_is_block_options_detached":false,"_editorskit_block_options_position":"{}","_coblocks_attr":"","_coblocks_dimensions":"","_coblocks_responsive_height":"","_coblocks_accordion_ie_support":"","_crdt_document":"","_monsterinsights_skip_tracking":false,"_monsterinsights_sitenote_active":false,"_monsterinsights_sitenote_note":"","_monsterinsights_sitenote_category":0},"product_brand":[],"product_cat":[22],"product_tag":[],"class_list":{"0":"post-10776","1":"product","2":"type-product","3":"status-publish","4":"has-post-thumbnail","6":"product_cat-telescopes","8":"first","9":"instock","10":"shipping-taxable","11":"purchasable","12":"product-type-simple"},"yoast_head":"<!-- This site is optimized with the Yoast SEO plugin v27.4 - https:\/\/yoast.com\/product\/yoast-seo-wordpress\/ -->\n<title>Astrograph Tube optique HAC125 DX F\/2 Sky-Watcher - Astroshop Maroc<\/title>\n<meta name=\"robots\" content=\"index, follow, max-snippet:-1, max-image-preview:large, max-video-preview:-1\" \/>\n<link rel=\"canonical\" href=\"https:\/\/astroshop.ma\/?product=astrograph-tube-optique-hac125-dx-f-2-sky-watcher\" \/>\n<meta property=\"og:locale\" content=\"en_US\" \/>\n<meta property=\"og:type\" content=\"article\" \/>\n<meta property=\"og:title\" content=\"Astrograph Tube optique HAC125 DX F\/2 Sky-Watcher - Astroshop Maroc\" \/>\n<meta property=\"og:description\" content=\"Caract\u00e9ristiques T\u00e9lescope Astrographe Sky-Watcher HAC125DX f\/2     Formule optique Catadioptrique (formule Honders Avanc\u00e9e)   Diam\u00e8tre utile 125mm   Longueur focale 250mm   Rapport F\/D 2   Miroir primaire Type Mangin   Correcteur 53mm   Obstruction centrale 42.54% (lin\u00e9aire) - 18% (surfacique)   Cercle image corrig\u00e9e 16mm (champ de 3.7\u00b0)   Mat\u00e9riaux Borosilicate   Traitements RAQ (94%) et HTMC (pour le correcteur)   Limite de Dawes 0.93   Limite de Rayleight 1.12   Magnitude limite 12.96   Dispositif de mise au point Molette de mise au point (type h\u00e9lico\u00efdal) \u00e0 l&#039;arri\u00e8re du tube optique   Plage de mise au point Course de 9mm   Sortie Connexion avec filetage T2 (M42x0.75) ou porte-oculaire femelle 31.75mm   Back-focus 12.5mm (distance entre le foyer optique et le filetage T2 m\u00e2le)   Fixation Queue d&#039;aronde m\u00e2le type Vixen + 2 colliers   Supports pour chercheur 2x inclus (base type Vixen\/Sky-Watcher)   Collimation R\u00e9glage en usine - Possible par le primaire   Diam\u00e8tre du tube optique 160mm   Longueur du tube optique 399mm   Poids du tube optique 3.8kg\" \/>\n<meta property=\"og:url\" content=\"https:\/\/astroshop.ma\/?product=astrograph-tube-optique-hac125-dx-f-2-sky-watcher\" \/>\n<meta property=\"og:site_name\" content=\"Astroshop Maroc\" \/>\n<meta property=\"article:modified_time\" content=\"2025-09-25T10:44:31+00:00\" \/>\n<meta property=\"og:image\" content=\"https:\/\/astroshop.ma\/wp-content\/uploads\/2025\/09\/tube-optique-hac125-dx-f-2-sky-watcher.jpg\" \/>\n\t<meta property=\"og:image:width\" content=\"800\" \/>\n\t<meta property=\"og:image:height\" content=\"800\" \/>\n\t<meta property=\"og:image:type\" content=\"image\/jpeg\" \/>\n<meta name=\"twitter:card\" content=\"summary_large_image\" \/>\n<meta name=\"twitter:label1\" content=\"Est. reading time\" \/>\n\t<meta name=\"twitter:data1\" content=\"7 minutes\" \/>\n<script type=\"application\/ld+json\" class=\"yoast-schema-graph\">{\"@context\":\"https:\\\/\\\/schema.org\",\"@graph\":[{\"@type\":\"WebPage\",\"@id\":\"https:\\\/\\\/astroshop.ma\\\/?product=astrograph-tube-optique-hac125-dx-f-2-sky-watcher\",\"url\":\"https:\\\/\\\/astroshop.ma\\\/?product=astrograph-tube-optique-hac125-dx-f-2-sky-watcher\",\"name\":\"Astrograph Tube optique HAC125 DX F\\\/2 Sky-Watcher - Astroshop Maroc\",\"isPartOf\":{\"@id\":\"https:\\\/\\\/astroshop.ma\\\/#website\"},\"primaryImageOfPage\":{\"@id\":\"https:\\\/\\\/astroshop.ma\\\/?product=astrograph-tube-optique-hac125-dx-f-2-sky-watcher#primaryimage\"},\"image\":{\"@id\":\"https:\\\/\\\/astroshop.ma\\\/?product=astrograph-tube-optique-hac125-dx-f-2-sky-watcher#primaryimage\"},\"thumbnailUrl\":\"https:\\\/\\\/astroshop.ma\\\/wp-content\\\/uploads\\\/2025\\\/09\\\/tube-optique-hac125-dx-f-2-sky-watcher.jpg\",\"datePublished\":\"2025-09-25T10:32:16+00:00\",\"dateModified\":\"2025-09-25T10:44:31+00:00\",\"breadcrumb\":{\"@id\":\"https:\\\/\\\/astroshop.ma\\\/?product=astrograph-tube-optique-hac125-dx-f-2-sky-watcher#breadcrumb\"},\"inLanguage\":\"en-US\",\"potentialAction\":[{\"@type\":\"ReadAction\",\"target\":[\"https:\\\/\\\/astroshop.ma\\\/?product=astrograph-tube-optique-hac125-dx-f-2-sky-watcher\"]}]},{\"@type\":\"ImageObject\",\"inLanguage\":\"en-US\",\"@id\":\"https:\\\/\\\/astroshop.ma\\\/?product=astrograph-tube-optique-hac125-dx-f-2-sky-watcher#primaryimage\",\"url\":\"https:\\\/\\\/astroshop.ma\\\/wp-content\\\/uploads\\\/2025\\\/09\\\/tube-optique-hac125-dx-f-2-sky-watcher.jpg\",\"contentUrl\":\"https:\\\/\\\/astroshop.ma\\\/wp-content\\\/uploads\\\/2025\\\/09\\\/tube-optique-hac125-dx-f-2-sky-watcher.jpg\",\"width\":800,\"height\":800},{\"@type\":\"BreadcrumbList\",\"@id\":\"https:\\\/\\\/astroshop.ma\\\/?product=astrograph-tube-optique-hac125-dx-f-2-sky-watcher#breadcrumb\",\"itemListElement\":[{\"@type\":\"ListItem\",\"position\":1,\"name\":\"Home\",\"item\":\"https:\\\/\\\/astroshop.ma\\\/\"},{\"@type\":\"ListItem\",\"position\":2,\"name\":\"Shop\",\"item\":\"https:\\\/\\\/astroshop.ma\\\/?page_id=394\"},{\"@type\":\"ListItem\",\"position\":3,\"name\":\"Astrograph Tube optique HAC125 DX F\\\/2 Sky-Watcher\"}]},{\"@type\":\"WebSite\",\"@id\":\"https:\\\/\\\/astroshop.ma\\\/#website\",\"url\":\"https:\\\/\\\/astroshop.ma\\\/\",\"name\":\"Astroshop Maroc\",\"description\":\"Des instruments astronomiques pour chaque astronome au Maroc\",\"publisher\":{\"@id\":\"https:\\\/\\\/astroshop.ma\\\/#organization\"},\"potentialAction\":[{\"@type\":\"SearchAction\",\"target\":{\"@type\":\"EntryPoint\",\"urlTemplate\":\"https:\\\/\\\/astroshop.ma\\\/?s={search_term_string}\"},\"query-input\":{\"@type\":\"PropertyValueSpecification\",\"valueRequired\":true,\"valueName\":\"search_term_string\"}}],\"inLanguage\":\"en-US\"},{\"@type\":\"Organization\",\"@id\":\"https:\\\/\\\/astroshop.ma\\\/#organization\",\"name\":\"Astroshop Maroc\",\"url\":\"https:\\\/\\\/astroshop.ma\\\/\",\"logo\":{\"@type\":\"ImageObject\",\"inLanguage\":\"en-US\",\"@id\":\"https:\\\/\\\/astroshop.ma\\\/#\\\/schema\\\/logo\\\/image\\\/\",\"url\":\"https:\\\/\\\/astroshop.ma\\\/wp-content\\\/uploads\\\/2025\\\/12\\\/M20_Logo_1.jpg\",\"contentUrl\":\"https:\\\/\\\/astroshop.ma\\\/wp-content\\\/uploads\\\/2025\\\/12\\\/M20_Logo_1.jpg\",\"width\":501,\"height\":334,\"caption\":\"Astroshop Maroc\"},\"image\":{\"@id\":\"https:\\\/\\\/astroshop.ma\\\/#\\\/schema\\\/logo\\\/image\\\/\"}}]}<\/script>\n<!-- \/ Yoast SEO plugin. -->","yoast_head_json":{"title":"Astrograph Tube optique HAC125 DX F\/2 Sky-Watcher - Astroshop Maroc","robots":{"index":"index","follow":"follow","max-snippet":"max-snippet:-1","max-image-preview":"max-image-preview:large","max-video-preview":"max-video-preview:-1"},"canonical":"https:\/\/astroshop.ma\/?product=astrograph-tube-optique-hac125-dx-f-2-sky-watcher","og_locale":"en_US","og_type":"article","og_title":"Astrograph Tube optique HAC125 DX F\/2 Sky-Watcher - Astroshop Maroc","og_description":"Caract\u00e9ristiques T\u00e9lescope Astrographe Sky-Watcher HAC125DX f\/2     Formule optique Catadioptrique (formule Honders Avanc\u00e9e)   Diam\u00e8tre utile 125mm   Longueur focale 250mm   Rapport F\/D 2   Miroir primaire Type Mangin   Correcteur 53mm   Obstruction centrale 42.54% (lin\u00e9aire) - 18% (surfacique)   Cercle image corrig\u00e9e 16mm (champ de 3.7\u00b0)   Mat\u00e9riaux Borosilicate   Traitements RAQ (94%) et HTMC (pour le correcteur)   Limite de Dawes 0.93   Limite de Rayleight 1.12   Magnitude limite 12.96   Dispositif de mise au point Molette de mise au point (type h\u00e9lico\u00efdal) \u00e0 l'arri\u00e8re du tube optique   Plage de mise au point Course de 9mm   Sortie Connexion avec filetage T2 (M42x0.75) ou porte-oculaire femelle 31.75mm   Back-focus 12.5mm (distance entre le foyer optique et le filetage T2 m\u00e2le)   Fixation Queue d'aronde m\u00e2le type Vixen + 2 colliers   Supports pour chercheur 2x inclus (base type Vixen\/Sky-Watcher)   Collimation R\u00e9glage en usine - Possible par le primaire   Diam\u00e8tre du tube optique 160mm   Longueur du tube optique 399mm   Poids du tube optique 3.8kg","og_url":"https:\/\/astroshop.ma\/?product=astrograph-tube-optique-hac125-dx-f-2-sky-watcher","og_site_name":"Astroshop Maroc","article_modified_time":"2025-09-25T10:44:31+00:00","og_image":[{"width":800,"height":800,"url":"https:\/\/astroshop.ma\/wp-content\/uploads\/2025\/09\/tube-optique-hac125-dx-f-2-sky-watcher.jpg","type":"image\/jpeg"}],"twitter_card":"summary_large_image","twitter_misc":{"Est. reading time":"7 minutes"},"schema":{"@context":"https:\/\/schema.org","@graph":[{"@type":"WebPage","@id":"https:\/\/astroshop.ma\/?product=astrograph-tube-optique-hac125-dx-f-2-sky-watcher","url":"https:\/\/astroshop.ma\/?product=astrograph-tube-optique-hac125-dx-f-2-sky-watcher","name":"Astrograph Tube optique HAC125 DX F\/2 Sky-Watcher - Astroshop Maroc","isPartOf":{"@id":"https:\/\/astroshop.ma\/#website"},"primaryImageOfPage":{"@id":"https:\/\/astroshop.ma\/?product=astrograph-tube-optique-hac125-dx-f-2-sky-watcher#primaryimage"},"image":{"@id":"https:\/\/astroshop.ma\/?product=astrograph-tube-optique-hac125-dx-f-2-sky-watcher#primaryimage"},"thumbnailUrl":"https:\/\/astroshop.ma\/wp-content\/uploads\/2025\/09\/tube-optique-hac125-dx-f-2-sky-watcher.jpg","datePublished":"2025-09-25T10:32:16+00:00","dateModified":"2025-09-25T10:44:31+00:00","breadcrumb":{"@id":"https:\/\/astroshop.ma\/?product=astrograph-tube-optique-hac125-dx-f-2-sky-watcher#breadcrumb"},"inLanguage":"en-US","potentialAction":[{"@type":"ReadAction","target":["https:\/\/astroshop.ma\/?product=astrograph-tube-optique-hac125-dx-f-2-sky-watcher"]}]},{"@type":"ImageObject","inLanguage":"en-US","@id":"https:\/\/astroshop.ma\/?product=astrograph-tube-optique-hac125-dx-f-2-sky-watcher#primaryimage","url":"https:\/\/astroshop.ma\/wp-content\/uploads\/2025\/09\/tube-optique-hac125-dx-f-2-sky-watcher.jpg","contentUrl":"https:\/\/astroshop.ma\/wp-content\/uploads\/2025\/09\/tube-optique-hac125-dx-f-2-sky-watcher.jpg","width":800,"height":800},{"@type":"BreadcrumbList","@id":"https:\/\/astroshop.ma\/?product=astrograph-tube-optique-hac125-dx-f-2-sky-watcher#breadcrumb","itemListElement":[{"@type":"ListItem","position":1,"name":"Home","item":"https:\/\/astroshop.ma\/"},{"@type":"ListItem","position":2,"name":"Shop","item":"https:\/\/astroshop.ma\/?page_id=394"},{"@type":"ListItem","position":3,"name":"Astrograph Tube optique HAC125 DX F\/2 Sky-Watcher"}]},{"@type":"WebSite","@id":"https:\/\/astroshop.ma\/#website","url":"https:\/\/astroshop.ma\/","name":"Astroshop Maroc","description":"Des instruments astronomiques pour chaque astronome au Maroc","publisher":{"@id":"https:\/\/astroshop.ma\/#organization"},"potentialAction":[{"@type":"SearchAction","target":{"@type":"EntryPoint","urlTemplate":"https:\/\/astroshop.ma\/?s={search_term_string}"},"query-input":{"@type":"PropertyValueSpecification","valueRequired":true,"valueName":"search_term_string"}}],"inLanguage":"en-US"},{"@type":"Organization","@id":"https:\/\/astroshop.ma\/#organization","name":"Astroshop Maroc","url":"https:\/\/astroshop.ma\/","logo":{"@type":"ImageObject","inLanguage":"en-US","@id":"https:\/\/astroshop.ma\/#\/schema\/logo\/image\/","url":"https:\/\/astroshop.ma\/wp-content\/uploads\/2025\/12\/M20_Logo_1.jpg","contentUrl":"https:\/\/astroshop.ma\/wp-content\/uploads\/2025\/12\/M20_Logo_1.jpg","width":501,"height":334,"caption":"Astroshop Maroc"},"image":{"@id":"https:\/\/astroshop.ma\/#\/schema\/logo\/image\/"}}]}},"_links":{"self":[{"href":"https:\/\/astroshop.ma\/index.php?rest_route=\/wp\/v2\/product\/10776","targetHints":{"allow":["GET"]}}],"collection":[{"href":"https:\/\/astroshop.ma\/index.php?rest_route=\/wp\/v2\/product"}],"about":[{"href":"https:\/\/astroshop.ma\/index.php?rest_route=\/wp\/v2\/types\/product"}],"wp:featuredmedia":[{"embeddable":true,"href":"https:\/\/astroshop.ma\/index.php?rest_route=\/wp\/v2\/media\/10780"}],"wp:attachment":[{"href":"https:\/\/astroshop.ma\/index.php?rest_route=%2Fwp%2Fv2%2Fmedia&parent=10776"}],"wp:term":[{"taxonomy":"product_brand","embeddable":true,"href":"https:\/\/astroshop.ma\/index.php?rest_route=%2Fwp%2Fv2%2Fproduct_brand&post=10776"},{"taxonomy":"product_cat","embeddable":true,"href":"https:\/\/astroshop.ma\/index.php?rest_route=%2Fwp%2Fv2%2Fproduct_cat&post=10776"},{"taxonomy":"product_tag","embeddable":true,"href":"https:\/\/astroshop.ma\/index.php?rest_route=%2Fwp%2Fv2%2Fproduct_tag&post=10776"}],"curies":[{"name":"wp","href":"https:\/\/api.w.org\/{rel}","templated":true}]}}