{"id":10440,"date":"2025-04-28T08:45:13","date_gmt":"2025-04-28T08:45:13","guid":{"rendered":"https:\/\/astroshop.ma\/?post_type=product&#038;p=10440"},"modified":"2025-05-14T10:47:11","modified_gmt":"2025-05-14T10:47:11","slug":"crayford-508mm-kepler-m-lst-pour-sc","status":"publish","type":"product","link":"https:\/\/astroshop.ma\/?product=crayford-508mm-kepler-m-lst-pour-sc","title":{"rendered":"Crayford 50,8mm Kepler M-LST pour SC"},"content":{"rendered":"","protected":false},"excerpt":{"rendered":"<h2>Description<\/h2>\n<p class=\"ng-scope\">La mise au point est un \u00e9l\u00e9ment crucial dans l&#8217;obtention des meilleurs images avec un Schmidt-Cassegrain, notamment l&#8217;imagerie. Pour faciliter la mise au point, Kepler vous propose ce Crayford avec microfocuser (d\u00e9multiplicateur) 1\/10, adaptable sur les tubes Schmidt-Cassegrain.<\/p>\n<p class=\"ng-scope\">Le mod\u00e8le est au coulant 50,8mm avec r\u00e9ducteur 31,75mm et dispose d&#8217;une couronne rotative pour faciliter le cadrage photographique. Une vis permet le r\u00e9glage de la duret\u00e9 du Crayford, une autre permet le blocage complet. Nouveau mod\u00e8le avec rail de guidage.<\/p>\n<p class=\"ng-scope\">Ce focuseur mesure 118mm de long et \u00e0 une course maximum de 50mm.<\/p>\n","protected":false},"featured_media":10441,"template":"","meta":{"_editorskit_title_hidden":false,"_editorskit_reading_time":0,"_editorskit_is_block_options_detached":false,"_editorskit_block_options_position":"{}","_coblocks_attr":"","_coblocks_dimensions":"","_coblocks_responsive_height":"","_coblocks_accordion_ie_support":"","_crdt_document":"","_monsterinsights_skip_tracking":false,"_monsterinsights_sitenote_active":false,"_monsterinsights_sitenote_note":"","_monsterinsights_sitenote_category":0},"product_brand":[],"product_cat":[23,169],"product_tag":[],"class_list":{"0":"post-10440","1":"product","2":"type-product","3":"status-publish","4":"has-post-thumbnail","6":"product_cat-telescope-accessories","7":"product_cat-crayford","9":"first","10":"instock","11":"shipping-taxable","12":"product-type-simple"},"yoast_head":"<!-- This site is optimized with the Yoast SEO plugin v27.4 - https:\/\/yoast.com\/product\/yoast-seo-wordpress\/ -->\n<title>Crayford 50,8mm Kepler M-LST pour SC - Astroshop Maroc<\/title>\n<meta name=\"robots\" content=\"index, follow, max-snippet:-1, max-image-preview:large, max-video-preview:-1\" \/>\n<link rel=\"canonical\" href=\"https:\/\/astroshop.ma\/?product=crayford-508mm-kepler-m-lst-pour-sc\" \/>\n<meta property=\"og:locale\" content=\"en_US\" \/>\n<meta property=\"og:type\" content=\"article\" \/>\n<meta property=\"og:title\" content=\"Crayford 50,8mm Kepler M-LST pour SC - Astroshop Maroc\" \/>\n<meta property=\"og:description\" content=\"Description La mise au point est un \u00e9l\u00e9ment crucial dans l&#039;obtention des meilleurs images avec un Schmidt-Cassegrain, notamment l&#039;imagerie. Pour faciliter la mise au point, Kepler vous propose ce Crayford avec microfocuser (d\u00e9multiplicateur) 1\/10, adaptable sur les tubes Schmidt-Cassegrain. Le mod\u00e8le est au coulant 50,8mm avec r\u00e9ducteur 31,75mm et dispose d&#039;une couronne rotative pour faciliter le cadrage photographique. Une vis permet le r\u00e9glage de la duret\u00e9 du Crayford, une autre permet le blocage complet. Nouveau mod\u00e8le avec rail de guidage. Ce focuseur mesure 118mm de long et \u00e0 une course maximum de 50mm.\" \/>\n<meta property=\"og:url\" content=\"https:\/\/astroshop.ma\/?product=crayford-508mm-kepler-m-lst-pour-sc\" \/>\n<meta property=\"og:site_name\" content=\"Astroshop Maroc\" \/>\n<meta property=\"article:modified_time\" content=\"2025-05-14T10:47:11+00:00\" \/>\n<meta property=\"og:image\" content=\"https:\/\/astroshop.ma\/wp-content\/uploads\/2025\/04\/KE246-1x1200-1.jpg\" \/>\n\t<meta property=\"og:image:width\" content=\"1200\" \/>\n\t<meta property=\"og:image:height\" content=\"1200\" \/>\n\t<meta property=\"og:image:type\" content=\"image\/jpeg\" \/>\n<meta name=\"twitter:card\" content=\"summary_large_image\" \/>\n<script type=\"application\/ld+json\" class=\"yoast-schema-graph\">{\"@context\":\"https:\\\/\\\/schema.org\",\"@graph\":[{\"@type\":\"WebPage\",\"@id\":\"https:\\\/\\\/astroshop.ma\\\/?product=crayford-508mm-kepler-m-lst-pour-sc\",\"url\":\"https:\\\/\\\/astroshop.ma\\\/?product=crayford-508mm-kepler-m-lst-pour-sc\",\"name\":\"Crayford 50,8mm Kepler M-LST pour SC - Astroshop Maroc\",\"isPartOf\":{\"@id\":\"https:\\\/\\\/astroshop.ma\\\/#website\"},\"primaryImageOfPage\":{\"@id\":\"https:\\\/\\\/astroshop.ma\\\/?product=crayford-508mm-kepler-m-lst-pour-sc#primaryimage\"},\"image\":{\"@id\":\"https:\\\/\\\/astroshop.ma\\\/?product=crayford-508mm-kepler-m-lst-pour-sc#primaryimage\"},\"thumbnailUrl\":\"https:\\\/\\\/astroshop.ma\\\/wp-content\\\/uploads\\\/2025\\\/04\\\/KE246-1x1200-1.jpg\",\"datePublished\":\"2025-04-28T08:45:13+00:00\",\"dateModified\":\"2025-05-14T10:47:11+00:00\",\"breadcrumb\":{\"@id\":\"https:\\\/\\\/astroshop.ma\\\/?product=crayford-508mm-kepler-m-lst-pour-sc#breadcrumb\"},\"inLanguage\":\"en-US\",\"potentialAction\":[{\"@type\":\"ReadAction\",\"target\":[\"https:\\\/\\\/astroshop.ma\\\/?product=crayford-508mm-kepler-m-lst-pour-sc\"]}]},{\"@type\":\"ImageObject\",\"inLanguage\":\"en-US\",\"@id\":\"https:\\\/\\\/astroshop.ma\\\/?product=crayford-508mm-kepler-m-lst-pour-sc#primaryimage\",\"url\":\"https:\\\/\\\/astroshop.ma\\\/wp-content\\\/uploads\\\/2025\\\/04\\\/KE246-1x1200-1.jpg\",\"contentUrl\":\"https:\\\/\\\/astroshop.ma\\\/wp-content\\\/uploads\\\/2025\\\/04\\\/KE246-1x1200-1.jpg\",\"width\":1200,\"height\":1200},{\"@type\":\"BreadcrumbList\",\"@id\":\"https:\\\/\\\/astroshop.ma\\\/?product=crayford-508mm-kepler-m-lst-pour-sc#breadcrumb\",\"itemListElement\":[{\"@type\":\"ListItem\",\"position\":1,\"name\":\"Home\",\"item\":\"https:\\\/\\\/astroshop.ma\\\/\"},{\"@type\":\"ListItem\",\"position\":2,\"name\":\"Shop\",\"item\":\"https:\\\/\\\/astroshop.ma\\\/?page_id=394\"},{\"@type\":\"ListItem\",\"position\":3,\"name\":\"Crayford 50,8mm Kepler M-LST pour SC\"}]},{\"@type\":\"WebSite\",\"@id\":\"https:\\\/\\\/astroshop.ma\\\/#website\",\"url\":\"https:\\\/\\\/astroshop.ma\\\/\",\"name\":\"Astroshop Maroc\",\"description\":\"Des instruments astronomiques pour chaque astronome au Maroc\",\"publisher\":{\"@id\":\"https:\\\/\\\/astroshop.ma\\\/#organization\"},\"potentialAction\":[{\"@type\":\"SearchAction\",\"target\":{\"@type\":\"EntryPoint\",\"urlTemplate\":\"https:\\\/\\\/astroshop.ma\\\/?s={search_term_string}\"},\"query-input\":{\"@type\":\"PropertyValueSpecification\",\"valueRequired\":true,\"valueName\":\"search_term_string\"}}],\"inLanguage\":\"en-US\"},{\"@type\":\"Organization\",\"@id\":\"https:\\\/\\\/astroshop.ma\\\/#organization\",\"name\":\"Astroshop Maroc\",\"url\":\"https:\\\/\\\/astroshop.ma\\\/\",\"logo\":{\"@type\":\"ImageObject\",\"inLanguage\":\"en-US\",\"@id\":\"https:\\\/\\\/astroshop.ma\\\/#\\\/schema\\\/logo\\\/image\\\/\",\"url\":\"https:\\\/\\\/astroshop.ma\\\/wp-content\\\/uploads\\\/2025\\\/12\\\/M20_Logo_1.jpg\",\"contentUrl\":\"https:\\\/\\\/astroshop.ma\\\/wp-content\\\/uploads\\\/2025\\\/12\\\/M20_Logo_1.jpg\",\"width\":501,\"height\":334,\"caption\":\"Astroshop Maroc\"},\"image\":{\"@id\":\"https:\\\/\\\/astroshop.ma\\\/#\\\/schema\\\/logo\\\/image\\\/\"}}]}<\/script>\n<!-- \/ Yoast SEO plugin. -->","yoast_head_json":{"title":"Crayford 50,8mm Kepler M-LST pour SC - Astroshop Maroc","robots":{"index":"index","follow":"follow","max-snippet":"max-snippet:-1","max-image-preview":"max-image-preview:large","max-video-preview":"max-video-preview:-1"},"canonical":"https:\/\/astroshop.ma\/?product=crayford-508mm-kepler-m-lst-pour-sc","og_locale":"en_US","og_type":"article","og_title":"Crayford 50,8mm Kepler M-LST pour SC - Astroshop Maroc","og_description":"Description La mise au point est un \u00e9l\u00e9ment crucial dans l'obtention des meilleurs images avec un Schmidt-Cassegrain, notamment l'imagerie. Pour faciliter la mise au point, Kepler vous propose ce Crayford avec microfocuser (d\u00e9multiplicateur) 1\/10, adaptable sur les tubes Schmidt-Cassegrain. Le mod\u00e8le est au coulant 50,8mm avec r\u00e9ducteur 31,75mm et dispose d'une couronne rotative pour faciliter le cadrage photographique. Une vis permet le r\u00e9glage de la duret\u00e9 du Crayford, une autre permet le blocage complet. Nouveau mod\u00e8le avec rail de guidage. Ce focuseur mesure 118mm de long et \u00e0 une course maximum de 50mm.","og_url":"https:\/\/astroshop.ma\/?product=crayford-508mm-kepler-m-lst-pour-sc","og_site_name":"Astroshop Maroc","article_modified_time":"2025-05-14T10:47:11+00:00","og_image":[{"width":1200,"height":1200,"url":"https:\/\/astroshop.ma\/wp-content\/uploads\/2025\/04\/KE246-1x1200-1.jpg","type":"image\/jpeg"}],"twitter_card":"summary_large_image","schema":{"@context":"https:\/\/schema.org","@graph":[{"@type":"WebPage","@id":"https:\/\/astroshop.ma\/?product=crayford-508mm-kepler-m-lst-pour-sc","url":"https:\/\/astroshop.ma\/?product=crayford-508mm-kepler-m-lst-pour-sc","name":"Crayford 50,8mm Kepler M-LST pour SC - Astroshop Maroc","isPartOf":{"@id":"https:\/\/astroshop.ma\/#website"},"primaryImageOfPage":{"@id":"https:\/\/astroshop.ma\/?product=crayford-508mm-kepler-m-lst-pour-sc#primaryimage"},"image":{"@id":"https:\/\/astroshop.ma\/?product=crayford-508mm-kepler-m-lst-pour-sc#primaryimage"},"thumbnailUrl":"https:\/\/astroshop.ma\/wp-content\/uploads\/2025\/04\/KE246-1x1200-1.jpg","datePublished":"2025-04-28T08:45:13+00:00","dateModified":"2025-05-14T10:47:11+00:00","breadcrumb":{"@id":"https:\/\/astroshop.ma\/?product=crayford-508mm-kepler-m-lst-pour-sc#breadcrumb"},"inLanguage":"en-US","potentialAction":[{"@type":"ReadAction","target":["https:\/\/astroshop.ma\/?product=crayford-508mm-kepler-m-lst-pour-sc"]}]},{"@type":"ImageObject","inLanguage":"en-US","@id":"https:\/\/astroshop.ma\/?product=crayford-508mm-kepler-m-lst-pour-sc#primaryimage","url":"https:\/\/astroshop.ma\/wp-content\/uploads\/2025\/04\/KE246-1x1200-1.jpg","contentUrl":"https:\/\/astroshop.ma\/wp-content\/uploads\/2025\/04\/KE246-1x1200-1.jpg","width":1200,"height":1200},{"@type":"BreadcrumbList","@id":"https:\/\/astroshop.ma\/?product=crayford-508mm-kepler-m-lst-pour-sc#breadcrumb","itemListElement":[{"@type":"ListItem","position":1,"name":"Home","item":"https:\/\/astroshop.ma\/"},{"@type":"ListItem","position":2,"name":"Shop","item":"https:\/\/astroshop.ma\/?page_id=394"},{"@type":"ListItem","position":3,"name":"Crayford 50,8mm Kepler M-LST pour SC"}]},{"@type":"WebSite","@id":"https:\/\/astroshop.ma\/#website","url":"https:\/\/astroshop.ma\/","name":"Astroshop Maroc","description":"Des instruments astronomiques pour chaque astronome au Maroc","publisher":{"@id":"https:\/\/astroshop.ma\/#organization"},"potentialAction":[{"@type":"SearchAction","target":{"@type":"EntryPoint","urlTemplate":"https:\/\/astroshop.ma\/?s={search_term_string}"},"query-input":{"@type":"PropertyValueSpecification","valueRequired":true,"valueName":"search_term_string"}}],"inLanguage":"en-US"},{"@type":"Organization","@id":"https:\/\/astroshop.ma\/#organization","name":"Astroshop Maroc","url":"https:\/\/astroshop.ma\/","logo":{"@type":"ImageObject","inLanguage":"en-US","@id":"https:\/\/astroshop.ma\/#\/schema\/logo\/image\/","url":"https:\/\/astroshop.ma\/wp-content\/uploads\/2025\/12\/M20_Logo_1.jpg","contentUrl":"https:\/\/astroshop.ma\/wp-content\/uploads\/2025\/12\/M20_Logo_1.jpg","width":501,"height":334,"caption":"Astroshop Maroc"},"image":{"@id":"https:\/\/astroshop.ma\/#\/schema\/logo\/image\/"}}]}},"_links":{"self":[{"href":"https:\/\/astroshop.ma\/index.php?rest_route=\/wp\/v2\/product\/10440","targetHints":{"allow":["GET"]}}],"collection":[{"href":"https:\/\/astroshop.ma\/index.php?rest_route=\/wp\/v2\/product"}],"about":[{"href":"https:\/\/astroshop.ma\/index.php?rest_route=\/wp\/v2\/types\/product"}],"wp:featuredmedia":[{"embeddable":true,"href":"https:\/\/astroshop.ma\/index.php?rest_route=\/wp\/v2\/media\/10441"}],"wp:attachment":[{"href":"https:\/\/astroshop.ma\/index.php?rest_route=%2Fwp%2Fv2%2Fmedia&parent=10440"}],"wp:term":[{"taxonomy":"product_brand","embeddable":true,"href":"https:\/\/astroshop.ma\/index.php?rest_route=%2Fwp%2Fv2%2Fproduct_brand&post=10440"},{"taxonomy":"product_cat","embeddable":true,"href":"https:\/\/astroshop.ma\/index.php?rest_route=%2Fwp%2Fv2%2Fproduct_cat&post=10440"},{"taxonomy":"product_tag","embeddable":true,"href":"https:\/\/astroshop.ma\/index.php?rest_route=%2Fwp%2Fv2%2Fproduct_tag&post=10440"}],"curies":[{"name":"wp","href":"https:\/\/api.w.org\/{rel}","templated":true}]}}