{"id":10317,"date":"2025-01-25T11:51:44","date_gmt":"2025-01-25T11:51:44","guid":{"rendered":"https:\/\/astroshop.ma\/?post_type=product&#038;p=10317"},"modified":"2025-01-25T12:45:36","modified_gmt":"2025-01-25T12:45:36","slug":"10317","status":"publish","type":"product","link":"https:\/\/astroshop.ma\/?product=10317","title":{"rendered":"Bresser Microscope-Bresser-Science-TFM-301-trino-40x-1000x"},"content":{"rendered":"<table style=\"border-collapse: collapse; width: 100%; font-family: Arial, sans-serif;\">\n<thead>\n<tr style=\"background-color: #f2f2f2;\">\n<th style=\"padding: 8px; border: 1px solid #ddd;\">Cat\u00e9gorie<\/th>\n<th style=\"padding: 8px; border: 1px solid #ddd;\">D\u00e9tails<\/th>\n<\/tr>\n<\/thead>\n<tbody>\n<tr>\n<td style=\"padding: 8px; border: 1px solid #ddd;\">Optique<\/td>\n<td style=\"padding: 8px; border: 1px solid #ddd;\">Oculaire: 10x \/ 20mm (Oculaire grand champ)<\/td>\n<\/tr>\n<tr>\n<td style=\"padding: 8px; border: 1px solid #ddd;\">Grossissement<\/td>\n<td style=\"padding: 8px; border: 1px solid #ddd;\">40-1000<\/td>\n<\/tr>\n<tr>\n<td style=\"padding: 8px; border: 1px solid #ddd;\">Type de l\u00b4objective<\/td>\n<td style=\"padding: 8px; border: 1px solid #ddd;\">Semi-Plan Achromatique<\/td>\n<\/tr>\n<tr>\n<td style=\"padding: 8px; border: 1px solid #ddd;\">\u00c9chelle de l\u00b4image<\/td>\n<td style=\"padding: 8px; border: 1px solid #ddd;\">4, 10, 40, 100 (immersion de l\u00b4huile)<\/td>\n<\/tr>\n<tr>\n<td style=\"padding: 8px; border: 1px solid #ddd;\">Condenseur<\/td>\n<td style=\"padding: 8px; border: 1px solid #ddd;\">Abbe (N.A. 1,25, hauteur r\u00e9glable, centrable)<\/td>\n<\/tr>\n<tr>\n<td style=\"padding: 8px; border: 1px solid #ddd;\">Objectifs<\/td>\n<td style=\"padding: 8px; border: 1px solid #ddd;\">14x<br \/>\n210x<br \/>\n340x<br \/>\n4100x\/Oil<\/td>\n<\/tr>\n<tr>\n<td style=\"padding: 8px; border: 1px solid #ddd;\">\u00c9clairage<\/td>\n<td style=\"padding: 8px; border: 1px solid #ddd;\">Lumi\u00e8re transmise<br \/>\nType de lampe: LED<br \/>\nAlimentation \u00e9lectrique: Prise secteur<\/td>\n<\/tr>\n<tr>\n<td style=\"padding: 8px; border: 1px solid #ddd;\">Syst\u00e8me optique<\/td>\n<td style=\"padding: 8px; border: 1px solid #ddd;\">DIN (160mm)<\/td>\n<\/tr>\n<tr>\n<td style=\"padding: 8px; border: 1px solid #ddd;\">Nombre de objectives<\/td>\n<td style=\"padding: 8px; border: 1px solid #ddd;\">4<\/td>\n<\/tr>\n<tr>\n<td style=\"padding: 8px; border: 1px solid #ddd;\">Capacit\u00e9<\/td>\n<td style=\"padding: 8px; border: 1px solid #ddd;\">Fond clair: Oui<\/td>\n<\/tr>\n<tr>\n<td style=\"padding: 8px; border: 1px solid #ddd;\">Syst\u00e8me m\u00e9canique<\/td>\n<td style=\"padding: 8px; border: 1px solid #ddd;\">Platine porte-objet: Platine \u00e0 chariot crois\u00e9 (avec \u00e9chelle de vernier)<br \/>\nType de construction: Trinoculaire<\/td>\n<\/tr>\n<tr>\n<td style=\"padding: 8px; border: 1px solid #ddd;\">Posture d&#8217;observation (\u00b0)<\/td>\n<td style=\"padding: 8px; border: 1px solid #ddd;\">Vis\u00e9e \u00e0 30\u00b0, t\u00eate rotative 360\u00b0<\/td>\n<\/tr>\n<tr>\n<td style=\"padding: 8px; border: 1px solid #ddd;\">Mise au point<\/td>\n<td style=\"padding: 8px; border: 1px solid #ddd;\">Mouvement rapide \/ fin (coaxial)<\/td>\n<\/tr>\n<tr>\n<td style=\"padding: 8px; border: 1px solid #ddd;\">Particularit\u00e9s<\/td>\n<td style=\"padding: 8px; border: 1px solid #ddd;\">Sac de protection contre la poussi\u00e8re: Oui<\/td>\n<\/tr>\n<tr>\n<td style=\"padding: 8px; border: 1px solid #ddd;\">Donn\u00e9es g\u00e9n\u00e9rales<\/td>\n<td style=\"padding: 8px; border: 1px solid #ddd;\">Couleur: Noir-blanc<br \/>\nS\u00e9rie: Science<\/td>\n<\/tr>\n<tr>\n<td style=\"padding: 8px; border: 1px solid #ddd;\">Utilisable de&#8230;<\/td>\n<td style=\"padding: 8px; border: 1px solid #ddd;\">18<\/td>\n<\/tr>\n<tr>\n<td style=\"padding: 8px; border: 1px solid #ddd;\">Poids (g)<\/td>\n<td style=\"padding: 8px; border: 1px solid #ddd;\">6340<\/td>\n<\/tr>\n<tr>\n<td style=\"padding: 8px; border: 1px solid #ddd;\">Convient pour<\/td>\n<td style=\"padding: 8px; border: 1px solid #ddd;\">D\u00e9butant: Non<br \/>\nAmateurs avertis: Oui<br \/>\nPros: Oui<\/td>\n<\/tr>\n<tr>\n<td style=\"padding: 8px; border: 1px solid #ddd;\">Domaine d&#8217;expertise<\/td>\n<td style=\"padding: 8px; border: 1px solid #ddd;\">M\u00e9decine: Oui<\/td>\n<\/tr>\n<\/tbody>\n<\/table>\n","protected":false},"excerpt":{"rendered":"<p><img loading=\"lazy\" decoding=\"async\" class=\"alignnone size-full wp-image-10318\" src=\"https:\/\/astroshop.ma\/wp-content\/uploads\/2025\/01\/Bresser.jpg\" alt=\"\" width=\"300\" height=\"150\" srcset=\"https:\/\/astroshop.ma\/wp-content\/uploads\/2025\/01\/Bresser.jpg 300w, https:\/\/astroshop.ma\/wp-content\/uploads\/2025\/01\/Bresser-64x32.jpg 64w\" sizes=\"auto, (max-width: 300px) 100vw, 300px\" \/><\/p>\n<div class=\"display-flex fd-column\">\n<div id=\"description\" class=\"cnt-text-box\">\n<h2 class=\"hdl-01\">Description du produit<\/h2>\n<div class=\"text-justify\">\n<div>\n<p>BRESSER Science TFM-301 Trino<\/p>\n<p>Le<b>\u00a0nouveau BRESSER Science TFM-301<\/b>\u00a0est un microscope trinoculaire \u00e9quip\u00e9 d<b>&#8216;objectifs semi plan<\/b>.<\/p>\n<p>&nbsp;<\/p>\n<p>Les oculaires WF grand champs 10x offrent un large champ visuel de 20 mm. L&#8217;\u00e9cart pupillaire peut \u00eatre r\u00e9gl\u00e9 de 55mm \u00e0 75mm. Le<b>\u00a0r\u00e9glage dioptrique est possible sur les deux oculaires.<\/b><\/p>\n<p>L&#8217;<b>\u00e9clairage LED \u00e0 intensit\u00e9 variable est puissant<\/b>\u00a0et durable et \u00e9galement tout \u00e0 fait adapt\u00e9 \u00e0 la microscopie en fond noir *. Le syst\u00e8me d&#8217;alimentation est tr\u00e8s polyvalent et peut s\u2019effectuer via le port USB et c\u00e2ble ou via un adaptateur secteur (inclus).<\/p>\n<p>L<b>&#8216;\u00e9clairage est r\u00e9glable de type K\u00f6hler<\/b>\u00a0poss\u00e8de un diaphragme de champ int\u00e9gr\u00e9 et un\u00a0<b>condenseur d\u2019Abbe r\u00e9glable verticalement et horizontalement<\/b>\u00a0(ouverture num\u00e9rique de 1,25, avec diaphragme \u00e0 iris). Une graduation des diff\u00e9rents grossissements possibles sur le condenseur permet un r\u00e9glage tr\u00e8s rapide et pr\u00e9cis de l&#8217;iris diaphragme.<\/p>\n<p>Le syst\u00e8me commande ergonomique de la platine et de la\u00a0<b>mise au point s\u2019effectue par pignons coaxiaux,<\/b>\u00a0permettant une\u00a0<b>utilisation confortable et sans fatigue du microscope.<br \/>\n<\/b><br \/>\n<b>COMPRIS DANS LA LIVRAISON<\/b><\/p>\n<ul>\n<li>Microscope avec \u00e9clairage LED int\u00e9gr\u00e9<\/li>\n<li>objectifs semi plans (4x, 10x, 40x, 100x immersion \u00e0 huile)<\/li>\n<li>2x Oculaires (WF 10x)(\u00d8 30mm)<\/li>\n<li>Huile pour immersion<\/li>\n<li>Housse de protection<\/li>\n<li>Adaptateur secteur<\/li>\n<li>c\u00e2ble d&#8217;alimentation USB<\/li>\n<li>Manuel<\/li>\n<\/ul>\n<\/div>\n<\/div>\n<\/div>\n<div id=\"downloads\">\n<h2 class=\"hdl-01\">T\u00e9l\u00e9chargements<\/h2>\n<div class=\"display-flex fw-wrap\"><a class=\"display-flex ai-center mar-32r\" href=\"https:\/\/www.astroshop.de\/Produktdownloads\/52990_DE_EN_743e5f12aa56ce78f4d1254c5421fb57.pdf\" target=\"_blank\" rel=\"noopener\"><img decoding=\"async\" class=\"mar-8r pad-4v\" src=\"https:\/\/www.astroshop.de\/img2601c40e6\/acrobat-logo.jpg\" alt=\"\" \/>Manuel utilisateur (DE\/EN)<\/a><\/div>\n<\/div>\n<div id=\"productSafety\"><\/div>\n<div class=\"gtc-container gtc-container-hidden\" data-action=\"gtc-container\">\n<div class=\"gtc-gradient gtc-gradient-hidden\" data-action=\"gtc-btn\">\n<div class=\"gtc-text classic-link\">\n<div data-action=\"gtc-text\" data-gtcid=\"accessories\"><\/div>\n<\/div>\n<\/div>\n<\/div>\n<\/div>\n<div class=\"display-flex fd-column hide-below-bp2\">\n<div class=\"cnt-text-box\">\n<div class=\"pad-8\">\n<div class=\"cursor-zoomin\" data-type=\"btn-js\" data-action=\"opengallery-0\"><img decoding=\"async\" src=\"https:\/\/www.astroshop.de\/Produktbilder\/big\/52988_1.jpg\" alt=\"Microscope Bresser Science TFM-301, trino, 40x - 1000x\" \/><\/div>\n<\/div>\n<\/div>\n<\/div>\n","protected":false},"featured_media":10319,"template":"","meta":{"_editorskit_title_hidden":false,"_editorskit_reading_time":0,"_editorskit_is_block_options_detached":false,"_editorskit_block_options_position":"{}","_coblocks_attr":"","_coblocks_dimensions":"","_coblocks_responsive_height":"","_coblocks_accordion_ie_support":"","_crdt_document":"","_monsterinsights_skip_tracking":false,"_monsterinsights_sitenote_active":false,"_monsterinsights_sitenote_note":"","_monsterinsights_sitenote_category":0},"product_brand":[],"product_cat":[28],"product_tag":[],"class_list":{"0":"post-10317","1":"product","2":"type-product","3":"status-publish","4":"has-post-thumbnail","6":"product_cat-microscopes","8":"first","9":"instock","10":"shipping-taxable","11":"purchasable","12":"product-type-simple"},"yoast_head":"<!-- This site is optimized with the Yoast SEO plugin v27.4 - https:\/\/yoast.com\/product\/yoast-seo-wordpress\/ -->\n<title>Bresser Microscope-Bresser-Science-TFM-301-trino-40x-1000x - Astroshop Maroc<\/title>\n<meta name=\"robots\" content=\"index, follow, max-snippet:-1, max-image-preview:large, max-video-preview:-1\" \/>\n<link rel=\"canonical\" href=\"https:\/\/astroshop.ma\/?product=10317\" \/>\n<meta property=\"og:locale\" content=\"en_US\" \/>\n<meta property=\"og:type\" content=\"article\" \/>\n<meta property=\"og:title\" content=\"Bresser Microscope-Bresser-Science-TFM-301-trino-40x-1000x - Astroshop Maroc\" \/>\n<meta property=\"og:description\" content=\"Description du produit    BRESSER Science TFM-301 Trino  Le\u00a0nouveau BRESSER Science TFM-301\u00a0est un microscope trinoculaire \u00e9quip\u00e9 d&#039;objectifs semi plan.  &nbsp;  Les oculaires WF grand champs 10x offrent un large champ visuel de 20 mm. L&#039;\u00e9cart pupillaire peut \u00eatre r\u00e9gl\u00e9 de 55mm \u00e0 75mm. Le\u00a0r\u00e9glage dioptrique est possible sur les deux oculaires.  L&#039;\u00e9clairage LED \u00e0 intensit\u00e9 variable est puissant\u00a0et durable et \u00e9galement tout \u00e0 fait adapt\u00e9 \u00e0 la microscopie en fond noir *. Le syst\u00e8me d&#039;alimentation est tr\u00e8s polyvalent et peut s\u2019effectuer via le port USB et c\u00e2ble ou via un adaptateur secteur (inclus).  L&#039;\u00e9clairage est r\u00e9glable de type K\u00f6hler\u00a0poss\u00e8de un diaphragme de champ int\u00e9gr\u00e9 et un\u00a0condenseur d\u2019Abbe r\u00e9glable verticalement et horizontalement\u00a0(ouverture num\u00e9rique de 1,25, avec diaphragme \u00e0 iris). Une graduation des diff\u00e9rents grossissements possibles sur le condenseur permet un r\u00e9glage tr\u00e8s rapide et pr\u00e9cis de l&#039;iris diaphragme.  Le syst\u00e8me commande ergonomique de la platine et de la\u00a0mise au point s\u2019effectue par pignons coaxiaux,\u00a0permettant une\u00a0utilisation confortable et sans fatigue du microscope.  COMPRIS DANS LA LIVRAISON   Microscope avec \u00e9clairage LED int\u00e9gr\u00e9  objectifs semi plans (4x, 10x, 40x, 100x immersion \u00e0 huile)  2x Oculaires (WF 10x)(\u00d8 30mm)  Huile pour immersion  Housse de protection  Adaptateur secteur  c\u00e2ble d&#039;alimentation USB  Manuel      T\u00e9l\u00e9chargements Manuel utilisateur (DE\/EN)\" \/>\n<meta property=\"og:url\" content=\"https:\/\/astroshop.ma\/?product=10317\" \/>\n<meta property=\"og:site_name\" content=\"Astroshop Maroc\" \/>\n<meta property=\"article:modified_time\" content=\"2025-01-25T12:45:36+00:00\" \/>\n<meta property=\"og:image\" content=\"https:\/\/astroshop.ma\/wp-content\/uploads\/2025\/01\/Microscope-Bresser-Science-TFM-301-trino-40x-1000x.jpg\" \/>\n\t<meta property=\"og:image:width\" content=\"800\" \/>\n\t<meta property=\"og:image:height\" content=\"800\" \/>\n\t<meta property=\"og:image:type\" content=\"image\/jpeg\" \/>\n<meta name=\"twitter:card\" content=\"summary_large_image\" \/>\n<meta name=\"twitter:label1\" content=\"Est. reading time\" \/>\n\t<meta name=\"twitter:data1\" content=\"1 minute\" \/>\n<script type=\"application\/ld+json\" class=\"yoast-schema-graph\">{\"@context\":\"https:\\\/\\\/schema.org\",\"@graph\":[{\"@type\":\"WebPage\",\"@id\":\"https:\\\/\\\/astroshop.ma\\\/?product=10317\",\"url\":\"https:\\\/\\\/astroshop.ma\\\/?product=10317\",\"name\":\"Bresser Microscope-Bresser-Science-TFM-301-trino-40x-1000x - Astroshop Maroc\",\"isPartOf\":{\"@id\":\"https:\\\/\\\/astroshop.ma\\\/#website\"},\"primaryImageOfPage\":{\"@id\":\"https:\\\/\\\/astroshop.ma\\\/?product=10317#primaryimage\"},\"image\":{\"@id\":\"https:\\\/\\\/astroshop.ma\\\/?product=10317#primaryimage\"},\"thumbnailUrl\":\"https:\\\/\\\/astroshop.ma\\\/wp-content\\\/uploads\\\/2025\\\/01\\\/Microscope-Bresser-Science-TFM-301-trino-40x-1000x.jpg\",\"datePublished\":\"2025-01-25T11:51:44+00:00\",\"dateModified\":\"2025-01-25T12:45:36+00:00\",\"breadcrumb\":{\"@id\":\"https:\\\/\\\/astroshop.ma\\\/?product=10317#breadcrumb\"},\"inLanguage\":\"en-US\",\"potentialAction\":[{\"@type\":\"ReadAction\",\"target\":[\"https:\\\/\\\/astroshop.ma\\\/?product=10317\"]}]},{\"@type\":\"ImageObject\",\"inLanguage\":\"en-US\",\"@id\":\"https:\\\/\\\/astroshop.ma\\\/?product=10317#primaryimage\",\"url\":\"https:\\\/\\\/astroshop.ma\\\/wp-content\\\/uploads\\\/2025\\\/01\\\/Microscope-Bresser-Science-TFM-301-trino-40x-1000x.jpg\",\"contentUrl\":\"https:\\\/\\\/astroshop.ma\\\/wp-content\\\/uploads\\\/2025\\\/01\\\/Microscope-Bresser-Science-TFM-301-trino-40x-1000x.jpg\",\"width\":800,\"height\":800},{\"@type\":\"BreadcrumbList\",\"@id\":\"https:\\\/\\\/astroshop.ma\\\/?product=10317#breadcrumb\",\"itemListElement\":[{\"@type\":\"ListItem\",\"position\":1,\"name\":\"Home\",\"item\":\"https:\\\/\\\/astroshop.ma\\\/\"},{\"@type\":\"ListItem\",\"position\":2,\"name\":\"Shop\",\"item\":\"https:\\\/\\\/astroshop.ma\\\/?page_id=394\"},{\"@type\":\"ListItem\",\"position\":3,\"name\":\"Bresser Microscope-Bresser-Science-TFM-301-trino-40x-1000x\"}]},{\"@type\":\"WebSite\",\"@id\":\"https:\\\/\\\/astroshop.ma\\\/#website\",\"url\":\"https:\\\/\\\/astroshop.ma\\\/\",\"name\":\"Astroshop Maroc\",\"description\":\"Des instruments astronomiques pour chaque astronome au Maroc\",\"publisher\":{\"@id\":\"https:\\\/\\\/astroshop.ma\\\/#organization\"},\"potentialAction\":[{\"@type\":\"SearchAction\",\"target\":{\"@type\":\"EntryPoint\",\"urlTemplate\":\"https:\\\/\\\/astroshop.ma\\\/?s={search_term_string}\"},\"query-input\":{\"@type\":\"PropertyValueSpecification\",\"valueRequired\":true,\"valueName\":\"search_term_string\"}}],\"inLanguage\":\"en-US\"},{\"@type\":\"Organization\",\"@id\":\"https:\\\/\\\/astroshop.ma\\\/#organization\",\"name\":\"Astroshop Maroc\",\"url\":\"https:\\\/\\\/astroshop.ma\\\/\",\"logo\":{\"@type\":\"ImageObject\",\"inLanguage\":\"en-US\",\"@id\":\"https:\\\/\\\/astroshop.ma\\\/#\\\/schema\\\/logo\\\/image\\\/\",\"url\":\"https:\\\/\\\/astroshop.ma\\\/wp-content\\\/uploads\\\/2025\\\/12\\\/M20_Logo_1.jpg\",\"contentUrl\":\"https:\\\/\\\/astroshop.ma\\\/wp-content\\\/uploads\\\/2025\\\/12\\\/M20_Logo_1.jpg\",\"width\":501,\"height\":334,\"caption\":\"Astroshop Maroc\"},\"image\":{\"@id\":\"https:\\\/\\\/astroshop.ma\\\/#\\\/schema\\\/logo\\\/image\\\/\"}}]}<\/script>\n<!-- \/ Yoast SEO plugin. -->","yoast_head_json":{"title":"Bresser Microscope-Bresser-Science-TFM-301-trino-40x-1000x - Astroshop Maroc","robots":{"index":"index","follow":"follow","max-snippet":"max-snippet:-1","max-image-preview":"max-image-preview:large","max-video-preview":"max-video-preview:-1"},"canonical":"https:\/\/astroshop.ma\/?product=10317","og_locale":"en_US","og_type":"article","og_title":"Bresser Microscope-Bresser-Science-TFM-301-trino-40x-1000x - Astroshop Maroc","og_description":"Description du produit    BRESSER Science TFM-301 Trino  Le\u00a0nouveau BRESSER Science TFM-301\u00a0est un microscope trinoculaire \u00e9quip\u00e9 d'objectifs semi plan.  &nbsp;  Les oculaires WF grand champs 10x offrent un large champ visuel de 20 mm. L'\u00e9cart pupillaire peut \u00eatre r\u00e9gl\u00e9 de 55mm \u00e0 75mm. Le\u00a0r\u00e9glage dioptrique est possible sur les deux oculaires.  L'\u00e9clairage LED \u00e0 intensit\u00e9 variable est puissant\u00a0et durable et \u00e9galement tout \u00e0 fait adapt\u00e9 \u00e0 la microscopie en fond noir *. Le syst\u00e8me d'alimentation est tr\u00e8s polyvalent et peut s\u2019effectuer via le port USB et c\u00e2ble ou via un adaptateur secteur (inclus).  L'\u00e9clairage est r\u00e9glable de type K\u00f6hler\u00a0poss\u00e8de un diaphragme de champ int\u00e9gr\u00e9 et un\u00a0condenseur d\u2019Abbe r\u00e9glable verticalement et horizontalement\u00a0(ouverture num\u00e9rique de 1,25, avec diaphragme \u00e0 iris). Une graduation des diff\u00e9rents grossissements possibles sur le condenseur permet un r\u00e9glage tr\u00e8s rapide et pr\u00e9cis de l'iris diaphragme.  Le syst\u00e8me commande ergonomique de la platine et de la\u00a0mise au point s\u2019effectue par pignons coaxiaux,\u00a0permettant une\u00a0utilisation confortable et sans fatigue du microscope.  COMPRIS DANS LA LIVRAISON   Microscope avec \u00e9clairage LED int\u00e9gr\u00e9  objectifs semi plans (4x, 10x, 40x, 100x immersion \u00e0 huile)  2x Oculaires (WF 10x)(\u00d8 30mm)  Huile pour immersion  Housse de protection  Adaptateur secteur  c\u00e2ble d'alimentation USB  Manuel      T\u00e9l\u00e9chargements Manuel utilisateur (DE\/EN)","og_url":"https:\/\/astroshop.ma\/?product=10317","og_site_name":"Astroshop Maroc","article_modified_time":"2025-01-25T12:45:36+00:00","og_image":[{"width":800,"height":800,"url":"https:\/\/astroshop.ma\/wp-content\/uploads\/2025\/01\/Microscope-Bresser-Science-TFM-301-trino-40x-1000x.jpg","type":"image\/jpeg"}],"twitter_card":"summary_large_image","twitter_misc":{"Est. reading time":"1 minute"},"schema":{"@context":"https:\/\/schema.org","@graph":[{"@type":"WebPage","@id":"https:\/\/astroshop.ma\/?product=10317","url":"https:\/\/astroshop.ma\/?product=10317","name":"Bresser Microscope-Bresser-Science-TFM-301-trino-40x-1000x - Astroshop Maroc","isPartOf":{"@id":"https:\/\/astroshop.ma\/#website"},"primaryImageOfPage":{"@id":"https:\/\/astroshop.ma\/?product=10317#primaryimage"},"image":{"@id":"https:\/\/astroshop.ma\/?product=10317#primaryimage"},"thumbnailUrl":"https:\/\/astroshop.ma\/wp-content\/uploads\/2025\/01\/Microscope-Bresser-Science-TFM-301-trino-40x-1000x.jpg","datePublished":"2025-01-25T11:51:44+00:00","dateModified":"2025-01-25T12:45:36+00:00","breadcrumb":{"@id":"https:\/\/astroshop.ma\/?product=10317#breadcrumb"},"inLanguage":"en-US","potentialAction":[{"@type":"ReadAction","target":["https:\/\/astroshop.ma\/?product=10317"]}]},{"@type":"ImageObject","inLanguage":"en-US","@id":"https:\/\/astroshop.ma\/?product=10317#primaryimage","url":"https:\/\/astroshop.ma\/wp-content\/uploads\/2025\/01\/Microscope-Bresser-Science-TFM-301-trino-40x-1000x.jpg","contentUrl":"https:\/\/astroshop.ma\/wp-content\/uploads\/2025\/01\/Microscope-Bresser-Science-TFM-301-trino-40x-1000x.jpg","width":800,"height":800},{"@type":"BreadcrumbList","@id":"https:\/\/astroshop.ma\/?product=10317#breadcrumb","itemListElement":[{"@type":"ListItem","position":1,"name":"Home","item":"https:\/\/astroshop.ma\/"},{"@type":"ListItem","position":2,"name":"Shop","item":"https:\/\/astroshop.ma\/?page_id=394"},{"@type":"ListItem","position":3,"name":"Bresser Microscope-Bresser-Science-TFM-301-trino-40x-1000x"}]},{"@type":"WebSite","@id":"https:\/\/astroshop.ma\/#website","url":"https:\/\/astroshop.ma\/","name":"Astroshop Maroc","description":"Des instruments astronomiques pour chaque astronome au Maroc","publisher":{"@id":"https:\/\/astroshop.ma\/#organization"},"potentialAction":[{"@type":"SearchAction","target":{"@type":"EntryPoint","urlTemplate":"https:\/\/astroshop.ma\/?s={search_term_string}"},"query-input":{"@type":"PropertyValueSpecification","valueRequired":true,"valueName":"search_term_string"}}],"inLanguage":"en-US"},{"@type":"Organization","@id":"https:\/\/astroshop.ma\/#organization","name":"Astroshop Maroc","url":"https:\/\/astroshop.ma\/","logo":{"@type":"ImageObject","inLanguage":"en-US","@id":"https:\/\/astroshop.ma\/#\/schema\/logo\/image\/","url":"https:\/\/astroshop.ma\/wp-content\/uploads\/2025\/12\/M20_Logo_1.jpg","contentUrl":"https:\/\/astroshop.ma\/wp-content\/uploads\/2025\/12\/M20_Logo_1.jpg","width":501,"height":334,"caption":"Astroshop Maroc"},"image":{"@id":"https:\/\/astroshop.ma\/#\/schema\/logo\/image\/"}}]}},"_links":{"self":[{"href":"https:\/\/astroshop.ma\/index.php?rest_route=\/wp\/v2\/product\/10317","targetHints":{"allow":["GET"]}}],"collection":[{"href":"https:\/\/astroshop.ma\/index.php?rest_route=\/wp\/v2\/product"}],"about":[{"href":"https:\/\/astroshop.ma\/index.php?rest_route=\/wp\/v2\/types\/product"}],"wp:featuredmedia":[{"embeddable":true,"href":"https:\/\/astroshop.ma\/index.php?rest_route=\/wp\/v2\/media\/10319"}],"wp:attachment":[{"href":"https:\/\/astroshop.ma\/index.php?rest_route=%2Fwp%2Fv2%2Fmedia&parent=10317"}],"wp:term":[{"taxonomy":"product_brand","embeddable":true,"href":"https:\/\/astroshop.ma\/index.php?rest_route=%2Fwp%2Fv2%2Fproduct_brand&post=10317"},{"taxonomy":"product_cat","embeddable":true,"href":"https:\/\/astroshop.ma\/index.php?rest_route=%2Fwp%2Fv2%2Fproduct_cat&post=10317"},{"taxonomy":"product_tag","embeddable":true,"href":"https:\/\/astroshop.ma\/index.php?rest_route=%2Fwp%2Fv2%2Fproduct_tag&post=10317"}],"curies":[{"name":"wp","href":"https:\/\/api.w.org\/{rel}","templated":true}]}}