{"id":10080,"date":"2024-08-28T08:54:05","date_gmt":"2024-08-28T08:54:05","guid":{"rendered":"https:\/\/astroshop.ma\/?post_type=product&#038;p=10080"},"modified":"2024-08-28T08:54:06","modified_gmt":"2024-08-28T08:54:06","slug":"celestron-longue-vue-regal-m2-16-48x65-ed","status":"publish","type":"product","link":"https:\/\/astroshop.ma\/?product=celestron-longue-vue-regal-m2-16-48x65-ed","title":{"rendered":"Celestron Longue-vue REGAL M2 16-48&#215;65 ED"},"content":{"rendered":"<table>\n<thead>\n<tr>\n<th>Sp\u00e9cifications<\/th>\n<th>D\u00e9tails<\/th>\n<\/tr>\n<\/thead>\n<tbody>\n<tr>\n<td>Capacit\u00e9<\/td>\n<td><\/td>\n<\/tr>\n<tr>\n<td>Type de construction<\/td>\n<td>Kit de longue-vue<\/td>\n<\/tr>\n<tr>\n<td>Grossissement<\/td>\n<td>48 (16-48x)<\/td>\n<\/tr>\n<tr>\n<td>Diam\u00e8tre de lentille frontale (mm)<\/td>\n<td>65<\/td>\n<\/tr>\n<tr>\n<td>Pupille de sortie (mm)<\/td>\n<td>4,0 (16x) &#8211; 1,3 (48x)<\/td>\n<\/tr>\n<tr>\n<td>Mat\u00e9riau verre<\/td>\n<td>Verre ED<\/td>\n<\/tr>\n<tr>\n<td>Traitement lentille<\/td>\n<td>Multicouches, toutes surfaces<\/td>\n<\/tr>\n<tr>\n<td>Syst\u00e8me de mise au point<\/td>\n<td>Mouvement rapide \/ fin<\/td>\n<\/tr>\n<tr>\n<td>Posture d&#8217;observation<\/td>\n<td>Vue oblique<\/td>\n<\/tr>\n<tr>\n<th>Particularit\u00e9s<\/th>\n<th><\/th>\n<\/tr>\n<tr>\n<td>Oculaire inclus<\/td>\n<td>&#8211;<\/td>\n<\/tr>\n<tr>\n<td>Zoom oculaire inclus<\/td>\n<td>Oui<\/td>\n<\/tr>\n<tr>\n<td>Raccord filet\u00e9 tr\u00e9pied<\/td>\n<td>Oui<\/td>\n<\/tr>\n<tr>\n<td>Pare-soleil<\/td>\n<td>Oui<\/td>\n<\/tr>\n<tr>\n<td>Bride d\u00b4attache rotatif<\/td>\n<td>Oui<\/td>\n<\/tr>\n<tr>\n<td>Appareil-photo num\u00e9rique int\u00e9gr\u00e9<\/td>\n<td>&#8211;<\/td>\n<\/tr>\n<tr>\n<td>\u00c9tanche aux projections d&#8217;eau<\/td>\n<td>Oui<\/td>\n<\/tr>\n<tr>\n<td>\u00c9tanche<\/td>\n<td>Oui<\/td>\n<\/tr>\n<tr>\n<td>Sac<\/td>\n<td>Oui<\/td>\n<\/tr>\n<tr>\n<th>Champ de vision<\/th>\n<th><\/th>\n<\/tr>\n<tr>\n<td>Champ de vision r\u00e9el (\u00b0)<\/td>\n<td>2,3 (16x) &#8211; 1,3 (48x)<\/td>\n<\/tr>\n<tr>\n<td>Champ visuel en 1000m (m)<\/td>\n<td>40 (16x) &#8211; 22,7 (48x)<\/td>\n<\/tr>\n<tr>\n<td>Limite de mise au point sur les objets rapproch\u00e9s (m)<\/td>\n<td>5,0<\/td>\n<\/tr>\n<tr>\n<th>Donn\u00e9es g\u00e9n\u00e9rales<\/th>\n<th><\/th>\n<\/tr>\n<tr>\n<td>Mat\u00e9riel<\/td>\n<td>Magn\u00e9sium<\/td>\n<\/tr>\n<tr>\n<td>Mat\u00e9riau ext\u00e9rieur<\/td>\n<td>Gainage en caoutchouc<\/td>\n<\/tr>\n<tr>\n<td>Couleur<\/td>\n<td>Vert<\/td>\n<\/tr>\n<tr>\n<td>Longueur (mm)<\/td>\n<td>330<\/td>\n<\/tr>\n<tr>\n<td>Largeur (mm)<\/td>\n<td>95<\/td>\n<\/tr>\n<tr>\n<td>Hauteur (mm)<\/td>\n<td>120<\/td>\n<\/tr>\n<tr>\n<td>Poids (g)<\/td>\n<td>1300<\/td>\n<\/tr>\n<tr>\n<td>S\u00e9rie<\/td>\n<td>Regal M2<\/td>\n<\/tr>\n<tr>\n<th>Domaine d\u00b4emploi<\/th>\n<th><\/th>\n<\/tr>\n<tr>\n<td>Digiscopie<\/td>\n<td>Bon<\/td>\n<\/tr>\n<tr>\n<td>Chasse<\/td>\n<td>Bon<\/td>\n<\/tr>\n<tr>\n<td>Nature<\/td>\n<td>Tr\u00e8s bien<\/td>\n<\/tr>\n<tr>\n<td>Tireurs sportifs<\/td>\n<td>Tr\u00e8s bien<\/td>\n<\/tr>\n<tr>\n<td>Observation d&#8217;oiseaux<\/td>\n<td>Tr\u00e8s bien<\/td>\n<\/tr>\n<\/tbody>\n<\/table>\n","protected":false},"excerpt":{"rendered":"<div class=\"display-flex fd-column\">\n<div id=\"description\" class=\"cnt-text-box\">\n<h2><img loading=\"lazy\" decoding=\"async\" class=\"alignnone size-full wp-image-9964\" src=\"https:\/\/astroshop.ma\/wp-content\/uploads\/2024\/08\/Celestron.jpg\" alt=\"\" width=\"300\" height=\"150\" srcset=\"https:\/\/astroshop.ma\/wp-content\/uploads\/2024\/08\/Celestron.jpg 300w, https:\/\/astroshop.ma\/wp-content\/uploads\/2024\/08\/Celestron-64x32.jpg 64w\" sizes=\"auto, (max-width: 300px) 100vw, 300px\" \/><\/h2>\n<h2>Description du produit<\/h2>\n<div class=\"text-justify\">\n<p>&nbsp;<\/p>\n<div>\n<p>Les longues-vues haut de gamme de la\u00a0<b>s\u00e9rie Regal M2<\/b>\u00a0sont les successeurs de notre s\u00e9rie Regal F-ED. Que ce soit de jour ou de nuit, les\u00a0<b>Regal M2<\/b>\u00a0offrent les images les plus nettes possibles. Elles sont id\u00e9ales pour observer les oiseaux et la nature, pour regarder au loin, et aussi \u00e0 l&#8217;occasion scruter le ciel.<\/p>\n<p>Le top des\u00a0<b>longues-vues Celestron<\/b>\u00a0offre toutes les fonctionnalit\u00e9s qu&#8217;on rencontre sur les longues-vues plus hon\u00e9reuses, y compris le\u00a0<b>verre ED (tr\u00e8s faible dispersion)<\/b>. Le bo\u00eetier r\u00e9alis\u00e9 en\u00a0<b>alliage de magn\u00e9sium<\/b>\u00a0r\u00e9duit le poids de plus de 14% par rapport \u00e0 leurs pr\u00e9d\u00e9cesseurs. En outre, le m\u00e9canisme de mise au point avec r\u00e9glage fin a \u00e9t\u00e9 am\u00e9lior\u00e9 et fonctionne maintenant deux fois plus vite. Les\u00a0<b>Regal M2<\/b>\u00a0\u200b\u200bsont\u00a0<b>\u00e9tanches et remplis d&#8217;azote<\/b>\u00a0pour \u00e9viter la formation de bu\u00e9e. Le bo\u00eetier a une nouvelle couleur verte. Livr\u00e9 avec un \u00e9tui de transport de sorte que vous puissiez l&#8217;emmener partout.<\/p>\n<p>Avec la\u00a0<b>Regal M2<\/b>\u00a0vous pouvez prendre des photos : Adaptez votre appareil photo reflex num\u00e9rique avec la bague T2 appropri\u00e9e et l&#8217;adaptateur T2 fourni sur la longue-vue et ainsi la transformer en t\u00e9l\u00e9objectif. Les\u00a0<b>Regal M2<\/b>\u00a0\u200b\u200bsont id\u00e9ales pour accompagner tous les amis de la nature.<\/p>\n<p>&nbsp;<\/p>\n<p><b>Caract\u00e9ristiques:<\/b><\/p>\n<ul>\n<li>Objectifs ED : minimisent les aberrations chromatiques et permettent une reproduction pr\u00e9cise des couleurs. Augmente la r\u00e9solution et le contraste.<\/li>\n<li>Traitement XLT (Enti\u00e8rement trait\u00e9s multi-couches) : le traitement XLT de Celestron am\u00e9liore la transmission de la lumi\u00e8re, ce qui entra\u00eene des images plus lumineuses avec un contraste et une r\u00e9solution plus \u00e9lev\u00e9s.<\/li>\n<li>Bo\u00eetier en alliage de magn\u00e9sium : mat\u00e9riau robuste et r\u00e9sistant et en m\u00eame temps, plus l\u00e9ger que les alliages d&#8217;aluminium traditionnels.<\/li>\n<li>Mise au point avec r\u00e9glage rapide et fin pour une nettet\u00e9 parfaite. Nouveau m\u00e9canisme plus rapide.<\/li>\n<li>Adaptateur tr\u00e9pied tournant : permet de positionner l&#8217;oculaire pour une vision confortable<\/li>\n<li>Oculaire zoom grand angle : r\u00e9glage rapide du grossissement. Avec \u0153illetons r\u00e9glables pour ajuster le relief d&#8217;\u0153il aux porteurs de lunettes<\/li>\n<li>Raccord standard 1,25&#8243; &#8211; des oculaires 1,25&#8243; optionnels peuvent \u00eatre facilement utilis\u00e9s<\/li>\n<li>L&#8217;adaptateur T- pour le raccordement d&#8217;appareil 35 mm et reflex num\u00e9rique est fourni<\/li>\n<li>Pare soleil r\u00e9tractable avec mire, prot\u00e8ge contre la lumi\u00e8re parasite et l&#8217;humidit\u00e9. La mire est utilis\u00e9e comme une aide de d\u00e9tection afin de trouver rapidement vos objectifs<\/li>\n<li>Vis\u00e9e confortable inclin\u00e9e \u00e0 45\u00b0<\/li>\n<li>Etanche pour \u00eatre prot\u00e9ger contre les influences de l&#8217;environnement<\/li>\n<li>\u0152illetons r\u00e9glables pour une utilisation avec ou sans lunettes<\/li>\n<li>Housse de transport<\/li>\n<\/ul>\n<p>&nbsp;<\/p>\n<p>&nbsp;<\/p>\n<p><b>Dual Focus: pour une mise au point pr\u00e9cise<\/b><\/p>\n<p>C&#8217;est parfois d\u00e9licat de r\u00e9gler la nettet\u00e9 de l&#8217;image. Cependant, avec la double mise au point de la longue-vue ED 80 mm, cela devient tr\u00e8s facile. Une fois que vous avez d\u00e9grosssi la nettet\u00e9 de votre objet, le r\u00e9glage fin entre en jeu. Il permet de faire la mise au point pr\u00e9cise. Et votre photo s&#8217;\u00e9claire.<\/p>\n<p>&nbsp;<\/p>\n<p class=\"video-container\"><a name=\"video\"><\/a><iframe src=\"https:\/\/www.youtube-nocookie.com\/embed\/8cVBJSmN5CA?rel=0\" frameborder=\"0\" allowfullscreen=\"allowfullscreen\" data-mce-fragment=\"1\"><\/iframe><\/p>\n<p>&nbsp;<\/p>\n<\/div>\n<p>&nbsp;<\/p>\n<\/div>\n<\/div>\n<div class=\"gtc-container gtc-container-hidden\" data-action=\"gtc-container\">\n<div id=\"specifications\" class=\"page-container\">\n<div class=\"auto-col-container clearfix\">\n<div class=\"single-col\"><\/div>\n<\/div>\n<\/div>\n<div class=\"gtc-gradient gtc-gradient-hidden\" data-action=\"gtc-btn\">\n<div class=\"gtc-text classic-link\">\n<div data-action=\"gtc-text\" data-gtcid=\"specifications\"><\/div>\n<\/div>\n<\/div>\n<\/div>\n<div class=\"gtc-container gtc-container-hidden\" data-action=\"gtc-container\">\n<div id=\"accessories\">\n<div data-action=\"ftc-container\">\n<div class=\"box-container clearfix\">\n<div class=\"cart-product-col\"><\/div>\n<div class=\"cart-product-col\"><\/div>\n<\/div>\n<\/div>\n<div data-action=\"ftc-container\">\n<div class=\"box-container clearfix\">\n<div class=\"cart-product-col\"><\/div>\n<div class=\"cart-product-col\"><\/div>\n<\/div>\n<\/div>\n<\/div>\n<div class=\"gtc-gradient gtc-gradient-hidden\" data-action=\"gtc-btn\">\n<div class=\"gtc-text classic-link\">\n<div data-action=\"gtc-text\" data-gtcid=\"accessories\"><\/div>\n<\/div>\n<\/div>\n<\/div>\n<\/div>\n<div class=\"display-flex fd-column hide-below-bp2\">\n<div class=\"cnt-text-box\">\n<div class=\"pad-16v\">\n<div class=\"cursor-zoomin\" data-type=\"btn-js\" data-action=\"opengallery-7\"><img decoding=\"async\" src=\"https:\/\/www.astroshop.de\/Produktbilder\/big\/44918_4.jpg\" alt=\"Longue-vue Celestron REGAL M2 16-48x65 ED\" \/><\/div>\n<div class=\"bgcl-01 pad-6\"><\/div>\n<\/div>\n<div class=\"pad-16v\">\n<div class=\"cursor-zoomin\" data-type=\"btn-js\" data-action=\"opengallery-8\"><img decoding=\"async\" src=\"https:\/\/www.astroshop.de\/Produktbilder\/big\/44918_8.jpg\" alt=\"Longue-vue Celestron REGAL M2 16-48x65 ED\" \/><\/div>\n<\/div>\n<\/div>\n<\/div>\n","protected":false},"featured_media":10081,"template":"","meta":{"_editorskit_title_hidden":false,"_editorskit_reading_time":0,"_editorskit_is_block_options_detached":false,"_editorskit_block_options_position":"{}","_coblocks_attr":"","_coblocks_dimensions":"","_coblocks_responsive_height":"","_coblocks_accordion_ie_support":"","_crdt_document":"","_monsterinsights_skip_tracking":false,"_monsterinsights_sitenote_active":false,"_monsterinsights_sitenote_note":"","_monsterinsights_sitenote_category":0},"product_brand":[],"product_cat":[24],"product_tag":[],"class_list":{"0":"post-10080","1":"product","2":"type-product","3":"status-publish","4":"has-post-thumbnail","6":"product_cat-binoculars","8":"first","9":"instock","10":"shipping-taxable","11":"purchasable","12":"product-type-simple"},"yoast_head":"<!-- This site is optimized with the Yoast SEO plugin v27.3 - https:\/\/yoast.com\/product\/yoast-seo-wordpress\/ -->\n<title>Celestron Longue-vue REGAL M2 16-48x65 ED - Astroshop Maroc<\/title>\n<meta name=\"robots\" content=\"index, follow, max-snippet:-1, max-image-preview:large, max-video-preview:-1\" \/>\n<link rel=\"canonical\" href=\"https:\/\/astroshop.ma\/?product=celestron-longue-vue-regal-m2-16-48x65-ed\" \/>\n<meta property=\"og:locale\" content=\"en_US\" \/>\n<meta property=\"og:type\" content=\"article\" \/>\n<meta property=\"og:title\" content=\"Celestron Longue-vue REGAL M2 16-48x65 ED - Astroshop Maroc\" \/>\n<meta property=\"og:description\" content=\"Description du produit   &nbsp;   Les longues-vues haut de gamme de la\u00a0s\u00e9rie Regal M2\u00a0sont les successeurs de notre s\u00e9rie Regal F-ED. Que ce soit de jour ou de nuit, les\u00a0Regal M2\u00a0offrent les images les plus nettes possibles. Elles sont id\u00e9ales pour observer les oiseaux et la nature, pour regarder au loin, et aussi \u00e0 l&#039;occasion scruter le ciel.  Le top des\u00a0longues-vues Celestron\u00a0offre toutes les fonctionnalit\u00e9s qu&#039;on rencontre sur les longues-vues plus hon\u00e9reuses, y compris le\u00a0verre ED (tr\u00e8s faible dispersion). Le bo\u00eetier r\u00e9alis\u00e9 en\u00a0alliage de magn\u00e9sium\u00a0r\u00e9duit le poids de plus de 14% par rapport \u00e0 leurs pr\u00e9d\u00e9cesseurs. En outre, le m\u00e9canisme de mise au point avec r\u00e9glage fin a \u00e9t\u00e9 am\u00e9lior\u00e9 et fonctionne maintenant deux fois plus vite. Les\u00a0Regal M2\u00a0\u200b\u200bsont\u00a0\u00e9tanches et remplis d&#039;azote\u00a0pour \u00e9viter la formation de bu\u00e9e. Le bo\u00eetier a une nouvelle couleur verte. Livr\u00e9 avec un \u00e9tui de transport de sorte que vous puissiez l&#039;emmener partout.  Avec la\u00a0Regal M2\u00a0vous pouvez prendre des photos : Adaptez votre appareil photo reflex num\u00e9rique avec la bague T2 appropri\u00e9e et l&#039;adaptateur T2 fourni sur la longue-vue et ainsi la transformer en t\u00e9l\u00e9objectif. Les\u00a0Regal M2\u00a0\u200b\u200bsont id\u00e9ales pour accompagner tous les amis de la nature.  &nbsp;  Caract\u00e9ristiques:   Objectifs ED : minimisent les aberrations chromatiques et permettent une reproduction pr\u00e9cise des couleurs. Augmente la r\u00e9solution et le contraste.  Traitement XLT (Enti\u00e8rement trait\u00e9s multi-couches) : le traitement XLT de Celestron am\u00e9liore la transmission de la lumi\u00e8re, ce qui entra\u00eene des images plus lumineuses avec un contraste et une r\u00e9solution plus \u00e9lev\u00e9s.  Bo\u00eetier en alliage de magn\u00e9sium : mat\u00e9riau robuste et r\u00e9sistant et en m\u00eame temps, plus l\u00e9ger que les alliages d&#039;aluminium traditionnels.  Mise au point avec r\u00e9glage rapide et fin pour une nettet\u00e9 parfaite. Nouveau m\u00e9canisme plus rapide.  Adaptateur tr\u00e9pied tournant : permet de positionner l&#039;oculaire pour une vision confortable  Oculaire zoom grand angle : r\u00e9glage rapide du grossissement. Avec \u0153illetons r\u00e9glables pour ajuster le relief d&#039;\u0153il aux porteurs de lunettes  Raccord standard 1,25&quot; - des oculaires 1,25&quot; optionnels peuvent \u00eatre facilement utilis\u00e9s  L&#039;adaptateur T- pour le raccordement d&#039;appareil 35 mm et reflex num\u00e9rique est fourni  Pare soleil r\u00e9tractable avec mire, prot\u00e8ge contre la lumi\u00e8re parasite et l&#039;humidit\u00e9. La mire est utilis\u00e9e comme une aide de d\u00e9tection afin de trouver rapidement vos objectifs  Vis\u00e9e confortable inclin\u00e9e \u00e0 45\u00b0  Etanche pour \u00eatre prot\u00e9ger contre les influences de l&#039;environnement  \u0152illetons r\u00e9glables pour une utilisation avec ou sans lunettes  Housse de transport  &nbsp;  &nbsp;  Dual Focus: pour une mise au point pr\u00e9cise  C&#039;est parfois d\u00e9licat de r\u00e9gler la nettet\u00e9 de l&#039;image. Cependant, avec la double mise au point de la longue-vue ED 80 mm, cela devient tr\u00e8s facile. Une fois que vous avez d\u00e9grosssi la nettet\u00e9 de votre objet, le r\u00e9glage fin entre en jeu. Il permet de faire la mise au point pr\u00e9cise. Et votre photo s&#039;\u00e9claire.  &nbsp;  &nbsp;   &nbsp;\" \/>\n<meta property=\"og:url\" content=\"https:\/\/astroshop.ma\/?product=celestron-longue-vue-regal-m2-16-48x65-ed\" \/>\n<meta property=\"og:site_name\" content=\"Astroshop Maroc\" \/>\n<meta property=\"article:modified_time\" content=\"2024-08-28T08:54:06+00:00\" \/>\n<meta property=\"og:image\" content=\"https:\/\/astroshop.ma\/wp-content\/uploads\/2024\/08\/Longue-vue-Celestron-REGAL-M2-16-48x65-ED.jpg\" \/>\n\t<meta property=\"og:image:width\" content=\"800\" \/>\n\t<meta property=\"og:image:height\" content=\"800\" \/>\n\t<meta property=\"og:image:type\" content=\"image\/jpeg\" \/>\n<meta name=\"twitter:card\" content=\"summary_large_image\" \/>\n<meta name=\"twitter:label1\" content=\"Est. reading time\" \/>\n\t<meta name=\"twitter:data1\" content=\"1 minute\" \/>\n<script type=\"application\/ld+json\" class=\"yoast-schema-graph\">{\"@context\":\"https:\\\/\\\/schema.org\",\"@graph\":[{\"@type\":\"WebPage\",\"@id\":\"https:\\\/\\\/astroshop.ma\\\/?product=celestron-longue-vue-regal-m2-16-48x65-ed\",\"url\":\"https:\\\/\\\/astroshop.ma\\\/?product=celestron-longue-vue-regal-m2-16-48x65-ed\",\"name\":\"Celestron Longue-vue REGAL M2 16-48x65 ED - Astroshop Maroc\",\"isPartOf\":{\"@id\":\"https:\\\/\\\/astroshop.ma\\\/#website\"},\"primaryImageOfPage\":{\"@id\":\"https:\\\/\\\/astroshop.ma\\\/?product=celestron-longue-vue-regal-m2-16-48x65-ed#primaryimage\"},\"image\":{\"@id\":\"https:\\\/\\\/astroshop.ma\\\/?product=celestron-longue-vue-regal-m2-16-48x65-ed#primaryimage\"},\"thumbnailUrl\":\"https:\\\/\\\/astroshop.ma\\\/wp-content\\\/uploads\\\/2024\\\/08\\\/Longue-vue-Celestron-REGAL-M2-16-48x65-ED.jpg\",\"datePublished\":\"2024-08-28T08:54:05+00:00\",\"dateModified\":\"2024-08-28T08:54:06+00:00\",\"breadcrumb\":{\"@id\":\"https:\\\/\\\/astroshop.ma\\\/?product=celestron-longue-vue-regal-m2-16-48x65-ed#breadcrumb\"},\"inLanguage\":\"en-US\",\"potentialAction\":[{\"@type\":\"ReadAction\",\"target\":[\"https:\\\/\\\/astroshop.ma\\\/?product=celestron-longue-vue-regal-m2-16-48x65-ed\"]}]},{\"@type\":\"ImageObject\",\"inLanguage\":\"en-US\",\"@id\":\"https:\\\/\\\/astroshop.ma\\\/?product=celestron-longue-vue-regal-m2-16-48x65-ed#primaryimage\",\"url\":\"https:\\\/\\\/astroshop.ma\\\/wp-content\\\/uploads\\\/2024\\\/08\\\/Longue-vue-Celestron-REGAL-M2-16-48x65-ED.jpg\",\"contentUrl\":\"https:\\\/\\\/astroshop.ma\\\/wp-content\\\/uploads\\\/2024\\\/08\\\/Longue-vue-Celestron-REGAL-M2-16-48x65-ED.jpg\",\"width\":800,\"height\":800},{\"@type\":\"BreadcrumbList\",\"@id\":\"https:\\\/\\\/astroshop.ma\\\/?product=celestron-longue-vue-regal-m2-16-48x65-ed#breadcrumb\",\"itemListElement\":[{\"@type\":\"ListItem\",\"position\":1,\"name\":\"Home\",\"item\":\"https:\\\/\\\/astroshop.ma\\\/\"},{\"@type\":\"ListItem\",\"position\":2,\"name\":\"Shop\",\"item\":\"https:\\\/\\\/astroshop.ma\\\/?page_id=394\"},{\"@type\":\"ListItem\",\"position\":3,\"name\":\"Celestron Longue-vue REGAL M2 16-48&#215;65 ED\"}]},{\"@type\":\"WebSite\",\"@id\":\"https:\\\/\\\/astroshop.ma\\\/#website\",\"url\":\"https:\\\/\\\/astroshop.ma\\\/\",\"name\":\"Astroshop Maroc\",\"description\":\"Des instruments astronomiques pour chaque astronome au Maroc\",\"publisher\":{\"@id\":\"https:\\\/\\\/astroshop.ma\\\/#organization\"},\"potentialAction\":[{\"@type\":\"SearchAction\",\"target\":{\"@type\":\"EntryPoint\",\"urlTemplate\":\"https:\\\/\\\/astroshop.ma\\\/?s={search_term_string}\"},\"query-input\":{\"@type\":\"PropertyValueSpecification\",\"valueRequired\":true,\"valueName\":\"search_term_string\"}}],\"inLanguage\":\"en-US\"},{\"@type\":\"Organization\",\"@id\":\"https:\\\/\\\/astroshop.ma\\\/#organization\",\"name\":\"Astroshop Maroc\",\"url\":\"https:\\\/\\\/astroshop.ma\\\/\",\"logo\":{\"@type\":\"ImageObject\",\"inLanguage\":\"en-US\",\"@id\":\"https:\\\/\\\/astroshop.ma\\\/#\\\/schema\\\/logo\\\/image\\\/\",\"url\":\"https:\\\/\\\/astroshop.ma\\\/wp-content\\\/uploads\\\/2025\\\/12\\\/M20_Logo_1.jpg\",\"contentUrl\":\"https:\\\/\\\/astroshop.ma\\\/wp-content\\\/uploads\\\/2025\\\/12\\\/M20_Logo_1.jpg\",\"width\":501,\"height\":334,\"caption\":\"Astroshop Maroc\"},\"image\":{\"@id\":\"https:\\\/\\\/astroshop.ma\\\/#\\\/schema\\\/logo\\\/image\\\/\"}}]}<\/script>\n<!-- \/ Yoast SEO plugin. -->","yoast_head_json":{"title":"Celestron Longue-vue REGAL M2 16-48x65 ED - Astroshop Maroc","robots":{"index":"index","follow":"follow","max-snippet":"max-snippet:-1","max-image-preview":"max-image-preview:large","max-video-preview":"max-video-preview:-1"},"canonical":"https:\/\/astroshop.ma\/?product=celestron-longue-vue-regal-m2-16-48x65-ed","og_locale":"en_US","og_type":"article","og_title":"Celestron Longue-vue REGAL M2 16-48x65 ED - Astroshop Maroc","og_description":"Description du produit   &nbsp;   Les longues-vues haut de gamme de la\u00a0s\u00e9rie Regal M2\u00a0sont les successeurs de notre s\u00e9rie Regal F-ED. Que ce soit de jour ou de nuit, les\u00a0Regal M2\u00a0offrent les images les plus nettes possibles. Elles sont id\u00e9ales pour observer les oiseaux et la nature, pour regarder au loin, et aussi \u00e0 l'occasion scruter le ciel.  Le top des\u00a0longues-vues Celestron\u00a0offre toutes les fonctionnalit\u00e9s qu'on rencontre sur les longues-vues plus hon\u00e9reuses, y compris le\u00a0verre ED (tr\u00e8s faible dispersion). Le bo\u00eetier r\u00e9alis\u00e9 en\u00a0alliage de magn\u00e9sium\u00a0r\u00e9duit le poids de plus de 14% par rapport \u00e0 leurs pr\u00e9d\u00e9cesseurs. En outre, le m\u00e9canisme de mise au point avec r\u00e9glage fin a \u00e9t\u00e9 am\u00e9lior\u00e9 et fonctionne maintenant deux fois plus vite. Les\u00a0Regal M2\u00a0\u200b\u200bsont\u00a0\u00e9tanches et remplis d'azote\u00a0pour \u00e9viter la formation de bu\u00e9e. Le bo\u00eetier a une nouvelle couleur verte. Livr\u00e9 avec un \u00e9tui de transport de sorte que vous puissiez l'emmener partout.  Avec la\u00a0Regal M2\u00a0vous pouvez prendre des photos : Adaptez votre appareil photo reflex num\u00e9rique avec la bague T2 appropri\u00e9e et l'adaptateur T2 fourni sur la longue-vue et ainsi la transformer en t\u00e9l\u00e9objectif. Les\u00a0Regal M2\u00a0\u200b\u200bsont id\u00e9ales pour accompagner tous les amis de la nature.  &nbsp;  Caract\u00e9ristiques:   Objectifs ED : minimisent les aberrations chromatiques et permettent une reproduction pr\u00e9cise des couleurs. Augmente la r\u00e9solution et le contraste.  Traitement XLT (Enti\u00e8rement trait\u00e9s multi-couches) : le traitement XLT de Celestron am\u00e9liore la transmission de la lumi\u00e8re, ce qui entra\u00eene des images plus lumineuses avec un contraste et une r\u00e9solution plus \u00e9lev\u00e9s.  Bo\u00eetier en alliage de magn\u00e9sium : mat\u00e9riau robuste et r\u00e9sistant et en m\u00eame temps, plus l\u00e9ger que les alliages d'aluminium traditionnels.  Mise au point avec r\u00e9glage rapide et fin pour une nettet\u00e9 parfaite. Nouveau m\u00e9canisme plus rapide.  Adaptateur tr\u00e9pied tournant : permet de positionner l'oculaire pour une vision confortable  Oculaire zoom grand angle : r\u00e9glage rapide du grossissement. Avec \u0153illetons r\u00e9glables pour ajuster le relief d'\u0153il aux porteurs de lunettes  Raccord standard 1,25\" - des oculaires 1,25\" optionnels peuvent \u00eatre facilement utilis\u00e9s  L'adaptateur T- pour le raccordement d'appareil 35 mm et reflex num\u00e9rique est fourni  Pare soleil r\u00e9tractable avec mire, prot\u00e8ge contre la lumi\u00e8re parasite et l'humidit\u00e9. La mire est utilis\u00e9e comme une aide de d\u00e9tection afin de trouver rapidement vos objectifs  Vis\u00e9e confortable inclin\u00e9e \u00e0 45\u00b0  Etanche pour \u00eatre prot\u00e9ger contre les influences de l'environnement  \u0152illetons r\u00e9glables pour une utilisation avec ou sans lunettes  Housse de transport  &nbsp;  &nbsp;  Dual Focus: pour une mise au point pr\u00e9cise  C'est parfois d\u00e9licat de r\u00e9gler la nettet\u00e9 de l'image. Cependant, avec la double mise au point de la longue-vue ED 80 mm, cela devient tr\u00e8s facile. Une fois que vous avez d\u00e9grosssi la nettet\u00e9 de votre objet, le r\u00e9glage fin entre en jeu. Il permet de faire la mise au point pr\u00e9cise. Et votre photo s'\u00e9claire.  &nbsp;  &nbsp;   &nbsp;","og_url":"https:\/\/astroshop.ma\/?product=celestron-longue-vue-regal-m2-16-48x65-ed","og_site_name":"Astroshop Maroc","article_modified_time":"2024-08-28T08:54:06+00:00","og_image":[{"width":800,"height":800,"url":"https:\/\/astroshop.ma\/wp-content\/uploads\/2024\/08\/Longue-vue-Celestron-REGAL-M2-16-48x65-ED.jpg","type":"image\/jpeg"}],"twitter_card":"summary_large_image","twitter_misc":{"Est. reading time":"1 minute"},"schema":{"@context":"https:\/\/schema.org","@graph":[{"@type":"WebPage","@id":"https:\/\/astroshop.ma\/?product=celestron-longue-vue-regal-m2-16-48x65-ed","url":"https:\/\/astroshop.ma\/?product=celestron-longue-vue-regal-m2-16-48x65-ed","name":"Celestron Longue-vue REGAL M2 16-48x65 ED - Astroshop Maroc","isPartOf":{"@id":"https:\/\/astroshop.ma\/#website"},"primaryImageOfPage":{"@id":"https:\/\/astroshop.ma\/?product=celestron-longue-vue-regal-m2-16-48x65-ed#primaryimage"},"image":{"@id":"https:\/\/astroshop.ma\/?product=celestron-longue-vue-regal-m2-16-48x65-ed#primaryimage"},"thumbnailUrl":"https:\/\/astroshop.ma\/wp-content\/uploads\/2024\/08\/Longue-vue-Celestron-REGAL-M2-16-48x65-ED.jpg","datePublished":"2024-08-28T08:54:05+00:00","dateModified":"2024-08-28T08:54:06+00:00","breadcrumb":{"@id":"https:\/\/astroshop.ma\/?product=celestron-longue-vue-regal-m2-16-48x65-ed#breadcrumb"},"inLanguage":"en-US","potentialAction":[{"@type":"ReadAction","target":["https:\/\/astroshop.ma\/?product=celestron-longue-vue-regal-m2-16-48x65-ed"]}]},{"@type":"ImageObject","inLanguage":"en-US","@id":"https:\/\/astroshop.ma\/?product=celestron-longue-vue-regal-m2-16-48x65-ed#primaryimage","url":"https:\/\/astroshop.ma\/wp-content\/uploads\/2024\/08\/Longue-vue-Celestron-REGAL-M2-16-48x65-ED.jpg","contentUrl":"https:\/\/astroshop.ma\/wp-content\/uploads\/2024\/08\/Longue-vue-Celestron-REGAL-M2-16-48x65-ED.jpg","width":800,"height":800},{"@type":"BreadcrumbList","@id":"https:\/\/astroshop.ma\/?product=celestron-longue-vue-regal-m2-16-48x65-ed#breadcrumb","itemListElement":[{"@type":"ListItem","position":1,"name":"Home","item":"https:\/\/astroshop.ma\/"},{"@type":"ListItem","position":2,"name":"Shop","item":"https:\/\/astroshop.ma\/?page_id=394"},{"@type":"ListItem","position":3,"name":"Celestron Longue-vue REGAL M2 16-48&#215;65 ED"}]},{"@type":"WebSite","@id":"https:\/\/astroshop.ma\/#website","url":"https:\/\/astroshop.ma\/","name":"Astroshop Maroc","description":"Des instruments astronomiques pour chaque astronome au Maroc","publisher":{"@id":"https:\/\/astroshop.ma\/#organization"},"potentialAction":[{"@type":"SearchAction","target":{"@type":"EntryPoint","urlTemplate":"https:\/\/astroshop.ma\/?s={search_term_string}"},"query-input":{"@type":"PropertyValueSpecification","valueRequired":true,"valueName":"search_term_string"}}],"inLanguage":"en-US"},{"@type":"Organization","@id":"https:\/\/astroshop.ma\/#organization","name":"Astroshop Maroc","url":"https:\/\/astroshop.ma\/","logo":{"@type":"ImageObject","inLanguage":"en-US","@id":"https:\/\/astroshop.ma\/#\/schema\/logo\/image\/","url":"https:\/\/astroshop.ma\/wp-content\/uploads\/2025\/12\/M20_Logo_1.jpg","contentUrl":"https:\/\/astroshop.ma\/wp-content\/uploads\/2025\/12\/M20_Logo_1.jpg","width":501,"height":334,"caption":"Astroshop Maroc"},"image":{"@id":"https:\/\/astroshop.ma\/#\/schema\/logo\/image\/"}}]}},"_links":{"self":[{"href":"https:\/\/astroshop.ma\/index.php?rest_route=\/wp\/v2\/product\/10080","targetHints":{"allow":["GET"]}}],"collection":[{"href":"https:\/\/astroshop.ma\/index.php?rest_route=\/wp\/v2\/product"}],"about":[{"href":"https:\/\/astroshop.ma\/index.php?rest_route=\/wp\/v2\/types\/product"}],"wp:featuredmedia":[{"embeddable":true,"href":"https:\/\/astroshop.ma\/index.php?rest_route=\/wp\/v2\/media\/10081"}],"wp:attachment":[{"href":"https:\/\/astroshop.ma\/index.php?rest_route=%2Fwp%2Fv2%2Fmedia&parent=10080"}],"wp:term":[{"taxonomy":"product_brand","embeddable":true,"href":"https:\/\/astroshop.ma\/index.php?rest_route=%2Fwp%2Fv2%2Fproduct_brand&post=10080"},{"taxonomy":"product_cat","embeddable":true,"href":"https:\/\/astroshop.ma\/index.php?rest_route=%2Fwp%2Fv2%2Fproduct_cat&post=10080"},{"taxonomy":"product_tag","embeddable":true,"href":"https:\/\/astroshop.ma\/index.php?rest_route=%2Fwp%2Fv2%2Fproduct_tag&post=10080"}],"curies":[{"name":"wp","href":"https:\/\/api.w.org\/{rel}","templated":true}]}}