{"id":10003,"date":"2024-08-12T10:09:08","date_gmt":"2024-08-12T10:09:08","guid":{"rendered":"https:\/\/astroshop.ma\/?post_type=product&#038;p=10003"},"modified":"2024-10-04T10:04:15","modified_gmt":"2024-10-04T10:04:15","slug":"dobson-sky-watcher-76300-heritage","status":"publish","type":"product","link":"https:\/\/astroshop.ma\/?product=dobson-sky-watcher-76300-heritage","title":{"rendered":"Dobson Sky-Watcher 76300 Heritage"},"content":{"rendered":"<table>\n<thead>\n<tr>\n<th>Caract\u00e9ristiques<\/th>\n<th>Dobson Sky-Watcher Heritage 76mm<\/th>\n<\/tr>\n<\/thead>\n<tbody>\n<tr>\n<td>Formule Optique<\/td>\n<td>Newton<\/td>\n<\/tr>\n<tr>\n<td>Diam\u00e8tre utile<\/td>\n<td>76mm<\/td>\n<\/tr>\n<tr>\n<td>Longueur focale<\/td>\n<td>300mm<\/td>\n<\/tr>\n<tr>\n<td>Rapport F\/D<\/td>\n<td>3.94<\/td>\n<\/tr>\n<tr>\n<td>Pouvoir s\u00e9parateur<\/td>\n<td>1.51 seconde d&#8217;arc<\/td>\n<\/tr>\n<tr>\n<td>Magnitude limite en visuel<\/td>\n<td>11.2<\/td>\n<\/tr>\n<tr>\n<td>Porte-Oculaire<\/td>\n<td>Cr\u00e9mailli\u00e8re coulant 31.75mm<\/td>\n<\/tr>\n<tr>\n<td>Monture<\/td>\n<td>Rocker (monture \u00e0 fourche) en bois<\/td>\n<\/tr>\n<tr>\n<td>Dimensions<\/td>\n<td>Hauteur: 40cm \/ Base : 20cm de large<\/td>\n<\/tr>\n<tr>\n<td>Diam\u00e8tre tube<\/td>\n<td>95mm<\/td>\n<\/tr>\n<tr>\n<td>Poids total<\/td>\n<td>1.6kg<\/td>\n<\/tr>\n<\/tbody>\n<\/table>\n","protected":false},"excerpt":{"rendered":"<h2><img loading=\"lazy\" decoding=\"async\" class=\"alignnone size-full wp-image-10004\" src=\"https:\/\/astroshop.ma\/wp-content\/uploads\/2024\/08\/Skywatcher.jpg\" alt=\"\" width=\"300\" height=\"150\" srcset=\"https:\/\/astroshop.ma\/wp-content\/uploads\/2024\/08\/Skywatcher.jpg 300w, https:\/\/astroshop.ma\/wp-content\/uploads\/2024\/08\/Skywatcher-64x32.jpg 64w\" sizes=\"auto, (max-width: 300px) 100vw, 300px\" \/><\/h2>\n<h2>A la d\u00e9couverte du ciel !<\/h2>\n<p><strong>&#8220;Petit fr\u00e8re&#8221; du tr\u00e8s appr\u00e9ci\u00e9 Heritage 130mm, le 76mm est le t\u00e9lescope id\u00e9al pour d\u00e9buter<\/strong>. A la fois joli, maniable et simple d&#8217;utilisation c&#8217;est le cadeau parfait pour d\u00e9buter en Astronomie. Tant pour un enfant que pour un adulte. Son prix tr\u00e8s attractif est un argument suppl\u00e9mentaire pour vous lancer enfin dans la d\u00e9couverte du ciel et de ses merveilles.<strong>\u00a0Avec son diam\u00e8tre de 76mm, c&#8217;est un &#8220;petit&#8221; t\u00e9lescope, capable de montrer de nombreux d\u00e9tails sur la Lune et les principales plan\u00e8tes du syst\u00e8me solaire Jupiter et Saturne<\/strong>.<\/p>\n<p>C&#8217;est \u00e0 l&#8217;occasion de l&#8217;ann\u00e9e mondiale de l&#8217;Astronomie en 2009 pour l&#8217;anniversaire de la premi\u00e8re utilisation d&#8217;une lunette astronomique par Galileo Galilei que Sky-Watcher a cr\u00e9\u00e9 cet instrument, pour inviter un maximum de personnes \u00e0 d\u00e9couvrir les plaisirs de l&#8217;observation du ciel. Outre son aspect pratique, son style est aussi particulier.<strong>\u00a0C&#8217;est non seulement un instrument optique de qualit\u00e9 mais un superbe cadeau \u00e0 offrir, une pi\u00e8ce de d\u00e9coration le jour sur un bureau par exemple<\/strong>. Le tube optique en aluminium comporte un joli fond bleut\u00e9 et des inscriptions du nom de personnages c\u00e9l\u00e8bres ayant contribu\u00e9s au d\u00e9veloppement de l&#8217;Astronomie depuis 400 ans.<\/p>\n<p>Avec un miroir primaire de 76mm le Dobson Heritage 76 de SkyWatcher r\u00e9colte 60% de lumi\u00e8re en plus qu&#8217;une lunette de 60mm.<strong>\u00a0Il permet de voir en d\u00e9tails, \u00e0 l&#8217;aide d&#8217;une Barlow ou d&#8217;un oculaire courte focale, de nombreux d\u00e9tails sur Jupiter, Saturne et la Lune<\/strong>. Il est alors possible pour tout \u00e0 chacun de d\u00e9couvrir les bandes nuageuses sur la plus grande plan\u00e8te du syst\u00e8me solaire, les anneaux de Saturne ! et de nombreux crat\u00e8res sur notre proche satellite. Un \u00e9merveillement \u00e0 chaque observation pour toute la famille !<\/p>\n<p>Sa conception de type Newton offre plusieurs avantages par rapport aux autres familles d&#8217;instruments (lunettes et t\u00e9lescopes Cassegrain). La fabrication tout d&#8217;abord des miroirs est plus \u00e9conomique \u00e0 diam\u00e8tre \u00e9gal et son rapport de focale est g\u00e9n\u00e9ralement plus faible (donc focale plus courte et champ plus important avec un m\u00eame oculaire). Point important il dispose d&#8217;un &#8220;vrai&#8221; porte oculaire 31.75mm, comme les grands t\u00e9lescopes. Pas de souci pour atteindre la nettet\u00e9 avec les oculaires fournis ou optionnels.<strong>\u00a0A la fois beau, performant et pratique, nul doute que le Sky-Watcher Heritage 76mm vous plaira et vous fera appr\u00e9cier l&#8217;Astronomie !<\/strong><\/p>\n<p>&nbsp;<\/p>\n<p>&nbsp;<\/p>\n<h2>\u00c9L\u00c9MENTS LIVR\u00c9S<\/h2>\n<p>&nbsp;<\/p>\n<ul>\n<li>1 tube optique Newton Sky-Watcher Heritage 76mm<\/li>\n<li>1 Monture Dobson en bois<\/li>\n<li>2 oculaires coulant 31.75mm : Super 10mm et Super 25mm<\/li>\n<li>1 chercheur 5&#215;24<\/li>\n<li>Manuel d&#8217;utilisation en fran\u00e7ais<\/li>\n<\/ul>\n<p>&nbsp;<\/p>\n<p>&nbsp;<\/p>\n","protected":false},"featured_media":10005,"template":"","meta":{"_editorskit_title_hidden":false,"_editorskit_reading_time":0,"_editorskit_is_block_options_detached":false,"_editorskit_block_options_position":"{}","_coblocks_attr":"","_coblocks_dimensions":"","_coblocks_responsive_height":"","_coblocks_accordion_ie_support":"","_crdt_document":"","_monsterinsights_skip_tracking":false,"_monsterinsights_sitenote_active":false,"_monsterinsights_sitenote_note":"","_monsterinsights_sitenote_category":0},"product_brand":[],"product_cat":[22],"product_tag":[],"class_list":{"0":"post-10003","1":"product","2":"type-product","3":"status-publish","4":"has-post-thumbnail","6":"product_cat-telescopes","8":"first","9":"instock","10":"shipping-taxable","11":"purchasable","12":"product-type-simple"},"yoast_head":"<!-- This site is optimized with the Yoast SEO plugin v27.3 - https:\/\/yoast.com\/product\/yoast-seo-wordpress\/ -->\n<title>Dobson Sky-Watcher 76300 Heritage - Astroshop Maroc<\/title>\n<meta name=\"robots\" content=\"index, follow, max-snippet:-1, max-image-preview:large, max-video-preview:-1\" \/>\n<link rel=\"canonical\" href=\"https:\/\/astroshop.ma\/?product=dobson-sky-watcher-76300-heritage\" \/>\n<meta property=\"og:locale\" content=\"en_US\" \/>\n<meta property=\"og:type\" content=\"article\" \/>\n<meta property=\"og:title\" content=\"Dobson Sky-Watcher 76300 Heritage - Astroshop Maroc\" \/>\n<meta property=\"og:description\" content=\"A la d\u00e9couverte du ciel ! &quot;Petit fr\u00e8re&quot; du tr\u00e8s appr\u00e9ci\u00e9 Heritage 130mm, le 76mm est le t\u00e9lescope id\u00e9al pour d\u00e9buter. A la fois joli, maniable et simple d&#039;utilisation c&#039;est le cadeau parfait pour d\u00e9buter en Astronomie. Tant pour un enfant que pour un adulte. Son prix tr\u00e8s attractif est un argument suppl\u00e9mentaire pour vous lancer enfin dans la d\u00e9couverte du ciel et de ses merveilles.\u00a0Avec son diam\u00e8tre de 76mm, c&#039;est un &quot;petit&quot; t\u00e9lescope, capable de montrer de nombreux d\u00e9tails sur la Lune et les principales plan\u00e8tes du syst\u00e8me solaire Jupiter et Saturne.  C&#039;est \u00e0 l&#039;occasion de l&#039;ann\u00e9e mondiale de l&#039;Astronomie en 2009 pour l&#039;anniversaire de la premi\u00e8re utilisation d&#039;une lunette astronomique par Galileo Galilei que Sky-Watcher a cr\u00e9\u00e9 cet instrument, pour inviter un maximum de personnes \u00e0 d\u00e9couvrir les plaisirs de l&#039;observation du ciel. Outre son aspect pratique, son style est aussi particulier.\u00a0C&#039;est non seulement un instrument optique de qualit\u00e9 mais un superbe cadeau \u00e0 offrir, une pi\u00e8ce de d\u00e9coration le jour sur un bureau par exemple. Le tube optique en aluminium comporte un joli fond bleut\u00e9 et des inscriptions du nom de personnages c\u00e9l\u00e8bres ayant contribu\u00e9s au d\u00e9veloppement de l&#039;Astronomie depuis 400 ans.  Avec un miroir primaire de 76mm le Dobson Heritage 76 de SkyWatcher r\u00e9colte 60% de lumi\u00e8re en plus qu&#039;une lunette de 60mm.\u00a0Il permet de voir en d\u00e9tails, \u00e0 l&#039;aide d&#039;une Barlow ou d&#039;un oculaire courte focale, de nombreux d\u00e9tails sur Jupiter, Saturne et la Lune. Il est alors possible pour tout \u00e0 chacun de d\u00e9couvrir les bandes nuageuses sur la plus grande plan\u00e8te du syst\u00e8me solaire, les anneaux de Saturne ! et de nombreux crat\u00e8res sur notre proche satellite. Un \u00e9merveillement \u00e0 chaque observation pour toute la famille !  Sa conception de type Newton offre plusieurs avantages par rapport aux autres familles d&#039;instruments (lunettes et t\u00e9lescopes Cassegrain). La fabrication tout d&#039;abord des miroirs est plus \u00e9conomique \u00e0 diam\u00e8tre \u00e9gal et son rapport de focale est g\u00e9n\u00e9ralement plus faible (donc focale plus courte et champ plus important avec un m\u00eame oculaire). Point important il dispose d&#039;un &quot;vrai&quot; porte oculaire 31.75mm, comme les grands t\u00e9lescopes. Pas de souci pour atteindre la nettet\u00e9 avec les oculaires fournis ou optionnels.\u00a0A la fois beau, performant et pratique, nul doute que le Sky-Watcher Heritage 76mm vous plaira et vous fera appr\u00e9cier l&#039;Astronomie !  &nbsp;  &nbsp; \u00c9L\u00c9MENTS LIVR\u00c9S &nbsp;   1 tube optique Newton Sky-Watcher Heritage 76mm  1 Monture Dobson en bois  2 oculaires coulant 31.75mm : Super 10mm et Super 25mm  1 chercheur 5x24  Manuel d&#039;utilisation en fran\u00e7ais  &nbsp;  &nbsp;\" \/>\n<meta property=\"og:url\" content=\"https:\/\/astroshop.ma\/?product=dobson-sky-watcher-76300-heritage\" \/>\n<meta property=\"og:site_name\" content=\"Astroshop Maroc\" \/>\n<meta property=\"article:modified_time\" content=\"2024-10-04T10:04:15+00:00\" \/>\n<meta property=\"og:image\" content=\"https:\/\/astroshop.ma\/wp-content\/uploads\/2024\/08\/SW0267-1x1200-1.jpg\" \/>\n\t<meta property=\"og:image:width\" content=\"1200\" \/>\n\t<meta property=\"og:image:height\" content=\"1200\" \/>\n\t<meta property=\"og:image:type\" content=\"image\/jpeg\" \/>\n<meta name=\"twitter:card\" content=\"summary_large_image\" \/>\n<script type=\"application\/ld+json\" class=\"yoast-schema-graph\">{\"@context\":\"https:\\\/\\\/schema.org\",\"@graph\":[{\"@type\":\"WebPage\",\"@id\":\"https:\\\/\\\/astroshop.ma\\\/?product=dobson-sky-watcher-76300-heritage\",\"url\":\"https:\\\/\\\/astroshop.ma\\\/?product=dobson-sky-watcher-76300-heritage\",\"name\":\"Dobson Sky-Watcher 76300 Heritage - Astroshop Maroc\",\"isPartOf\":{\"@id\":\"https:\\\/\\\/astroshop.ma\\\/#website\"},\"primaryImageOfPage\":{\"@id\":\"https:\\\/\\\/astroshop.ma\\\/?product=dobson-sky-watcher-76300-heritage#primaryimage\"},\"image\":{\"@id\":\"https:\\\/\\\/astroshop.ma\\\/?product=dobson-sky-watcher-76300-heritage#primaryimage\"},\"thumbnailUrl\":\"https:\\\/\\\/astroshop.ma\\\/wp-content\\\/uploads\\\/2024\\\/08\\\/SW0267-1x1200-1.jpg\",\"datePublished\":\"2024-08-12T10:09:08+00:00\",\"dateModified\":\"2024-10-04T10:04:15+00:00\",\"breadcrumb\":{\"@id\":\"https:\\\/\\\/astroshop.ma\\\/?product=dobson-sky-watcher-76300-heritage#breadcrumb\"},\"inLanguage\":\"en-US\",\"potentialAction\":[{\"@type\":\"ReadAction\",\"target\":[\"https:\\\/\\\/astroshop.ma\\\/?product=dobson-sky-watcher-76300-heritage\"]}]},{\"@type\":\"ImageObject\",\"inLanguage\":\"en-US\",\"@id\":\"https:\\\/\\\/astroshop.ma\\\/?product=dobson-sky-watcher-76300-heritage#primaryimage\",\"url\":\"https:\\\/\\\/astroshop.ma\\\/wp-content\\\/uploads\\\/2024\\\/08\\\/SW0267-1x1200-1.jpg\",\"contentUrl\":\"https:\\\/\\\/astroshop.ma\\\/wp-content\\\/uploads\\\/2024\\\/08\\\/SW0267-1x1200-1.jpg\",\"width\":1200,\"height\":1200,\"caption\":\"CREATOR: gd-jpeg v1.0 (using IJG JPEG v80), quality = 90\"},{\"@type\":\"BreadcrumbList\",\"@id\":\"https:\\\/\\\/astroshop.ma\\\/?product=dobson-sky-watcher-76300-heritage#breadcrumb\",\"itemListElement\":[{\"@type\":\"ListItem\",\"position\":1,\"name\":\"Home\",\"item\":\"https:\\\/\\\/astroshop.ma\\\/\"},{\"@type\":\"ListItem\",\"position\":2,\"name\":\"Shop\",\"item\":\"https:\\\/\\\/astroshop.ma\\\/?page_id=394\"},{\"@type\":\"ListItem\",\"position\":3,\"name\":\"Dobson Sky-Watcher 76300 Heritage\"}]},{\"@type\":\"WebSite\",\"@id\":\"https:\\\/\\\/astroshop.ma\\\/#website\",\"url\":\"https:\\\/\\\/astroshop.ma\\\/\",\"name\":\"Astroshop Maroc\",\"description\":\"Des instruments astronomiques pour chaque astronome au Maroc\",\"publisher\":{\"@id\":\"https:\\\/\\\/astroshop.ma\\\/#organization\"},\"potentialAction\":[{\"@type\":\"SearchAction\",\"target\":{\"@type\":\"EntryPoint\",\"urlTemplate\":\"https:\\\/\\\/astroshop.ma\\\/?s={search_term_string}\"},\"query-input\":{\"@type\":\"PropertyValueSpecification\",\"valueRequired\":true,\"valueName\":\"search_term_string\"}}],\"inLanguage\":\"en-US\"},{\"@type\":\"Organization\",\"@id\":\"https:\\\/\\\/astroshop.ma\\\/#organization\",\"name\":\"Astroshop Maroc\",\"url\":\"https:\\\/\\\/astroshop.ma\\\/\",\"logo\":{\"@type\":\"ImageObject\",\"inLanguage\":\"en-US\",\"@id\":\"https:\\\/\\\/astroshop.ma\\\/#\\\/schema\\\/logo\\\/image\\\/\",\"url\":\"https:\\\/\\\/astroshop.ma\\\/wp-content\\\/uploads\\\/2025\\\/12\\\/M20_Logo_1.jpg\",\"contentUrl\":\"https:\\\/\\\/astroshop.ma\\\/wp-content\\\/uploads\\\/2025\\\/12\\\/M20_Logo_1.jpg\",\"width\":501,\"height\":334,\"caption\":\"Astroshop Maroc\"},\"image\":{\"@id\":\"https:\\\/\\\/astroshop.ma\\\/#\\\/schema\\\/logo\\\/image\\\/\"}}]}<\/script>\n<!-- \/ Yoast SEO plugin. -->","yoast_head_json":{"title":"Dobson Sky-Watcher 76300 Heritage - Astroshop Maroc","robots":{"index":"index","follow":"follow","max-snippet":"max-snippet:-1","max-image-preview":"max-image-preview:large","max-video-preview":"max-video-preview:-1"},"canonical":"https:\/\/astroshop.ma\/?product=dobson-sky-watcher-76300-heritage","og_locale":"en_US","og_type":"article","og_title":"Dobson Sky-Watcher 76300 Heritage - Astroshop Maroc","og_description":"A la d\u00e9couverte du ciel ! \"Petit fr\u00e8re\" du tr\u00e8s appr\u00e9ci\u00e9 Heritage 130mm, le 76mm est le t\u00e9lescope id\u00e9al pour d\u00e9buter. A la fois joli, maniable et simple d'utilisation c'est le cadeau parfait pour d\u00e9buter en Astronomie. Tant pour un enfant que pour un adulte. Son prix tr\u00e8s attractif est un argument suppl\u00e9mentaire pour vous lancer enfin dans la d\u00e9couverte du ciel et de ses merveilles.\u00a0Avec son diam\u00e8tre de 76mm, c'est un \"petit\" t\u00e9lescope, capable de montrer de nombreux d\u00e9tails sur la Lune et les principales plan\u00e8tes du syst\u00e8me solaire Jupiter et Saturne.  C'est \u00e0 l'occasion de l'ann\u00e9e mondiale de l'Astronomie en 2009 pour l'anniversaire de la premi\u00e8re utilisation d'une lunette astronomique par Galileo Galilei que Sky-Watcher a cr\u00e9\u00e9 cet instrument, pour inviter un maximum de personnes \u00e0 d\u00e9couvrir les plaisirs de l'observation du ciel. Outre son aspect pratique, son style est aussi particulier.\u00a0C'est non seulement un instrument optique de qualit\u00e9 mais un superbe cadeau \u00e0 offrir, une pi\u00e8ce de d\u00e9coration le jour sur un bureau par exemple. Le tube optique en aluminium comporte un joli fond bleut\u00e9 et des inscriptions du nom de personnages c\u00e9l\u00e8bres ayant contribu\u00e9s au d\u00e9veloppement de l'Astronomie depuis 400 ans.  Avec un miroir primaire de 76mm le Dobson Heritage 76 de SkyWatcher r\u00e9colte 60% de lumi\u00e8re en plus qu'une lunette de 60mm.\u00a0Il permet de voir en d\u00e9tails, \u00e0 l'aide d'une Barlow ou d'un oculaire courte focale, de nombreux d\u00e9tails sur Jupiter, Saturne et la Lune. Il est alors possible pour tout \u00e0 chacun de d\u00e9couvrir les bandes nuageuses sur la plus grande plan\u00e8te du syst\u00e8me solaire, les anneaux de Saturne ! et de nombreux crat\u00e8res sur notre proche satellite. Un \u00e9merveillement \u00e0 chaque observation pour toute la famille !  Sa conception de type Newton offre plusieurs avantages par rapport aux autres familles d'instruments (lunettes et t\u00e9lescopes Cassegrain). La fabrication tout d'abord des miroirs est plus \u00e9conomique \u00e0 diam\u00e8tre \u00e9gal et son rapport de focale est g\u00e9n\u00e9ralement plus faible (donc focale plus courte et champ plus important avec un m\u00eame oculaire). Point important il dispose d'un \"vrai\" porte oculaire 31.75mm, comme les grands t\u00e9lescopes. Pas de souci pour atteindre la nettet\u00e9 avec les oculaires fournis ou optionnels.\u00a0A la fois beau, performant et pratique, nul doute que le Sky-Watcher Heritage 76mm vous plaira et vous fera appr\u00e9cier l'Astronomie !  &nbsp;  &nbsp; \u00c9L\u00c9MENTS LIVR\u00c9S &nbsp;   1 tube optique Newton Sky-Watcher Heritage 76mm  1 Monture Dobson en bois  2 oculaires coulant 31.75mm : Super 10mm et Super 25mm  1 chercheur 5x24  Manuel d'utilisation en fran\u00e7ais  &nbsp;  &nbsp;","og_url":"https:\/\/astroshop.ma\/?product=dobson-sky-watcher-76300-heritage","og_site_name":"Astroshop Maroc","article_modified_time":"2024-10-04T10:04:15+00:00","og_image":[{"width":1200,"height":1200,"url":"https:\/\/astroshop.ma\/wp-content\/uploads\/2024\/08\/SW0267-1x1200-1.jpg","type":"image\/jpeg"}],"twitter_card":"summary_large_image","schema":{"@context":"https:\/\/schema.org","@graph":[{"@type":"WebPage","@id":"https:\/\/astroshop.ma\/?product=dobson-sky-watcher-76300-heritage","url":"https:\/\/astroshop.ma\/?product=dobson-sky-watcher-76300-heritage","name":"Dobson Sky-Watcher 76300 Heritage - Astroshop Maroc","isPartOf":{"@id":"https:\/\/astroshop.ma\/#website"},"primaryImageOfPage":{"@id":"https:\/\/astroshop.ma\/?product=dobson-sky-watcher-76300-heritage#primaryimage"},"image":{"@id":"https:\/\/astroshop.ma\/?product=dobson-sky-watcher-76300-heritage#primaryimage"},"thumbnailUrl":"https:\/\/astroshop.ma\/wp-content\/uploads\/2024\/08\/SW0267-1x1200-1.jpg","datePublished":"2024-08-12T10:09:08+00:00","dateModified":"2024-10-04T10:04:15+00:00","breadcrumb":{"@id":"https:\/\/astroshop.ma\/?product=dobson-sky-watcher-76300-heritage#breadcrumb"},"inLanguage":"en-US","potentialAction":[{"@type":"ReadAction","target":["https:\/\/astroshop.ma\/?product=dobson-sky-watcher-76300-heritage"]}]},{"@type":"ImageObject","inLanguage":"en-US","@id":"https:\/\/astroshop.ma\/?product=dobson-sky-watcher-76300-heritage#primaryimage","url":"https:\/\/astroshop.ma\/wp-content\/uploads\/2024\/08\/SW0267-1x1200-1.jpg","contentUrl":"https:\/\/astroshop.ma\/wp-content\/uploads\/2024\/08\/SW0267-1x1200-1.jpg","width":1200,"height":1200,"caption":"CREATOR: gd-jpeg v1.0 (using IJG JPEG v80), quality = 90"},{"@type":"BreadcrumbList","@id":"https:\/\/astroshop.ma\/?product=dobson-sky-watcher-76300-heritage#breadcrumb","itemListElement":[{"@type":"ListItem","position":1,"name":"Home","item":"https:\/\/astroshop.ma\/"},{"@type":"ListItem","position":2,"name":"Shop","item":"https:\/\/astroshop.ma\/?page_id=394"},{"@type":"ListItem","position":3,"name":"Dobson Sky-Watcher 76300 Heritage"}]},{"@type":"WebSite","@id":"https:\/\/astroshop.ma\/#website","url":"https:\/\/astroshop.ma\/","name":"Astroshop Maroc","description":"Des instruments astronomiques pour chaque astronome au Maroc","publisher":{"@id":"https:\/\/astroshop.ma\/#organization"},"potentialAction":[{"@type":"SearchAction","target":{"@type":"EntryPoint","urlTemplate":"https:\/\/astroshop.ma\/?s={search_term_string}"},"query-input":{"@type":"PropertyValueSpecification","valueRequired":true,"valueName":"search_term_string"}}],"inLanguage":"en-US"},{"@type":"Organization","@id":"https:\/\/astroshop.ma\/#organization","name":"Astroshop Maroc","url":"https:\/\/astroshop.ma\/","logo":{"@type":"ImageObject","inLanguage":"en-US","@id":"https:\/\/astroshop.ma\/#\/schema\/logo\/image\/","url":"https:\/\/astroshop.ma\/wp-content\/uploads\/2025\/12\/M20_Logo_1.jpg","contentUrl":"https:\/\/astroshop.ma\/wp-content\/uploads\/2025\/12\/M20_Logo_1.jpg","width":501,"height":334,"caption":"Astroshop Maroc"},"image":{"@id":"https:\/\/astroshop.ma\/#\/schema\/logo\/image\/"}}]}},"_links":{"self":[{"href":"https:\/\/astroshop.ma\/index.php?rest_route=\/wp\/v2\/product\/10003","targetHints":{"allow":["GET"]}}],"collection":[{"href":"https:\/\/astroshop.ma\/index.php?rest_route=\/wp\/v2\/product"}],"about":[{"href":"https:\/\/astroshop.ma\/index.php?rest_route=\/wp\/v2\/types\/product"}],"wp:featuredmedia":[{"embeddable":true,"href":"https:\/\/astroshop.ma\/index.php?rest_route=\/wp\/v2\/media\/10005"}],"wp:attachment":[{"href":"https:\/\/astroshop.ma\/index.php?rest_route=%2Fwp%2Fv2%2Fmedia&parent=10003"}],"wp:term":[{"taxonomy":"product_brand","embeddable":true,"href":"https:\/\/astroshop.ma\/index.php?rest_route=%2Fwp%2Fv2%2Fproduct_brand&post=10003"},{"taxonomy":"product_cat","embeddable":true,"href":"https:\/\/astroshop.ma\/index.php?rest_route=%2Fwp%2Fv2%2Fproduct_cat&post=10003"},{"taxonomy":"product_tag","embeddable":true,"href":"https:\/\/astroshop.ma\/index.php?rest_route=%2Fwp%2Fv2%2Fproduct_tag&post=10003"}],"curies":[{"name":"wp","href":"https:\/\/api.w.org\/{rel}","templated":true}]}}